{"id":40009,"date":"2024-08-21T08:20:42","date_gmt":"2024-08-21T11:20:42","guid":{"rendered":"https:\/\/www.ufsm.br\/pro-reitorias\/progep\/?page_id=40009"},"modified":"2024-08-21T08:22:08","modified_gmt":"2024-08-21T11:22:08","slug":"sobre-o-pgd","status":"publish","type":"page","link":"https:\/\/www.ufsm.br\/pro-reitorias\/progep\/sobre-o-pgd","title":{"rendered":"Sobre o PGD"},"content":{"rendered":"\t\t<div data-elementor-type=\"wp-page\" data-elementor-id=\"40009\" class=\"elementor elementor-40009\">\n\t\t\t\t\t\t<section class=\"elementor-section elementor-top-section elementor-element elementor-element-e488335 elementor-section-boxed elementor-section-height-default elementor-section-height-default\" data-id=\"e488335\" data-element_type=\"section\">\n\t\t\t\t\t\t<div class=\"elementor-container elementor-column-gap-default\">\n\t\t\t\t\t<div class=\"elementor-column elementor-col-100 elementor-top-column elementor-element elementor-element-ad80142\" data-id=\"ad80142\" data-element_type=\"column\">\n\t\t\t<div class=\"elementor-widget-wrap elementor-element-populated\">\n\t\t\t\t\t\t<div class=\"elementor-element elementor-element-eac88fd elementor-widget elementor-widget-accordion\" data-id=\"eac88fd\" data-element_type=\"widget\" data-widget_type=\"accordion.default\">\n\t\t\t\t<div class=\"elementor-widget-container\">\n\t\t\t\t\t<div class=\"elementor-accordion\">\n\t\t\t\t\t\t\t<div class=\"elementor-accordion-item\">\n\t\t\t\t\t<div id=\"elementor-tab-title-2461\" class=\"elementor-tab-title\" data-tab=\"1\" role=\"button\" aria-controls=\"elementor-tab-content-2461\" aria-expanded=\"false\">\n\t\t\t\t\t\t\t\t\t\t\t\t\t<span class=\"elementor-accordion-icon elementor-accordion-icon-left\" aria-hidden=\"true\">\n\t\t\t\t\t\t\t\t\t\t\t\t\t\t\t<span class=\"elementor-accordion-icon-closed\"><i class=\"fas fa-plus\"><\/i><\/span>\n\t\t\t\t\t\t\t\t<span class=\"elementor-accordion-icon-opened\"><i class=\"fas fa-minus\"><\/i><\/span>\n\t\t\t\t\t\t\t\t\t\t\t\t\t\t<\/span>\n\t\t\t\t\t\t\t\t\t\t\t\t<a class=\"elementor-accordion-title\" tabindex=\"0\">O Programa<\/a>\n\t\t\t\t\t<\/div>\n\t\t\t\t\t<div id=\"elementor-tab-content-2461\" class=\"elementor-tab-content elementor-clearfix\" data-tab=\"1\" role=\"region\" aria-labelledby=\"elementor-tab-title-2461\"><p style=\"color: #000000;font-size: 16px\">O\u00a0<span style=\"font-weight: bolder\">Programa de Gest\u00e3o e Desempenho &#8211; PGD<\/span>\u00a0\u00e9 instrumento de gest\u00e3o que disciplina o desenvolvimento e a\u00a0<span style=\"color: #000000;font-size: 1rem;background-color: var(--bs-body-bg);text-align: var(--bs-body-text-align)\">mensura\u00e7\u00e3o das atividades realizadas pelos seus participantes, com foco na entrega por resultados e na\u00a0<\/span><span style=\"color: #000000;font-size: 1rem;background-color: var(--bs-body-bg);text-align: var(--bs-body-text-align)\">qualidade dos servi\u00e7os prestados \u00e0 sociedade.\u00a0<\/span><\/p><p style=\"color: #000000;font-size: 16px\"><span style=\"background-color: var(--bs-body-bg);text-align: var(--bs-body-text-align);font-weight: var( --e-global-typography-text-font-weight )\">As autoridades m\u00e1ximas das entidades poder\u00e3o autorizar a institui\u00e7\u00e3o do PGD para o exerc\u00edcio de atividades que ser\u00e3o avaliadas em fun\u00e7\u00e3o da efetividade e da qualidade das entregas.\u00a0<\/span><\/p><p style=\"color: #000000;font-size: 16px\"><span style=\"font-size: 16px;text-align: var(--bs-body-text-align);background-color: var(--bs-body-bg)\">De acordo com o<a style=\"color: #204c90\" href=\"https:\/\/www.planalto.gov.br\/ccivil_03\/_Ato2019-2022\/2022\/Decreto\/D11072.htm\">\u00a0Decreto n\u00ba 11.072\/2022<\/a>, o<\/span><span style=\"font-size: 1rem;background-color: var(--bs-body-bg);text-align: var(--bs-body-text-align)\">\u00a0PGD poder\u00e1 ser adotado nas seguintes modalidades:<\/span><\/p><p style=\"color: #000000;font-size: 16px\">I &#8211; presencial; ou<br \/>II &#8211; teletrabalho.<\/p><p><strong>\u27a1<a href=\"https:\/\/www.ufsm.br\/app\/uploads\/sites\/350\/2023\/09\/Cards_PGD-1.pdf\">Clique aqui <\/a>e confira o Card Informativo elaborado e publicado pela\u00a0<span style=\"color: #000000;font-size: 16px;text-align: var(--bs-body-text-align)\">Comiss\u00e3o de Implementa\u00e7\u00e3o e Acompanhamento do Programa de Gest\u00e3o e Desempenho (CIAPGD) na UFSM em 29\/09\/2023.<\/span><\/strong><\/p><p style=\"color: #000000;font-size: 16px\"><span style=\"color: #000000;font-size: 1rem;background-color: var(--bs-body-bg);text-align: var(--bs-body-text-align)\">A institui\u00e7\u00e3o do PDG na Universidade Federal de Santa Maria foi avaliada preliminarmente pela Comiss\u00e3o designada pela\u00a0<a style=\"color: #204c90\" href=\"https:\/\/portal.ufsm.br\/documentos\/publico\/documento.html?id=14201586\">Portaria de Pessoal UFSM N. 1.405 de 08 de junho de 2022<\/a>, a qual foi composta por representantes do Gabinete do Reitor (GR), Pr\u00f3-Reitoria de Gest\u00e3o de Pessoas (Progep) ,\u00a0<\/span><span style=\"color: #000000;font-size: 1rem;background-color: var(--bs-body-bg);text-align: var(--bs-body-text-align)\">Associa\u00e7\u00e3o dos Servidores da Universidade Federal de Santa Maria (Assufsm),\u00a0<\/span><span style=\"color: #000000;font-size: 1rem;background-color: var(--bs-body-bg);text-align: var(--bs-body-text-align)\">Se\u00e7\u00e3o Sindical dos T\u00e9cnicos de N\u00edvel Superior da UFSM (Atens) e\u00a0<\/span><span style=\"color: #000000;font-size: 1rem;background-color: var(--bs-body-bg);text-align: var(--bs-body-text-align)\">Sindicato Nacional dos Servidores Federais da Educa\u00e7\u00e3o B\u00e1sica,\u00a0<\/span><span style=\"color: #000000;font-size: 1rem;background-color: var(--bs-body-bg);text-align: var(--bs-body-text-align)\">Profissional e Tecnol\u00f3gica \u2013 SM (Sinasefe). A referida comiss\u00e3o a<\/span><span style=\"color: #000000;font-size: 16px;font-weight: var( --e-global-typography-text-font-weight );text-align: var(--bs-body-text-align)\">tuou no per\u00edodo de 29\/06\/2022 a 31\/10\/2022,\u00a0<\/span><span style=\"color: #000000;font-family: Arial, sans-serif;font-size: 12pt;font-weight: var( --e-global-typography-text-font-weight );text-align: var(--bs-body-text-align)\">realizando a\u00a0<\/span><span style=\"color: #000000;font-family: Arial, sans-serif;font-size: 12pt;font-weight: var( --e-global-typography-text-font-weight );text-align: var(--bs-body-text-align)\">avalia\u00e7\u00e3o das normativas\u00a0<\/span><span style=\"color: #000000;font-family: Arial, sans-serif;font-size: 12pt;font-weight: var( --e-global-typography-text-font-weight );text-align: var(--bs-body-text-align)\">sobre o Programa de Gest\u00e3o e Desempenho (PGD), orientando os servidores da\u00a0<\/span><span style=\"color: #000000;font-family: Arial, sans-serif;font-size: 12pt;font-weight: var( --e-global-typography-text-font-weight );text-align: var(--bs-body-text-align)\">Institui\u00e7\u00e3o sobre o assunto\u00a0 e subsidiando a atual gest\u00e3o da UFSM sobre a\u00a0<\/span><span style=\"color: #000000;font-family: Arial, sans-serif;font-size: 12pt;font-weight: var( --e-global-typography-text-font-weight );text-align: var(--bs-body-text-align)\">possibilidade ou n\u00e3o de ades\u00e3o ao Programa, bem como seus impactos.\u00a0<\/span><span style=\"color: #000000;font-family: Arial, sans-serif;font-size: 12pt;font-weight: var( --e-global-typography-text-font-weight );text-align: var(--bs-body-text-align)\">Considerando o trabalho desempenhado,\u00a0<\/span><span style=\"color: #000000;font-family: Arial, sans-serif;font-size: 12pt;font-weight: var( --e-global-typography-text-font-weight );text-align: var(--bs-body-text-align)\">especialmente, os resultados obtidos junto \u00e0 consulta p\u00fablica realizada com os servidores t\u00e9cnico-administrativos em educa\u00e7\u00e3o da UFSM, a comiss\u00e3o tempor\u00e1ria indicou<\/span><span style=\"color: #000000;font-family: Arial, sans-serif;font-size: 12pt;font-weight: var( --e-global-typography-text-font-weight );text-align: var(--bs-body-text-align)\">\u00a0\u00e0 Gest\u00e3o da UFSM que <\/span><span style=\"color: #000000;font-family: Arial, sans-serif;font-size: 12pt;text-align: var(--bs-body-text-align)\">a ades\u00e3o\u00a0<\/span><span style=\"color: #000000;font-family: Arial, sans-serif;font-size: 12pt;text-align: var(--bs-body-text-align)\">ao Programa de Gest\u00e3o e Desempenho (PGD) deve ter continuidade na institui\u00e7\u00e3o.<\/span><\/p><p style=\"color: #000000;font-size: 16px\">Em 10 de maio de 2023, foi institu\u00edda, pela <a href=\"https:\/\/www.ufsm.br\/app\/uploads\/sites\/341\/2023\/06\/Portaria-Normativa-062.2023-UFSM-Criacao-Comissao.pdf\">Portaria Normativa UFSM N. 062<\/a>,\u00a0 a Comiss\u00e3o de Implementa\u00e7\u00e3o e Acompanhamento do Programa de Gest\u00e3o e Desempenho (CIAPGD) na UFSM, com o objetivo de propor normas e crit\u00e9rios para a ado\u00e7\u00e3o e acompanhamento do Programa de Gest\u00e3o e Desempenho na UFSM. A referida comiss\u00e3o est\u00e1 composta por membros do Gabinete do Reitor (GR), da Pr\u00f3-Reitoria de Gest\u00e3o de Pessoas (Progep), da Pr\u00f3-Reitoria de Planejamento (Proplan), do Centro de Processamento de Dados (CPD) e da Dire\u00e7\u00e3o das Unidades de Ensino. Os membros da CIAPGD foram designados pela <a href=\"https:\/\/www.ufsm.br\/app\/uploads\/sites\/341\/2023\/06\/Portaria-de-Pessoal-1166.2023-Designacao-dos-Membros.pdf\">Portaria de Pessoal UFSM N. 1.166, de 18 de maio de 2023<\/a>.\u00a0<\/p><p style=\"color: #000000;font-size: 16px\"><span style=\"color: #000000;font-size: 16px;font-weight: var( --e-global-typography-text-font-weight );text-align: var(--bs-body-text-align)\">Nesta p\u00e1gina, \u00e9 poss\u00edvel conferir:<\/span><\/p><ul style=\"color: #000000;font-size: 16px\"><li>As legisla\u00e7\u00f5es existentes sobre o tema, na Se\u00e7\u00e3o Legisla\u00e7\u00e3o;<\/li><li>Perguntas e Respostas;<\/li><li>V\u00eddeo da live realizada pela Comiss\u00e3o Tempor\u00e1ria;<\/li><li>Resultado da Consulta P\u00fablica realizada com os servidores;<\/li><li>Atas das reuni\u00f5es realizadas pelas Comiss\u00f5es.<\/li><\/ul><\/div>\n\t\t\t\t<\/div>\n\t\t\t\t\t\t\t<div class=\"elementor-accordion-item\">\n\t\t\t\t\t<div id=\"elementor-tab-title-2462\" class=\"elementor-tab-title\" data-tab=\"2\" role=\"button\" aria-controls=\"elementor-tab-content-2462\" aria-expanded=\"false\">\n\t\t\t\t\t\t\t\t\t\t\t\t\t<span class=\"elementor-accordion-icon elementor-accordion-icon-left\" aria-hidden=\"true\">\n\t\t\t\t\t\t\t\t\t\t\t\t\t\t\t<span class=\"elementor-accordion-icon-closed\"><i class=\"fas fa-plus\"><\/i><\/span>\n\t\t\t\t\t\t\t\t<span class=\"elementor-accordion-icon-opened\"><i class=\"fas fa-minus\"><\/i><\/span>\n\t\t\t\t\t\t\t\t\t\t\t\t\t\t<\/span>\n\t\t\t\t\t\t\t\t\t\t\t\t<a class=\"elementor-accordion-title\" tabindex=\"0\">Linha do tempo<\/a>\n\t\t\t\t\t<\/div>\n\t\t\t\t\t<div id=\"elementor-tab-content-2462\" class=\"elementor-tab-content elementor-clearfix\" data-tab=\"2\" role=\"region\" aria-labelledby=\"elementor-tab-title-2462\"><img fetchpriority=\"high\" decoding=\"async\" class=\"alignnone size-full wp-image-34317\" src=\"https:\/\/www.ufsm.br\/app\/uploads\/sites\/341\/2022\/09\/Infografico-Programa-de-Gestao-Consulta-Publica-atualizado.jpg\" alt=\"\" width=\"971\" height=\"661\" srcset=\"https:\/\/www.ufsm.br\/app\/uploads\/sites\/341\/2022\/09\/Infografico-Programa-de-Gestao-Consulta-Publica-atualizado.jpg 971w, https:\/\/www.ufsm.br\/app\/uploads\/sites\/341\/2022\/09\/Infografico-Programa-de-Gestao-Consulta-Publica-atualizado-300x204.jpg 300w, https:\/\/www.ufsm.br\/app\/uploads\/sites\/341\/2022\/09\/Infografico-Programa-de-Gestao-Consulta-Publica-atualizado-768x523.jpg 768w\" sizes=\"(max-width: 971px) 100vw, 971px\" \/><\/div>\n\t\t\t\t<\/div>\n\t\t\t\t\t\t\t\t<\/div>\n\t\t\t\t<\/div>\n\t\t\t\t<\/div>\n\t\t\t\t\t<\/div>\n\t\t<\/div>\n\t\t\t\t\t<\/div>\n\t\t<\/section>\n\t\t\t\t<\/div>\n\t\t","protected":false},"excerpt":{"rendered":"<p>O Programa O\u00a0Programa de Gest\u00e3o e Desempenho &#8211; PGD\u00a0\u00e9 instrumento de gest\u00e3o que disciplina o desenvolvimento e a\u00a0mensura\u00e7\u00e3o das atividades realizadas pelos seus participantes, com foco na entrega por resultados e na\u00a0qualidade dos servi\u00e7os prestados \u00e0 sociedade.\u00a0 As autoridades m\u00e1ximas das entidades poder\u00e3o autorizar a institui\u00e7\u00e3o do PGD para o exerc\u00edcio de atividades que ser\u00e3o [&hellip;]<\/p>\n","protected":false},"author":204,"featured_media":0,"parent":0,"menu_order":0,"comment_status":"closed","ping_status":"closed","template":"","meta":{"footnotes":""},"categories":[],"tags":[],"class_list":["post-40009","page","type-page","status-publish","hentry"],"acf":[],"_links":{"self":[{"href":"https:\/\/www.ufsm.br\/pro-reitorias\/progep\/wp-json\/wp\/v2\/pages\/40009","targetHints":{"allow":["GET"]}}],"collection":[{"href":"https:\/\/www.ufsm.br\/pro-reitorias\/progep\/wp-json\/wp\/v2\/pages"}],"about":[{"href":"https:\/\/www.ufsm.br\/pro-reitorias\/progep\/wp-json\/wp\/v2\/types\/page"}],"author":[{"embeddable":true,"href":"https:\/\/www.ufsm.br\/pro-reitorias\/progep\/wp-json\/wp\/v2\/users\/204"}],"replies":[{"embeddable":true,"href":"https:\/\/www.ufsm.br\/pro-reitorias\/progep\/wp-json\/wp\/v2\/comments?post=40009"}],"version-history":[{"count":0,"href":"https:\/\/www.ufsm.br\/pro-reitorias\/progep\/wp-json\/wp\/v2\/pages\/40009\/revisions"}],"wp:attachment":[{"href":"https:\/\/www.ufsm.br\/pro-reitorias\/progep\/wp-json\/wp\/v2\/media?parent=40009"}],"wp:term":[{"taxonomy":"category","embeddable":true,"href":"https:\/\/www.ufsm.br\/pro-reitorias\/progep\/wp-json\/wp\/v2\/categories?post=40009"},{"taxonomy":"post_tag","embeddable":true,"href":"https:\/\/www.ufsm.br\/pro-reitorias\/progep\/wp-json\/wp\/v2\/tags?post=40009"}],"curies":[{"name":"wp","href":"https:\/\/api.w.org\/{rel}","templated":true}]}}