{"id":42915,"date":"2025-04-29T10:14:57","date_gmt":"2025-04-29T13:14:57","guid":{"rendered":"https:\/\/www.ufsm.br\/pro-reitorias\/progep\/?page_id=42915"},"modified":"2025-11-25T11:23:10","modified_gmt":"2025-11-25T14:23:10","slug":"repositorio-de-conteudos","status":"publish","type":"page","link":"https:\/\/www.ufsm.br\/pro-reitorias\/progep\/repositorio-de-conteudos","title":{"rendered":"Reposit\u00f3rio de Conte\u00fados"},"content":{"rendered":"\t\t<div data-elementor-type=\"wp-page\" data-elementor-id=\"42915\" class=\"elementor elementor-42915\">\n\t\t\t\t\t\t<section class=\"elementor-section elementor-top-section elementor-element elementor-element-3784229 elementor-section-boxed elementor-section-height-default elementor-section-height-default\" data-id=\"3784229\" data-element_type=\"section\">\n\t\t\t\t\t\t<div class=\"elementor-container elementor-column-gap-default\">\n\t\t\t\t\t<div class=\"elementor-column elementor-col-100 elementor-top-column elementor-element elementor-element-f7bce83\" data-id=\"f7bce83\" data-element_type=\"column\">\n\t\t\t<div class=\"elementor-widget-wrap elementor-element-populated\">\n\t\t\t\t\t\t<div class=\"elementor-element elementor-element-793650a elementor-widget elementor-widget-text-editor\" data-id=\"793650a\" data-element_type=\"widget\" data-widget_type=\"text-editor.default\">\n\t\t\t\t<div class=\"elementor-widget-container\">\n\t\t\t\t\t\t\t<p>Neste espa\u00e7o, voc\u00ea encontra conte\u00fados organizados por tipo \u2014 v\u00eddeos, leituras, tutoriais, manuais e sites \u2014 para apoiar a atua\u00e7\u00e3o di\u00e1ria dos gestores e contribuir com o desenvolvimento cont\u00ednuo das lideran\u00e7as na UFSM.<\/p>\t\t\t\t\t\t<\/div>\n\t\t\t\t<\/div>\n\t\t\t\t\t<\/div>\n\t\t<\/div>\n\t\t\t\t\t<\/div>\n\t\t<\/section>\n\t\t\t\t<section class=\"elementor-section elementor-top-section elementor-element elementor-element-88917a3 elementor-section-boxed elementor-section-height-default elementor-section-height-default\" data-id=\"88917a3\" data-element_type=\"section\">\n\t\t\t\t\t\t<div class=\"elementor-container elementor-column-gap-default\">\n\t\t\t\t\t<div class=\"elementor-column elementor-col-100 elementor-top-column elementor-element elementor-element-d281c50\" data-id=\"d281c50\" data-element_type=\"column\">\n\t\t\t<div class=\"elementor-widget-wrap elementor-element-populated\">\n\t\t\t\t\t\t<div class=\"elementor-element elementor-element-1dc04c6 animated-slow elementor-tabs-view-horizontal elementor-invisible elementor-widget elementor-widget-tabs\" data-id=\"1dc04c6\" data-element_type=\"widget\" data-settings=\"{&quot;_animation&quot;:&quot;fadeIn&quot;}\" data-widget_type=\"tabs.default\">\n\t\t\t\t<div class=\"elementor-widget-container\">\n\t\t\t\t\t<div class=\"elementor-tabs\">\n\t\t\t<div class=\"elementor-tabs-wrapper\" role=\"tablist\" >\n\t\t\t\t\t\t\t\t\t<div id=\"elementor-tab-title-3111\" class=\"elementor-tab-title elementor-tab-desktop-title\" aria-selected=\"true\" data-tab=\"1\" role=\"tab\" tabindex=\"0\" aria-controls=\"elementor-tab-content-3111\" aria-expanded=\"false\">V\u00eddeos<\/div>\n\t\t\t\t\t\t\t\t\t<div id=\"elementor-tab-title-3112\" class=\"elementor-tab-title elementor-tab-desktop-title\" aria-selected=\"false\" data-tab=\"2\" role=\"tab\" tabindex=\"-1\" aria-controls=\"elementor-tab-content-3112\" aria-expanded=\"false\">Leituras<\/div>\n\t\t\t\t\t\t\t\t\t<div id=\"elementor-tab-title-3113\" class=\"elementor-tab-title elementor-tab-desktop-title\" aria-selected=\"false\" data-tab=\"3\" role=\"tab\" tabindex=\"-1\" aria-controls=\"elementor-tab-content-3113\" aria-expanded=\"false\">Tutoriais e Manuais<\/div>\n\t\t\t\t\t\t\t\t\t<div id=\"elementor-tab-title-3114\" class=\"elementor-tab-title elementor-tab-desktop-title\" aria-selected=\"false\" data-tab=\"4\" role=\"tab\" tabindex=\"-1\" aria-controls=\"elementor-tab-content-3114\" aria-expanded=\"false\">Sites<\/div>\n\t\t\t\t\t\t\t<\/div>\n\t\t\t<div class=\"elementor-tabs-content-wrapper\" role=\"tablist\" aria-orientation=\"vertical\">\n\t\t\t\t\t\t\t\t\t<div class=\"elementor-tab-title elementor-tab-mobile-title\" aria-selected=\"true\" data-tab=\"1\" role=\"tab\" tabindex=\"0\" aria-controls=\"elementor-tab-content-3111\" aria-expanded=\"false\">V\u00eddeos<\/div>\n\t\t\t\t\t<div id=\"elementor-tab-content-3111\" class=\"elementor-tab-content elementor-clearfix\" data-tab=\"1\" role=\"tabpanel\" aria-labelledby=\"elementor-tab-title-3111\" tabindex=\"0\" hidden=\"false\"><table style=\"border-collapse: collapse;width: 100%;height: 48px\"><tbody><tr style=\"height: 24px\"><td style=\"width: 18.9597%;height: 24px\"><iframe src=\"\/\/www.youtube.com\/embed\/VYddCBe7sB8?si=7Bxje_h68yWlOb0Z\" width=\"250\" height=\"140\" allowfullscreen=\"allowfullscreen\"><\/iframe><\/td><td style=\"width: 81.0403%;height: 24px\"><a href=\"https:\/\/youtu.be\/VYddCBe7sB8\">Orienta\u00e7\u00f5es sobre o Programa de Gest\u00e3o e Desempenho da UFSM<\/a><\/td><\/tr><tr style=\"height: 24px\"><td style=\"width: 18.9597%;height: 24px\"><iframe src=\"\/\/www.youtube.com\/embed\/uk-_9QoLWBM?si=7wGt2UqJ1rAWiFMQ\" width=\"250\" height=\"140\" allowfullscreen=\"allowfullscreen\"><\/iframe><\/td><td style=\"width: 81.0403%;height: 24px\"><a href=\"https:\/\/www.youtube.com\/watch?v=uk-_9QoLWBM\">Painel de discuss\u00e3o &#8220;Comunica\u00e7\u00e3o N\u00e3o Violenta: Fortalecendo Rela\u00e7\u00f5es no Ambiente de Trabalho&#8221; promovido pelo Minist\u00e9rio da Gest\u00e3o e da Inova\u00e7\u00e3o<\/a><\/td><\/tr><tr><td style=\"width: 18.9597%\"><iframe src=\"\/\/www.youtube.com\/embed\/MfNKvGAc-nw?si=UjFu-cnqVfLNeUKv\" width=\"250\" height=\"140\" allowfullscreen=\"allowfullscreen\"><\/iframe><\/td><td style=\"width: 81.0403%\"><a href=\"https:\/\/www.youtube.com\/live\/MfNKvGAc-nw\">Oficina &#8220;Gest\u00e3o de times: saia da zona de controle e v\u00e1 para zona de gest\u00e3o&#8221; promovida pelo LA-BORA! gov <\/a><\/td><\/tr><\/tbody><\/table><\/div>\n\t\t\t\t\t\t\t\t\t<div class=\"elementor-tab-title elementor-tab-mobile-title\" aria-selected=\"false\" data-tab=\"2\" role=\"tab\" tabindex=\"-1\" aria-controls=\"elementor-tab-content-3112\" aria-expanded=\"false\">Leituras<\/div>\n\t\t\t\t\t<div id=\"elementor-tab-content-3112\" class=\"elementor-tab-content elementor-clearfix\" data-tab=\"2\" role=\"tabpanel\" aria-labelledby=\"elementor-tab-title-3112\" tabindex=\"0\" hidden=\"hidden\"><table style=\"border-collapse: collapse;width: 100%;height: 48px\"><tbody><tr style=\"height: 24px\"><td style=\"width: 18.9597%;height: 24px\"><a href=\"http:\/\/https:\/\/www.ufsm.br\/pro-reitorias\/proplan\/pdi\"><img decoding=\"async\" class=\"alignnone wp-image-42922\" src=\"https:\/\/www.ufsm.br\/app\/uploads\/sites\/341\/2025\/04\/PDI.jpeg\" alt=\"\" width=\"250\" height=\"166\" \/><\/a><\/td><td style=\"width: 81.0403%;height: 24px\"><a href=\"https:\/\/www.ufsm.br\/pro-reitorias\/proplan\/pdi\">Plano de Desenvolvimento Institucional\u00a0UFSM<\/a><\/td><\/tr><tr style=\"height: 24px\"><td style=\"width: 18.9597%;height: 24px\"><a href=\"http:\/\/https:\/\/www.ufsm.br\/pro-reitorias\/proplan\/principais-documentos\"><img decoding=\"async\" class=\"alignnone wp-image-42924\" src=\"https:\/\/www.ufsm.br\/app\/uploads\/sites\/341\/2025\/04\/Brasao-horizontal-300x160.jpg\" alt=\"\" width=\"250\" height=\"133\" srcset=\"https:\/\/www.ufsm.br\/app\/uploads\/sites\/341\/2025\/04\/Brasao-horizontal-300x160.jpg 300w, https:\/\/www.ufsm.br\/app\/uploads\/sites\/341\/2025\/04\/Brasao-horizontal.jpg 319w\" sizes=\"(max-width: 250px) 100vw, 250px\" \/><\/a><\/td><td style=\"width: 81.0403%;height: 24px\"><p><a href=\"https:\/\/www.ufsm.br\/pro-reitorias\/proplan\/principais-documentos\">Principais Documentos Institucionais<\/a><\/p><\/td><\/tr><tr><td style=\"width: 18.9597%\"><a href=\"http:\/\/https:\/\/repositorio.enap.gov.br\/bitstream\/1\/4283\/1\/7_Livro_Gest%C3%A3o%20de%20pessoas%20lideran%C3%A7a%20e%20compet%C3%AAncias%20para%20o%20setor%20p%C3%BAblico.pdf\"><img decoding=\"async\" class=\"alignnone wp-image-42923\" src=\"https:\/\/www.ufsm.br\/app\/uploads\/sites\/341\/2025\/04\/GP-livro-300x196.jpg\" alt=\"\" width=\"250\" height=\"163\" srcset=\"https:\/\/www.ufsm.br\/app\/uploads\/sites\/341\/2025\/04\/GP-livro-300x196.jpg 300w, https:\/\/www.ufsm.br\/app\/uploads\/sites\/341\/2025\/04\/GP-livro.jpg 609w\" sizes=\"(max-width: 250px) 100vw, 250px\" \/><\/a><\/td><td style=\"width: 81.0403%\"><p><a href=\"https:\/\/repositorio.enap.gov.br\/bitstream\/1\/4283\/1\/7_Livro_Gest%C3%A3o%20de%20pessoas%20lideran%C3%A7a%20e%20compet%C3%AAncias%20para%20o%20setor%20p%C3%BAblico.pdf\">Livro Gest\u00e3o de pessoas: lideran\u00e7a e compet\u00eancias para o setor p\u00fablico &#8211; Autor: Sandro Trescastro Bergue<\/a><\/p><\/td><\/tr><\/tbody><\/table><p>\u00a0<\/p><\/div>\n\t\t\t\t\t\t\t\t\t<div class=\"elementor-tab-title elementor-tab-mobile-title\" aria-selected=\"false\" data-tab=\"3\" role=\"tab\" tabindex=\"-1\" aria-controls=\"elementor-tab-content-3113\" aria-expanded=\"false\">Tutoriais e Manuais<\/div>\n\t\t\t\t\t<div id=\"elementor-tab-content-3113\" class=\"elementor-tab-content elementor-clearfix\" data-tab=\"3\" role=\"tabpanel\" aria-labelledby=\"elementor-tab-title-3113\" tabindex=\"0\" hidden=\"hidden\"><table style=\"border-collapse: collapse;width: 100%;height: 184px\"><tbody><tr style=\"height: 24px\"><td style=\"width: 18.9597%;height: 24px\"><img loading=\"lazy\" decoding=\"async\" class=\"alignnone size-medium wp-image-42929\" src=\"https:\/\/www.ufsm.br\/app\/uploads\/sites\/341\/2025\/04\/Guia-Identidade-300x127.jpg\" alt=\"\" width=\"300\" height=\"127\" srcset=\"https:\/\/www.ufsm.br\/app\/uploads\/sites\/341\/2025\/04\/Guia-Identidade-300x127.jpg 300w, https:\/\/www.ufsm.br\/app\/uploads\/sites\/341\/2025\/04\/Guia-Identidade.jpg 567w\" sizes=\"(max-width: 300px) 100vw, 300px\" \/><\/td><td style=\"width: 81.0403%;height: 24px\"><a href=\"https:\/\/www.ufsm.br\/identidade-institucional\">Guia de Identidade Visual UFSM<\/a><\/td><\/tr><tr style=\"height: 24px\"><td style=\"width: 18.9597%;height: 24px\"><img loading=\"lazy\" decoding=\"async\" class=\"alignnone wp-image-42928\" src=\"https:\/\/www.ufsm.br\/app\/uploads\/sites\/341\/2025\/04\/Polare-1-300x133.jpg\" alt=\"\" width=\"250\" height=\"111\" srcset=\"https:\/\/www.ufsm.br\/app\/uploads\/sites\/341\/2025\/04\/Polare-1-300x133.jpg 300w, https:\/\/www.ufsm.br\/app\/uploads\/sites\/341\/2025\/04\/Polare-1.jpg 550w\" sizes=\"(max-width: 250px) 100vw, 250px\" \/><\/td><td style=\"width: 81.0403%;height: 24px\"><p>Programa de Gest\u00e3o e Desempenho:<\/p><ul><li><a href=\"https:\/\/www.ufsm.br\/app\/uploads\/sites\/341\/2025\/05\/Plano-Gerencial_V2_revisado-1.pdf\">Tutorial Plano Gerencial &#8211; Polare<\/a><\/li><li><a href=\"https:\/\/www.ufsm.br\/app\/uploads\/sites\/341\/2025\/05\/Plano-Individual_V2_revisado-1.pdf\">Tutorial Plano Individual &#8211; Polare<\/a><\/li><li><a href=\"https:\/\/www.ufsm.br\/app\/uploads\/sites\/341\/2025\/05\/Entregas_V2_revisado.pdf\">Tutorial Entregas &#8211; Polare<\/a><\/li><\/ul><\/td><\/tr><tr style=\"height: 80px\"><td style=\"width: 18.9597%;height: 80px\"><img loading=\"lazy\" decoding=\"async\" class=\"alignnone size-medium wp-image-42926\" src=\"https:\/\/www.ufsm.br\/app\/uploads\/sites\/341\/2025\/04\/POnto-300x58.jpg\" alt=\"\" width=\"300\" height=\"58\" srcset=\"https:\/\/www.ufsm.br\/app\/uploads\/sites\/341\/2025\/04\/POnto-300x58.jpg 300w, https:\/\/www.ufsm.br\/app\/uploads\/sites\/341\/2025\/04\/POnto.jpg 514w\" sizes=\"(max-width: 300px) 100vw, 300px\" \/><\/td><td style=\"width: 81.0403%;height: 80px\"><p><a href=\"https:\/\/coral.ufsm.br\/docsie\/ponto\/manual_ponto_eletronico.pdf\">Tutorial Ponto Eletr\u00f4nico UFSM<\/a><\/p><\/td><\/tr><tr style=\"height: 56px\"><td style=\"width: 18.9597%;height: 56px\"><a href=\"https:\/\/www.ufsm.br\/orgaos-suplementares\/dag\/pen\/apoio-ao-usuario\"><img loading=\"lazy\" decoding=\"async\" class=\"alignnone wp-image-42925\" src=\"https:\/\/www.ufsm.br\/app\/uploads\/sites\/341\/2025\/04\/marca-pen-300x111.jpg\" alt=\"\" width=\"250\" height=\"93\" srcset=\"https:\/\/www.ufsm.br\/app\/uploads\/sites\/341\/2025\/04\/marca-pen-300x111.jpg 300w, https:\/\/www.ufsm.br\/app\/uploads\/sites\/341\/2025\/04\/marca-pen.jpg 757w\" sizes=\"(max-width: 250px) 100vw, 250px\" \/><\/a><\/td><td style=\"width: 81.0403%;height: 56px\"><p><a href=\"https:\/\/www.ufsm.br\/orgaos-suplementares\/dag\/pen\/apoio-ao-usuario\">Tutoriais do PEN (Processo Eletr\u00f4nico Nacional &#8211; UFSM)<\/a><\/p><\/td><\/tr><tr><td style=\"width: 18.9597%\"><img loading=\"lazy\" decoding=\"async\" class=\"alignnone size-medium wp-image-45375\" src=\"https:\/\/www.ufsm.br\/app\/uploads\/sites\/341\/2025\/11\/Guia-Atos-1-300x109.jpg\" alt=\"\" width=\"300\" height=\"109\" srcset=\"https:\/\/www.ufsm.br\/app\/uploads\/sites\/341\/2025\/11\/Guia-Atos-1-300x109.jpg 300w, https:\/\/www.ufsm.br\/app\/uploads\/sites\/341\/2025\/11\/Guia-Atos-1-768x280.jpg 768w, https:\/\/www.ufsm.br\/app\/uploads\/sites\/341\/2025\/11\/Guia-Atos-1.jpg 787w\" sizes=\"(max-width: 300px) 100vw, 300px\" \/><\/td><td style=\"width: 81.0403%\"><a href=\"https:\/\/www.ufsm.br\/app\/uploads\/sites\/344\/2024\/09\/Guia-para-elaboracao-de-Atos-Normativos.-v1-4.pdf\">Guia para Elabora\u00e7\u00e3o de Atos Administrativos &#8211; UFSM<\/a><\/td><\/tr><\/tbody><\/table><\/div>\n\t\t\t\t\t\t\t\t\t<div class=\"elementor-tab-title elementor-tab-mobile-title\" aria-selected=\"false\" data-tab=\"4\" role=\"tab\" tabindex=\"-1\" aria-controls=\"elementor-tab-content-3114\" aria-expanded=\"false\">Sites<\/div>\n\t\t\t\t\t<div id=\"elementor-tab-content-3114\" class=\"elementor-tab-content elementor-clearfix\" data-tab=\"4\" role=\"tabpanel\" aria-labelledby=\"elementor-tab-title-3114\" tabindex=\"0\" hidden=\"hidden\"><table style=\"border-collapse: collapse;width: 100%;height: 184px\"><tbody><tr style=\"height: 24px\"><td style=\"width: 18.9597%;height: 24px\"><img loading=\"lazy\" decoding=\"async\" class=\"alignnone size-medium wp-image-42935\" src=\"https:\/\/www.ufsm.br\/app\/uploads\/sites\/341\/2025\/04\/diversidade-300x247.jpg\" alt=\"\" width=\"300\" height=\"247\" srcset=\"https:\/\/www.ufsm.br\/app\/uploads\/sites\/341\/2025\/04\/diversidade-300x247.jpg 300w, https:\/\/www.ufsm.br\/app\/uploads\/sites\/341\/2025\/04\/diversidade-768x633.jpg 768w, https:\/\/www.ufsm.br\/app\/uploads\/sites\/341\/2025\/04\/diversidade.jpg 1024w\" sizes=\"(max-width: 300px) 100vw, 300px\" \/><\/td><td style=\"width: 81.0403%;height: 24px\"><a href=\"https:\/\/padlet.com\/laboragov1\/reposit-rio-de-recursos-educacionais-gest-o-inclusiva-lidera-cou650pftacljjlm\">Reposit\u00f3rio de Recursos Educacionais &#8211; Gest\u00e3o Inclusiva, Lideran\u00e7a de Mulheres e Diversidade no Servi\u00e7o P\u00fablico<\/a> (<em>organiza\u00e7\u00e3o: LA-BORA!gov<\/em>)<br \/><em>Este reposit\u00f3rio foi criado para facilitar o acesso a conte\u00fados digitais de refer\u00eancia que apoiam a compreens\u00e3o e implementa\u00e7\u00e3o de pr\u00e1ticas de gest\u00e3o inclusiva, com um enfoque especial na lideran\u00e7a feminina e na diversidade no setor p\u00fablico. O material \u00e9 ideal para gestores, l\u00edderes de equipe e profissionais de RH que buscam promover um ambiente de trabalho mais inclusivo e diversificado.<\/em><\/td><\/tr><\/tbody><\/table><\/div>\n\t\t\t\t\t\t\t<\/div>\n\t\t<\/div>\n\t\t\t\t<\/div>\n\t\t\t\t<\/div>\n\t\t\t\t\t<\/div>\n\t\t<\/div>\n\t\t\t\t\t<\/div>\n\t\t<\/section>\n\t\t\t\t<section class=\"elementor-section elementor-top-section elementor-element elementor-element-ac12f44 elementor-section-boxed elementor-section-height-default elementor-section-height-default\" data-id=\"ac12f44\" data-element_type=\"section\">\n\t\t\t\t\t\t<div class=\"elementor-container elementor-column-gap-default\">\n\t\t\t\t\t<div class=\"elementor-column elementor-col-100 elementor-top-column elementor-element elementor-element-6032483\" data-id=\"6032483\" data-element_type=\"column\">\n\t\t\t<div class=\"elementor-widget-wrap elementor-element-populated\">\n\t\t\t\t\t\t<div class=\"elementor-element elementor-element-870ece9 elementor-widget elementor-widget-text-editor\" data-id=\"870ece9\" data-element_type=\"widget\" data-widget_type=\"text-editor.default\">\n\t\t\t\t<div class=\"elementor-widget-container\">\n\t\t\t\t\t\t\t<h5>\ud83d\udd17 Acompanhe a PROGEP nas redes sociais<\/h5>\t\t\t\t\t\t<\/div>\n\t\t\t\t<\/div>\n\t\t\t\t<div class=\"elementor-element elementor-element-b04bdca elementor-shape-rounded elementor-grid-0 e-grid-align-center elementor-widget elementor-widget-social-icons\" data-id=\"b04bdca\" data-element_type=\"widget\" data-widget_type=\"social-icons.default\">\n\t\t\t\t<div class=\"elementor-widget-container\">\n\t\t\t\t\t<div class=\"elementor-social-icons-wrapper elementor-grid\">\n\t\t\t\t\t\t\t<span class=\"elementor-grid-item\">\n\t\t\t\t\t<a class=\"elementor-icon elementor-social-icon elementor-social-icon-instagram elementor-repeater-item-9e43b90\" href=\"https:\/\/www.instagram.com\/progepufsm\/\" target=\"_blank\">\n\t\t\t\t\t\t<span class=\"elementor-screen-only\">Instagram<\/span>\n\t\t\t\t\t\t<i class=\"fab fa-instagram\"><\/i>\t\t\t\t\t<\/a>\n\t\t\t\t<\/span>\n\t\t\t\t\t\t\t<span class=\"elementor-grid-item\">\n\t\t\t\t\t<a class=\"elementor-icon elementor-social-icon elementor-social-icon-facebook elementor-repeater-item-7d34dbf\" href=\"https:\/\/www.facebook.com\/progep\" target=\"_blank\">\n\t\t\t\t\t\t<span class=\"elementor-screen-only\">Facebook<\/span>\n\t\t\t\t\t\t<i class=\"fab fa-facebook\"><\/i>\t\t\t\t\t<\/a>\n\t\t\t\t<\/span>\n\t\t\t\t\t\t\t<span class=\"elementor-grid-item\">\n\t\t\t\t\t<a class=\"elementor-icon elementor-social-icon elementor-social-icon-whatsapp elementor-repeater-item-6318e70\" href=\"https:\/\/chat.whatsapp.com\/EzvjRXwjer00Kdhw6rEZq5\" target=\"_blank\">\n\t\t\t\t\t\t<span class=\"elementor-screen-only\">Whatsapp<\/span>\n\t\t\t\t\t\t<i class=\"fab fa-whatsapp\"><\/i>\t\t\t\t\t<\/a>\n\t\t\t\t<\/span>\n\t\t\t\t\t\t\t<span class=\"elementor-grid-item\">\n\t\t\t\t\t<a class=\"elementor-icon elementor-social-icon elementor-social-icon-google elementor-repeater-item-e0b38cc\" href=\"https:\/\/chat.google.com\/room\/AAAA141yFRw?cls=7\" target=\"_blank\">\n\t\t\t\t\t\t<span class=\"elementor-screen-only\">Google<\/span>\n\t\t\t\t\t\t<i class=\"fab fa-google\"><\/i>\t\t\t\t\t<\/a>\n\t\t\t\t<\/span>\n\t\t\t\t\t<\/div>\n\t\t\t\t<\/div>\n\t\t\t\t<\/div>\n\t\t\t\t\t<\/div>\n\t\t<\/div>\n\t\t\t\t\t<\/div>\n\t\t<\/section>\n\t\t\t\t<\/div>\n\t\t","protected":false},"excerpt":{"rendered":"<p>Neste espa\u00e7o, voc\u00ea encontra conte\u00fados organizados por tipo \u2014 v\u00eddeos, leituras, tutoriais, manuais e sites \u2014 para apoiar a atua\u00e7\u00e3o di\u00e1ria dos gestores e contribuir com o desenvolvimento cont\u00ednuo das lideran\u00e7as na UFSM. V\u00eddeos Leituras Tutoriais e Manuais Sites V\u00eddeos Orienta\u00e7\u00f5es sobre o Programa de Gest\u00e3o e Desempenho da UFSM Painel de discuss\u00e3o &#8220;Comunica\u00e7\u00e3o N\u00e3o [&hellip;]<\/p>\n","protected":false},"author":145,"featured_media":0,"parent":0,"menu_order":0,"comment_status":"closed","ping_status":"closed","template":"","meta":{"footnotes":""},"categories":[],"tags":[],"class_list":["post-42915","page","type-page","status-publish","hentry"],"acf":[],"_links":{"self":[{"href":"https:\/\/www.ufsm.br\/pro-reitorias\/progep\/wp-json\/wp\/v2\/pages\/42915","targetHints":{"allow":["GET"]}}],"collection":[{"href":"https:\/\/www.ufsm.br\/pro-reitorias\/progep\/wp-json\/wp\/v2\/pages"}],"about":[{"href":"https:\/\/www.ufsm.br\/pro-reitorias\/progep\/wp-json\/wp\/v2\/types\/page"}],"author":[{"embeddable":true,"href":"https:\/\/www.ufsm.br\/pro-reitorias\/progep\/wp-json\/wp\/v2\/users\/145"}],"replies":[{"embeddable":true,"href":"https:\/\/www.ufsm.br\/pro-reitorias\/progep\/wp-json\/wp\/v2\/comments?post=42915"}],"version-history":[{"count":0,"href":"https:\/\/www.ufsm.br\/pro-reitorias\/progep\/wp-json\/wp\/v2\/pages\/42915\/revisions"}],"wp:attachment":[{"href":"https:\/\/www.ufsm.br\/pro-reitorias\/progep\/wp-json\/wp\/v2\/media?parent=42915"}],"wp:term":[{"taxonomy":"category","embeddable":true,"href":"https:\/\/www.ufsm.br\/pro-reitorias\/progep\/wp-json\/wp\/v2\/categories?post=42915"},{"taxonomy":"post_tag","embeddable":true,"href":"https:\/\/www.ufsm.br\/pro-reitorias\/progep\/wp-json\/wp\/v2\/tags?post=42915"}],"curies":[{"name":"wp","href":"https:\/\/api.w.org\/{rel}","templated":true}]}}