{"id":43396,"date":"2025-06-03T11:02:02","date_gmt":"2025-06-03T14:02:02","guid":{"rendered":"https:\/\/www.ufsm.br\/pro-reitorias\/progep\/?page_id=43396"},"modified":"2025-06-05T14:27:02","modified_gmt":"2025-06-05T17:27:02","slug":"trilhas-de-aprendizagem","status":"publish","type":"page","link":"https:\/\/www.ufsm.br\/pro-reitorias\/progep\/trilhas-de-aprendizagem","title":{"rendered":"Trilhas de Aprendizagem"},"content":{"rendered":"\t\t<div data-elementor-type=\"wp-page\" data-elementor-id=\"43396\" class=\"elementor elementor-43396\">\n\t\t\t\t\t\t<section class=\"elementor-section elementor-top-section elementor-element elementor-element-8493166 elementor-section-boxed elementor-section-height-default elementor-section-height-default\" data-id=\"8493166\" data-element_type=\"section\">\n\t\t\t\t\t\t<div class=\"elementor-container elementor-column-gap-default\">\n\t\t\t\t\t<div class=\"elementor-column elementor-col-100 elementor-top-column elementor-element elementor-element-30258ae\" data-id=\"30258ae\" data-element_type=\"column\">\n\t\t\t<div class=\"elementor-widget-wrap elementor-element-populated\">\n\t\t\t\t\t\t<div class=\"elementor-element elementor-element-aba64e3 elementor-widget elementor-widget-text-editor\" data-id=\"aba64e3\" data-element_type=\"widget\" data-widget_type=\"text-editor.default\">\n\t\t\t\t<div class=\"elementor-widget-container\">\n\t\t\t\t\t\t\t<p style=\"text-align: center\">As trilhas de aprendizagem t\u00eam como objetivo apoiar o desenvolvimento cont\u00ednuo dos(as) servidores(as), promovendo compet\u00eancias essenciais para o exerc\u00edcio das fun\u00e7\u00f5es p\u00fablicas, em diferentes \u00e1reas e momentos da carreira.<\/p>\t\t\t\t\t\t<\/div>\n\t\t\t\t<\/div>\n\t\t\t\t\t<\/div>\n\t\t<\/div>\n\t\t\t\t\t<\/div>\n\t\t<\/section>\n\t\t\t\t<section class=\"elementor-section elementor-top-section elementor-element elementor-element-dba5c03 elementor-section-boxed elementor-section-height-default elementor-section-height-default\" data-id=\"dba5c03\" data-element_type=\"section\">\n\t\t\t\t\t\t<div class=\"elementor-container elementor-column-gap-default\">\n\t\t\t\t\t<div class=\"elementor-column elementor-col-25 elementor-top-column elementor-element elementor-element-cf029b1\" data-id=\"cf029b1\" data-element_type=\"column\">\n\t\t\t<div class=\"elementor-widget-wrap elementor-element-populated\">\n\t\t\t\t\t\t<div class=\"elementor-element elementor-element-416f79f elementor-widget__width-initial elementor-widget elementor-widget-image\" data-id=\"416f79f\" data-element_type=\"widget\" data-widget_type=\"image.default\">\n\t\t\t\t<div class=\"elementor-widget-container\">\n\t\t\t\t\t\t\t\t\t\t\t\t\t\t<a href=\"https:\/\/www.ufsm.br\/pro-reitorias\/progep\/programa-de-formacao-de-liderancas\" target=\"_blank\">\n\t\t\t\t\t\t\t<img fetchpriority=\"high\" decoding=\"async\" width=\"1024\" height=\"576\" src=\"https:\/\/www.ufsm.br\/app\/uploads\/sites\/341\/2025\/06\/Programa-de-Formacao-1024x576.jpg\" class=\"attachment-large size-large wp-image-43397\" alt=\"\" srcset=\"https:\/\/www.ufsm.br\/app\/uploads\/sites\/341\/2025\/06\/Programa-de-Formacao-1024x576.jpg 1024w, https:\/\/www.ufsm.br\/app\/uploads\/sites\/341\/2025\/06\/Programa-de-Formacao-300x169.jpg 300w, https:\/\/www.ufsm.br\/app\/uploads\/sites\/341\/2025\/06\/Programa-de-Formacao-768x432.jpg 768w, https:\/\/www.ufsm.br\/app\/uploads\/sites\/341\/2025\/06\/Programa-de-Formacao.jpg 1280w\" sizes=\"(max-width: 1024px) 100vw, 1024px\" \/>\t\t\t\t\t\t\t\t<\/a>\n\t\t\t\t\t\t\t\t\t\t\t\t\t<\/div>\n\t\t\t\t<\/div>\n\t\t\t\t<div class=\"elementor-element elementor-element-99890b6 elementor-widget__width-initial elementor-widget elementor-widget-text-editor\" data-id=\"99890b6\" data-element_type=\"widget\" data-widget_type=\"text-editor.default\">\n\t\t\t\t<div class=\"elementor-widget-container\">\n\t\t\t\t\t\t\t<p style=\"text-align: center\">Programa voltado \u00e0 forma\u00e7\u00e3o e ao fortalecimento das lideran\u00e7as da institui\u00e7\u00e3o, em diferentes n\u00edveis e \u00e1reas de atua\u00e7\u00e3o.\u00a0<span style=\"color: #000000;font-size: 16px\">\u00c9\u00a0<\/span>composto de a\u00e7\u00f5es\u00a0<span style=\"color: #000000;font-size: 16px\">destinadas a\u00a0<\/span><span style=\"color: #000000;font-size: 16px\" data-start=\"159\" data-end=\"195\">todos os gestores da institui\u00e7\u00e3o <\/span><span style=\"color: #000000;font-size: 16px\" data-start=\"159\" data-end=\"195\">e<\/span><span style=\"color: #000000;font-size: 16px\">\u00a0a\u00a0<\/span><span style=\"color: #000000;font-size: 16px\" data-start=\"299\" data-end=\"332\">chefias de \u00e1reas espec\u00edficas.<\/span><\/p>\t\t\t\t\t\t<\/div>\n\t\t\t\t<\/div>\n\t\t\t\t\t<\/div>\n\t\t<\/div>\n\t\t\t\t<div class=\"elementor-column elementor-col-25 elementor-top-column elementor-element elementor-element-1906cd5\" data-id=\"1906cd5\" data-element_type=\"column\">\n\t\t\t<div class=\"elementor-widget-wrap elementor-element-populated\">\n\t\t\t\t\t\t<div class=\"elementor-element elementor-element-f8b7827 elementor-widget elementor-widget-image\" data-id=\"f8b7827\" data-element_type=\"widget\" data-widget_type=\"image.default\">\n\t\t\t\t<div class=\"elementor-widget-container\">\n\t\t\t\t\t\t\t\t\t\t\t\t\t\t<a href=\"https:\/\/www.ufsm.br\/pro-reitorias\/progep\/trilha-de-iniciacao-ao-servico-publico\" target=\"_blank\">\n\t\t\t\t\t\t\t<img decoding=\"async\" width=\"1024\" height=\"576\" src=\"https:\/\/www.ufsm.br\/app\/uploads\/sites\/341\/2025\/02\/Slide1-1024x576.jpg\" class=\"attachment-large size-large wp-image-42253\" alt=\"\" srcset=\"https:\/\/www.ufsm.br\/app\/uploads\/sites\/341\/2025\/02\/Slide1-1024x576.jpg 1024w, https:\/\/www.ufsm.br\/app\/uploads\/sites\/341\/2025\/02\/Slide1-300x169.jpg 300w, https:\/\/www.ufsm.br\/app\/uploads\/sites\/341\/2025\/02\/Slide1-768x432.jpg 768w, https:\/\/www.ufsm.br\/app\/uploads\/sites\/341\/2025\/02\/Slide1.jpg 1280w\" sizes=\"(max-width: 1024px) 100vw, 1024px\" \/>\t\t\t\t\t\t\t\t<\/a>\n\t\t\t\t\t\t\t\t\t\t\t\t\t<\/div>\n\t\t\t\t<\/div>\n\t\t\t\t<div class=\"elementor-element elementor-element-4ecdff5 elementor-widget elementor-widget-text-editor\" data-id=\"4ecdff5\" data-element_type=\"widget\" data-widget_type=\"text-editor.default\">\n\t\t\t\t<div class=\"elementor-widget-container\">\n\t\t\t\t\t\t\t<p style=\"text-align: center\">Visa acolher, ambientar e integrar os servidores ingressantes na UFSM e fornecer a estes as informa\u00e7\u00f5es relevantes para que possam iniciar o desenvolvimento de suas atividades.<\/p>\t\t\t\t\t\t<\/div>\n\t\t\t\t<\/div>\n\t\t\t\t\t<\/div>\n\t\t<\/div>\n\t\t\t\t<div class=\"elementor-column elementor-col-25 elementor-top-column elementor-element elementor-element-a39ef62\" data-id=\"a39ef62\" data-element_type=\"column\">\n\t\t\t<div class=\"elementor-widget-wrap elementor-element-populated\">\n\t\t\t\t\t\t<div class=\"elementor-element elementor-element-a0730c9 elementor-widget__width-initial elementor-widget elementor-widget-image\" data-id=\"a0730c9\" data-element_type=\"widget\" data-widget_type=\"image.default\">\n\t\t\t\t<div class=\"elementor-widget-container\">\n\t\t\t\t\t\t\t\t\t\t\t\t\t\t<a href=\"https:\/\/www.ufsm.br\/pro-reitorias\/progep\/trilha-do-programa-de-gestao-e-desempenho\" target=\"_blank\">\n\t\t\t\t\t\t\t<img decoding=\"async\" width=\"1024\" height=\"576\" src=\"https:\/\/www.ufsm.br\/app\/uploads\/sites\/341\/2025\/02\/Slide5-1024x576.jpg\" class=\"attachment-large size-large wp-image-42257\" alt=\"\" srcset=\"https:\/\/www.ufsm.br\/app\/uploads\/sites\/341\/2025\/02\/Slide5-1024x576.jpg 1024w, https:\/\/www.ufsm.br\/app\/uploads\/sites\/341\/2025\/02\/Slide5-300x169.jpg 300w, https:\/\/www.ufsm.br\/app\/uploads\/sites\/341\/2025\/02\/Slide5-768x432.jpg 768w, https:\/\/www.ufsm.br\/app\/uploads\/sites\/341\/2025\/02\/Slide5.jpg 1280w\" sizes=\"(max-width: 1024px) 100vw, 1024px\" \/>\t\t\t\t\t\t\t\t<\/a>\n\t\t\t\t\t\t\t\t\t\t\t\t\t<\/div>\n\t\t\t\t<\/div>\n\t\t\t\t<div class=\"elementor-element elementor-element-3033226 elementor-widget elementor-widget-text-editor\" data-id=\"3033226\" data-element_type=\"widget\" data-widget_type=\"text-editor.default\">\n\t\t\t\t<div class=\"elementor-widget-container\">\n\t\t\t\t\t\t\t<p style=\"text-align: center\">Visa capacitar e apoiar os servidores ao longo do processo de implanta\u00e7\u00e3o e execu\u00e7\u00e3o do Programa de Gest\u00e3o e Desempenho na UFSM.<\/p>\t\t\t\t\t\t<\/div>\n\t\t\t\t<\/div>\n\t\t\t\t\t<\/div>\n\t\t<\/div>\n\t\t\t\t<div class=\"elementor-column elementor-col-25 elementor-top-column elementor-element elementor-element-d5fadc8\" data-id=\"d5fadc8\" data-element_type=\"column\">\n\t\t\t<div class=\"elementor-widget-wrap elementor-element-populated\">\n\t\t\t\t\t\t<div class=\"elementor-element elementor-element-34fa3ba elementor-widget__width-initial elementor-widget elementor-widget-image\" data-id=\"34fa3ba\" data-element_type=\"widget\" data-widget_type=\"image.default\">\n\t\t\t\t<div class=\"elementor-widget-container\">\n\t\t\t\t\t\t\t\t\t\t\t\t\t\t<a href=\"https:\/\/www.ufsm.br\/pro-reitorias\/progep\/trilha-de-planejamento-ensino\" target=\"_blank\">\n\t\t\t\t\t\t\t<img loading=\"lazy\" decoding=\"async\" width=\"1024\" height=\"576\" src=\"https:\/\/www.ufsm.br\/app\/uploads\/sites\/341\/2025\/04\/11-1024x576.jpg\" class=\"attachment-large size-large wp-image-42972\" alt=\"\" srcset=\"https:\/\/www.ufsm.br\/app\/uploads\/sites\/341\/2025\/04\/11-1024x576.jpg 1024w, https:\/\/www.ufsm.br\/app\/uploads\/sites\/341\/2025\/04\/11-300x169.jpg 300w, https:\/\/www.ufsm.br\/app\/uploads\/sites\/341\/2025\/04\/11-768x432.jpg 768w, https:\/\/www.ufsm.br\/app\/uploads\/sites\/341\/2025\/04\/11.jpg 1280w\" sizes=\"(max-width: 1024px) 100vw, 1024px\" \/>\t\t\t\t\t\t\t\t<\/a>\n\t\t\t\t\t\t\t\t\t\t\t\t\t<\/div>\n\t\t\t\t<\/div>\n\t\t\t\t<div class=\"elementor-element elementor-element-e72df40 elementor-widget elementor-widget-text-editor\" data-id=\"e72df40\" data-element_type=\"widget\" data-widget_type=\"text-editor.default\">\n\t\t\t\t<div class=\"elementor-widget-container\">\n\t\t\t\t\t\t\t<p style=\"text-align: center\"><span style=\"color: #000000;font-size: 16px\">Busca fortalecer\u00a0 a forma\u00e7\u00e3o continuada dos docentes da UFSM, incentivando\u00a0 ado\u00e7\u00e3o de pr\u00e1ticas pedag\u00f3gicas inovadoras, alinhadas \u00e0s metodologias ativas, tecnologias educacionais, inclus\u00e3o e processos avaliativos.<\/span><\/p>\t\t\t\t\t\t<\/div>\n\t\t\t\t<\/div>\n\t\t\t\t\t<\/div>\n\t\t<\/div>\n\t\t\t\t\t<\/div>\n\t\t<\/section>\n\t\t\t\t<section class=\"elementor-section elementor-top-section elementor-element elementor-element-176ef32 elementor-section-boxed elementor-section-height-default elementor-section-height-default\" data-id=\"176ef32\" data-element_type=\"section\">\n\t\t\t\t\t\t<div class=\"elementor-container elementor-column-gap-default\">\n\t\t\t\t\t<div class=\"elementor-column elementor-col-100 elementor-top-column elementor-element elementor-element-3f0bb3a\" data-id=\"3f0bb3a\" data-element_type=\"column\">\n\t\t\t<div class=\"elementor-widget-wrap elementor-element-populated\">\n\t\t\t\t\t\t<div class=\"elementor-element elementor-element-39f4922 elementor-widget elementor-widget-text-editor\" data-id=\"39f4922\" data-element_type=\"widget\" data-widget_type=\"text-editor.default\">\n\t\t\t\t<div class=\"elementor-widget-container\">\n\t\t\t\t\t\t\t<h5>\ud83d\udd17 Acompanhe a PROGEP nas redes sociais<\/h5>\t\t\t\t\t\t<\/div>\n\t\t\t\t<\/div>\n\t\t\t\t<div class=\"elementor-element elementor-element-1fd0623 elementor-shape-rounded elementor-grid-0 e-grid-align-center elementor-widget elementor-widget-social-icons\" data-id=\"1fd0623\" data-element_type=\"widget\" data-widget_type=\"social-icons.default\">\n\t\t\t\t<div class=\"elementor-widget-container\">\n\t\t\t\t\t<div class=\"elementor-social-icons-wrapper elementor-grid\">\n\t\t\t\t\t\t\t<span class=\"elementor-grid-item\">\n\t\t\t\t\t<a class=\"elementor-icon elementor-social-icon elementor-social-icon-instagram elementor-repeater-item-9e43b90\" href=\"https:\/\/www.instagram.com\/progepufsm\/\" target=\"_blank\">\n\t\t\t\t\t\t<span class=\"elementor-screen-only\">Instagram<\/span>\n\t\t\t\t\t\t<i class=\"fab fa-instagram\"><\/i>\t\t\t\t\t<\/a>\n\t\t\t\t<\/span>\n\t\t\t\t\t\t\t<span class=\"elementor-grid-item\">\n\t\t\t\t\t<a class=\"elementor-icon elementor-social-icon elementor-social-icon-facebook elementor-repeater-item-7d34dbf\" href=\"https:\/\/www.facebook.com\/progep\" target=\"_blank\">\n\t\t\t\t\t\t<span class=\"elementor-screen-only\">Facebook<\/span>\n\t\t\t\t\t\t<i class=\"fab fa-facebook\"><\/i>\t\t\t\t\t<\/a>\n\t\t\t\t<\/span>\n\t\t\t\t\t\t\t<span class=\"elementor-grid-item\">\n\t\t\t\t\t<a class=\"elementor-icon elementor-social-icon elementor-social-icon-whatsapp elementor-repeater-item-6318e70\" href=\"https:\/\/chat.whatsapp.com\/EzvjRXwjer00Kdhw6rEZq5\" target=\"_blank\">\n\t\t\t\t\t\t<span class=\"elementor-screen-only\">Whatsapp<\/span>\n\t\t\t\t\t\t<i class=\"fab fa-whatsapp\"><\/i>\t\t\t\t\t<\/a>\n\t\t\t\t<\/span>\n\t\t\t\t\t\t\t<span class=\"elementor-grid-item\">\n\t\t\t\t\t<a class=\"elementor-icon elementor-social-icon elementor-social-icon-google elementor-repeater-item-e0b38cc\" href=\"https:\/\/chat.google.com\/room\/AAAA141yFRw?cls=7\" target=\"_blank\">\n\t\t\t\t\t\t<span class=\"elementor-screen-only\">Google<\/span>\n\t\t\t\t\t\t<i class=\"fab fa-google\"><\/i>\t\t\t\t\t<\/a>\n\t\t\t\t<\/span>\n\t\t\t\t\t<\/div>\n\t\t\t\t<\/div>\n\t\t\t\t<\/div>\n\t\t\t\t\t<\/div>\n\t\t<\/div>\n\t\t\t\t\t<\/div>\n\t\t<\/section>\n\t\t\t\t<\/div>\n\t\t","protected":false},"excerpt":{"rendered":"<p>As trilhas de aprendizagem t\u00eam como objetivo apoiar o desenvolvimento cont\u00ednuo dos(as) servidores(as), promovendo compet\u00eancias essenciais para o exerc\u00edcio das fun\u00e7\u00f5es p\u00fablicas, em diferentes \u00e1reas e momentos da carreira. Programa voltado \u00e0 forma\u00e7\u00e3o e ao fortalecimento das lideran\u00e7as da institui\u00e7\u00e3o, em diferentes n\u00edveis e \u00e1reas de atua\u00e7\u00e3o.\u00a0\u00c9\u00a0composto de a\u00e7\u00f5es\u00a0destinadas a\u00a0todos os gestores da institui\u00e7\u00e3o e\u00a0a\u00a0chefias [&hellip;]<\/p>\n","protected":false},"author":145,"featured_media":0,"parent":0,"menu_order":0,"comment_status":"closed","ping_status":"closed","template":"","meta":{"footnotes":""},"categories":[],"tags":[],"class_list":["post-43396","page","type-page","status-publish","hentry"],"acf":[],"_links":{"self":[{"href":"https:\/\/www.ufsm.br\/pro-reitorias\/progep\/wp-json\/wp\/v2\/pages\/43396","targetHints":{"allow":["GET"]}}],"collection":[{"href":"https:\/\/www.ufsm.br\/pro-reitorias\/progep\/wp-json\/wp\/v2\/pages"}],"about":[{"href":"https:\/\/www.ufsm.br\/pro-reitorias\/progep\/wp-json\/wp\/v2\/types\/page"}],"author":[{"embeddable":true,"href":"https:\/\/www.ufsm.br\/pro-reitorias\/progep\/wp-json\/wp\/v2\/users\/145"}],"replies":[{"embeddable":true,"href":"https:\/\/www.ufsm.br\/pro-reitorias\/progep\/wp-json\/wp\/v2\/comments?post=43396"}],"version-history":[{"count":0,"href":"https:\/\/www.ufsm.br\/pro-reitorias\/progep\/wp-json\/wp\/v2\/pages\/43396\/revisions"}],"wp:attachment":[{"href":"https:\/\/www.ufsm.br\/pro-reitorias\/progep\/wp-json\/wp\/v2\/media?parent=43396"}],"wp:term":[{"taxonomy":"category","embeddable":true,"href":"https:\/\/www.ufsm.br\/pro-reitorias\/progep\/wp-json\/wp\/v2\/categories?post=43396"},{"taxonomy":"post_tag","embeddable":true,"href":"https:\/\/www.ufsm.br\/pro-reitorias\/progep\/wp-json\/wp\/v2\/tags?post=43396"}],"curies":[{"name":"wp","href":"https:\/\/api.w.org\/{rel}","templated":true}]}}