{"id":43399,"date":"2025-06-03T11:13:20","date_gmt":"2025-06-03T14:13:20","guid":{"rendered":"https:\/\/www.ufsm.br\/pro-reitorias\/progep\/?page_id=43399"},"modified":"2025-06-05T14:30:17","modified_gmt":"2025-06-05T17:30:17","slug":"programa-de-formacao-de-liderancas","status":"publish","type":"page","link":"https:\/\/www.ufsm.br\/pro-reitorias\/progep\/programa-de-formacao-de-liderancas","title":{"rendered":"Programa de Forma\u00e7\u00e3o de Lideran\u00e7as"},"content":{"rendered":"\t\t<div data-elementor-type=\"wp-page\" data-elementor-id=\"43399\" class=\"elementor elementor-43399\">\n\t\t\t\t\t\t<section class=\"elementor-section elementor-top-section elementor-element elementor-element-ed9997b elementor-section-boxed elementor-section-height-default elementor-section-height-default\" data-id=\"ed9997b\" data-element_type=\"section\">\n\t\t\t\t\t\t<div class=\"elementor-container elementor-column-gap-default\">\n\t\t\t\t\t<div class=\"elementor-column elementor-col-100 elementor-top-column elementor-element elementor-element-8b5ed37\" data-id=\"8b5ed37\" data-element_type=\"column\">\n\t\t\t<div class=\"elementor-widget-wrap elementor-element-populated\">\n\t\t\t\t\t\t<div class=\"elementor-element elementor-element-7ede472 elementor-widget__width-initial elementor-widget elementor-widget-text-editor\" data-id=\"7ede472\" data-element_type=\"widget\" data-widget_type=\"text-editor.default\">\n\t\t\t\t<div class=\"elementor-widget-container\">\n\t\t\t\t\t\t\t<p>Programa voltado \u00e0 forma\u00e7\u00e3o e ao fortalecimento das lideran\u00e7as da institui\u00e7\u00e3o, em diferentes n\u00edveis e \u00e1reas de atua\u00e7\u00e3o.\u00a0<span style=\"color: #000000;font-size: 16px\">\u00c9\u00a0<\/span>composto de a\u00e7\u00f5es\u00a0<span style=\"color: #000000;font-size: 16px\">destinadas a\u00a0<\/span><span style=\"color: #000000;font-size: 16px;font-weight: bolder\" data-start=\"159\" data-end=\"195\">todos os gestores da institui\u00e7\u00e3o\u00a0<\/span><span style=\"color: #000000;font-size: 16px\">(<\/span><span style=\"color: #000000;font-size: 1rem\">Trilha de Desenvolvimento de Gestores<\/span><span style=\"color: #000000;font-size: 1rem\">\u00a0e <\/span><span style=\"color: #000000;font-size: 1rem\">Reposit\u00f3rio de Conte\u00fados)<\/span><span style=\"color: #000000;font-size: 16px\">, que s\u00e3o de participa\u00e7\u00e3o recomendada para todas as chefias,<\/span><span style=\"color: #000000;font-size: 16px\">\u00a0<\/span><span style=\"color: #000000;font-size: 1rem\">e\u00a0<\/span><span style=\"color: #000000;font-size: 16px\">por a\u00e7\u00f5es complementares, voltadas a\u00a0<\/span><span style=\"color: #000000;font-size: 16px;font-weight: bolder\" data-start=\"299\" data-end=\"332\">chefias de \u00e1reas espec\u00edficas\u00a0<\/span><span style=\"color: #000000;font-size: 16px\" data-start=\"299\" data-end=\"332\">(<\/span><span style=\"color: #000000;font-size: 16px\">trilhas espec\u00edficas<\/span><span style=\"color: #000000;font-size: 16px\">\u00a0e<\/span><span style=\"color: #000000;font-size: 1rem\">\u00a0<\/span><span style=\"color: #000000;font-size: 1rem\">Guias de Forma\u00e7\u00e3o).<\/span><\/p><p>\ud83d\udcd1 O <strong data-start=\"71\" data-end=\"117\">Programa de Forma\u00e7\u00e3o de Lideran\u00e7as da UFSM<\/strong> foi proposto com base na <strong data-start=\"143\" data-end=\"180\">consulta realizada aos servidores<\/strong>, elaborado de forma <strong data-start=\"201\" data-end=\"218\">participativa<\/strong> para atender \u00e0s necessidades reais da gest\u00e3o universit\u00e1ria. Acesse o relat\u00f3rio completo da pesquisa <a class=\"\" href=\"https:\/\/www.ufsm.br\/app\/uploads\/sites\/341\/2025\/06\/Relatorio-Levantamento-Necessidades-dos-Gestores-_atualizado.pdf\" rel=\"noopener\" data-start=\"323\" data-end=\"332\">clicando aqui<\/a>.\u00a0<\/p>\t\t\t\t\t\t<\/div>\n\t\t\t\t<\/div>\n\t\t\t\t\t<\/div>\n\t\t<\/div>\n\t\t\t\t\t<\/div>\n\t\t<\/section>\n\t\t\t\t<section class=\"elementor-section elementor-top-section elementor-element elementor-element-eb45bf2 elementor-section-boxed elementor-section-height-default elementor-section-height-default\" data-id=\"eb45bf2\" data-element_type=\"section\">\n\t\t\t\t\t\t<div class=\"elementor-container elementor-column-gap-default\">\n\t\t\t\t\t<div class=\"elementor-column elementor-col-25 elementor-top-column elementor-element elementor-element-39fd3ac\" data-id=\"39fd3ac\" data-element_type=\"column\">\n\t\t\t<div class=\"elementor-widget-wrap elementor-element-populated\">\n\t\t\t\t\t\t<div class=\"elementor-element elementor-element-0055b1c elementor-widget elementor-widget-spacer\" data-id=\"0055b1c\" data-element_type=\"widget\" data-widget_type=\"spacer.default\">\n\t\t\t\t<div class=\"elementor-widget-container\">\n\t\t\t\t\t<div class=\"elementor-spacer\">\n\t\t\t<div class=\"elementor-spacer-inner\"><\/div>\n\t\t<\/div>\n\t\t\t\t<\/div>\n\t\t\t\t<\/div>\n\t\t\t\t<div class=\"elementor-element elementor-element-c7cca0f elementor-view-default elementor-position-top elementor-mobile-position-top elementor-widget elementor-widget-icon-box\" data-id=\"c7cca0f\" data-element_type=\"widget\" data-widget_type=\"icon-box.default\">\n\t\t\t\t<div class=\"elementor-widget-container\">\n\t\t\t\t\t<div class=\"elementor-icon-box-wrapper\">\n\n\t\t\t\t\t\t<div class=\"elementor-icon-box-icon\">\n\t\t\t\t<span  class=\"elementor-icon elementor-animation-\">\n\t\t\t\t<i aria-hidden=\"true\" class=\"fas fa-user-check\"><\/i>\t\t\t\t<\/span>\n\t\t\t<\/div>\n\t\t\t\n\t\t\t\t\t\t<div class=\"elementor-icon-box-content\">\n\n\t\t\t\t\t\t\t\t\t<h3 class=\"elementor-icon-box-title\">\n\t\t\t\t\t\t<span  >\n\t\t\t\t\t\t\tPara todos os Gestores\t\t\t\t\t\t<\/span>\n\t\t\t\t\t<\/h3>\n\t\t\t\t\n\t\t\t\t\n\t\t\t<\/div>\n\t\t\t\n\t\t<\/div>\n\t\t\t\t<\/div>\n\t\t\t\t<\/div>\n\t\t\t\t\t<\/div>\n\t\t<\/div>\n\t\t\t\t<div class=\"elementor-column elementor-col-25 elementor-top-column elementor-element elementor-element-de7eda5\" data-id=\"de7eda5\" data-element_type=\"column\">\n\t\t\t<div class=\"elementor-widget-wrap elementor-element-populated\">\n\t\t\t\t\t\t<div class=\"elementor-element elementor-element-b27db86 elementor-widget elementor-widget-image\" data-id=\"b27db86\" data-element_type=\"widget\" data-widget_type=\"image.default\">\n\t\t\t\t<div class=\"elementor-widget-container\">\n\t\t\t\t\t\t\t\t\t\t\t\t\t\t<a href=\"https:\/\/www.ufsm.br\/pro-reitorias\/progep\/trilha-de-desenvolvimento-de-gestores\" target=\"_blank\">\n\t\t\t\t\t\t\t<img fetchpriority=\"high\" decoding=\"async\" width=\"1024\" height=\"576\" src=\"https:\/\/www.ufsm.br\/app\/uploads\/sites\/341\/2025\/02\/Slide2-1024x576.jpg\" class=\"attachment-large size-large wp-image-42254\" alt=\"\" srcset=\"https:\/\/www.ufsm.br\/app\/uploads\/sites\/341\/2025\/02\/Slide2-1024x576.jpg 1024w, https:\/\/www.ufsm.br\/app\/uploads\/sites\/341\/2025\/02\/Slide2-300x169.jpg 300w, https:\/\/www.ufsm.br\/app\/uploads\/sites\/341\/2025\/02\/Slide2-768x432.jpg 768w, https:\/\/www.ufsm.br\/app\/uploads\/sites\/341\/2025\/02\/Slide2.jpg 1280w\" sizes=\"(max-width: 1024px) 100vw, 1024px\" \/>\t\t\t\t\t\t\t\t<\/a>\n\t\t\t\t\t\t\t\t\t\t\t\t\t<\/div>\n\t\t\t\t<\/div>\n\t\t\t\t<div class=\"elementor-element elementor-element-95d7b73 elementor-widget elementor-widget-text-editor\" data-id=\"95d7b73\" data-element_type=\"widget\" data-widget_type=\"text-editor.default\">\n\t\t\t\t<div class=\"elementor-widget-container\">\n\t\t\t\t\t\t\t<p style=\"text-align: center\">Visa desenvolver as compet\u00eancias gerenciais desejadas para <strong>atuais e futuros gestores da UFSM<\/strong>, independente do cargo ou fun\u00e7\u00e3o.<\/p>\t\t\t\t\t\t<\/div>\n\t\t\t\t<\/div>\n\t\t\t\t\t<\/div>\n\t\t<\/div>\n\t\t\t\t<div class=\"elementor-column elementor-col-25 elementor-top-column elementor-element elementor-element-119dbc5\" data-id=\"119dbc5\" data-element_type=\"column\">\n\t\t\t<div class=\"elementor-widget-wrap elementor-element-populated\">\n\t\t\t\t\t\t<div class=\"elementor-element elementor-element-eadd26b elementor-widget elementor-widget-image\" data-id=\"eadd26b\" data-element_type=\"widget\" data-widget_type=\"image.default\">\n\t\t\t\t<div class=\"elementor-widget-container\">\n\t\t\t\t\t\t\t\t\t\t\t\t\t\t<a href=\"https:\/\/www.ufsm.br\/pro-reitorias\/progep\/repositorio-de-conteudos\" target=\"_blank\">\n\t\t\t\t\t\t\t<img decoding=\"async\" width=\"1024\" height=\"576\" src=\"https:\/\/www.ufsm.br\/app\/uploads\/sites\/341\/2025\/06\/Repositorio-de-conteudos-1024x576.jpg\" class=\"attachment-large size-large wp-image-43406\" alt=\"\" srcset=\"https:\/\/www.ufsm.br\/app\/uploads\/sites\/341\/2025\/06\/Repositorio-de-conteudos-1024x576.jpg 1024w, https:\/\/www.ufsm.br\/app\/uploads\/sites\/341\/2025\/06\/Repositorio-de-conteudos-300x169.jpg 300w, https:\/\/www.ufsm.br\/app\/uploads\/sites\/341\/2025\/06\/Repositorio-de-conteudos-768x432.jpg 768w, https:\/\/www.ufsm.br\/app\/uploads\/sites\/341\/2025\/06\/Repositorio-de-conteudos.jpg 1280w\" sizes=\"(max-width: 1024px) 100vw, 1024px\" \/>\t\t\t\t\t\t\t\t<\/a>\n\t\t\t\t\t\t\t\t\t\t\t\t\t<\/div>\n\t\t\t\t<\/div>\n\t\t\t\t<div class=\"elementor-element elementor-element-86c7828 elementor-widget elementor-widget-text-editor\" data-id=\"86c7828\" data-element_type=\"widget\" data-widget_type=\"text-editor.default\">\n\t\t\t\t<div class=\"elementor-widget-container\">\n\t\t\t\t\t\t\t<p style=\"text-align: center\"><span style=\"color: #000000;font-size: 16px\">Reposit\u00f3rio com\u00a0<\/span><span style=\"font-weight: bolder;color: #000000;font-size: 16px\">conte\u00fados para apoiar a atua\u00e7\u00e3o di\u00e1ria <\/span><span style=\"color: #000000;font-size: 16px\">e contribuir com o desenvolvimento cont\u00ednuo das lideran\u00e7as na UFSM.<\/span><\/p>\t\t\t\t\t\t<\/div>\n\t\t\t\t<\/div>\n\t\t\t\t\t<\/div>\n\t\t<\/div>\n\t\t\t\t<div class=\"elementor-column elementor-col-25 elementor-top-column elementor-element elementor-element-ac70158\" data-id=\"ac70158\" data-element_type=\"column\">\n\t\t\t<div class=\"elementor-widget-wrap\">\n\t\t\t\t\t\t\t<\/div>\n\t\t<\/div>\n\t\t\t\t\t<\/div>\n\t\t<\/section>\n\t\t\t\t<section class=\"elementor-section elementor-top-section elementor-element elementor-element-7ab1cae elementor-section-boxed elementor-section-height-default elementor-section-height-default\" data-id=\"7ab1cae\" data-element_type=\"section\">\n\t\t\t\t\t\t<div class=\"elementor-container elementor-column-gap-default\">\n\t\t\t\t\t<div class=\"elementor-column elementor-col-25 elementor-top-column elementor-element elementor-element-fa720f8\" data-id=\"fa720f8\" data-element_type=\"column\">\n\t\t\t<div class=\"elementor-widget-wrap elementor-element-populated\">\n\t\t\t\t\t\t<div class=\"elementor-element elementor-element-56a1185 elementor-widget elementor-widget-spacer\" data-id=\"56a1185\" data-element_type=\"widget\" data-widget_type=\"spacer.default\">\n\t\t\t\t<div class=\"elementor-widget-container\">\n\t\t\t\t\t<div class=\"elementor-spacer\">\n\t\t\t<div class=\"elementor-spacer-inner\"><\/div>\n\t\t<\/div>\n\t\t\t\t<\/div>\n\t\t\t\t<\/div>\n\t\t\t\t<div class=\"elementor-element elementor-element-7384b80 elementor-view-default elementor-position-top elementor-mobile-position-top elementor-widget elementor-widget-icon-box\" data-id=\"7384b80\" data-element_type=\"widget\" data-widget_type=\"icon-box.default\">\n\t\t\t\t<div class=\"elementor-widget-container\">\n\t\t\t\t\t<div class=\"elementor-icon-box-wrapper\">\n\n\t\t\t\t\t\t<div class=\"elementor-icon-box-icon\">\n\t\t\t\t<span  class=\"elementor-icon elementor-animation-\">\n\t\t\t\t<i aria-hidden=\"true\" class=\"fas fa-user-cog\"><\/i>\t\t\t\t<\/span>\n\t\t\t<\/div>\n\t\t\t\n\t\t\t\t\t\t<div class=\"elementor-icon-box-content\">\n\n\t\t\t\t\t\t\t\t\t<h3 class=\"elementor-icon-box-title\">\n\t\t\t\t\t\t<span  >\n\t\t\t\t\t\t\tPara chefias de \u00e1reas espec\u00edficas\t\t\t\t\t\t<\/span>\n\t\t\t\t\t<\/h3>\n\t\t\t\t\n\t\t\t\t\n\t\t\t<\/div>\n\t\t\t\n\t\t<\/div>\n\t\t\t\t<\/div>\n\t\t\t\t<\/div>\n\t\t\t\t<div class=\"elementor-element elementor-element-c1962b4 elementor-widget elementor-widget-spacer\" data-id=\"c1962b4\" data-element_type=\"widget\" data-widget_type=\"spacer.default\">\n\t\t\t\t<div class=\"elementor-widget-container\">\n\t\t\t\t\t<div class=\"elementor-spacer\">\n\t\t\t<div class=\"elementor-spacer-inner\"><\/div>\n\t\t<\/div>\n\t\t\t\t<\/div>\n\t\t\t\t<\/div>\n\t\t\t\t\t<\/div>\n\t\t<\/div>\n\t\t\t\t<div class=\"elementor-column elementor-col-25 elementor-top-column elementor-element elementor-element-fb423a2\" data-id=\"fb423a2\" data-element_type=\"column\">\n\t\t\t<div class=\"elementor-widget-wrap elementor-element-populated\">\n\t\t\t\t\t\t<div class=\"elementor-element elementor-element-e090d00 elementor-widget__width-initial elementor-widget elementor-widget-image\" data-id=\"e090d00\" data-element_type=\"widget\" data-widget_type=\"image.default\">\n\t\t\t\t<div class=\"elementor-widget-container\">\n\t\t\t\t\t\t\t\t\t\t\t\t\t\t<a href=\"https:\/\/www.ufsm.br\/pro-reitorias\/progep\/trilha-de-gestao-de-cursos-de-pos-graduacao\" target=\"_blank\">\n\t\t\t\t\t\t\t<img decoding=\"async\" width=\"1024\" height=\"576\" src=\"https:\/\/www.ufsm.br\/app\/uploads\/sites\/341\/2025\/02\/Slide4-1024x576.jpg\" class=\"attachment-large size-large wp-image-42256\" alt=\"\" srcset=\"https:\/\/www.ufsm.br\/app\/uploads\/sites\/341\/2025\/02\/Slide4-1024x576.jpg 1024w, https:\/\/www.ufsm.br\/app\/uploads\/sites\/341\/2025\/02\/Slide4-300x169.jpg 300w, https:\/\/www.ufsm.br\/app\/uploads\/sites\/341\/2025\/02\/Slide4-768x432.jpg 768w, https:\/\/www.ufsm.br\/app\/uploads\/sites\/341\/2025\/02\/Slide4.jpg 1280w\" sizes=\"(max-width: 1024px) 100vw, 1024px\" \/>\t\t\t\t\t\t\t\t<\/a>\n\t\t\t\t\t\t\t\t\t\t\t\t\t<\/div>\n\t\t\t\t<\/div>\n\t\t\t\t<div class=\"elementor-element elementor-element-72549e2 elementor-widget elementor-widget-text-editor\" data-id=\"72549e2\" data-element_type=\"widget\" data-widget_type=\"text-editor.default\">\n\t\t\t\t<div class=\"elementor-widget-container\">\n\t\t\t\t\t\t\t<p style=\"text-align: center\"><span style=\"color: #000000;font-size: 16px\">Tem como objetivo fornecer uma forma\u00e7\u00e3o b\u00e1sica para atua\u00e7\u00e3o nas fun\u00e7\u00f5es de <strong>Coordenador e de Secret\u00e1rio de Curso de P\u00f3s-Gradua\u00e7\u00e3o<\/strong> da UFSM.<\/span><\/p>\t\t\t\t\t\t<\/div>\n\t\t\t\t<\/div>\n\t\t\t\t\t<\/div>\n\t\t<\/div>\n\t\t\t\t<div class=\"elementor-column elementor-col-25 elementor-top-column elementor-element elementor-element-610ad16\" data-id=\"610ad16\" data-element_type=\"column\">\n\t\t\t<div class=\"elementor-widget-wrap elementor-element-populated\">\n\t\t\t\t\t\t<div class=\"elementor-element elementor-element-8168878 elementor-widget elementor-widget-image\" data-id=\"8168878\" data-element_type=\"widget\" data-widget_type=\"image.default\">\n\t\t\t\t<div class=\"elementor-widget-container\">\n\t\t\t\t\t\t\t\t\t\t\t\t\t\t<a href=\"https:\/\/www.ufsm.br\/pro-reitorias\/progep\/trilha-de-gestao-de-cursos-de-graduacao\" target=\"_blank\">\n\t\t\t\t\t\t\t<img loading=\"lazy\" decoding=\"async\" width=\"1024\" height=\"576\" src=\"https:\/\/www.ufsm.br\/app\/uploads\/sites\/341\/2025\/02\/Slide3-1024x576.jpg\" class=\"attachment-large size-large wp-image-42255\" alt=\"\" srcset=\"https:\/\/www.ufsm.br\/app\/uploads\/sites\/341\/2025\/02\/Slide3-1024x576.jpg 1024w, https:\/\/www.ufsm.br\/app\/uploads\/sites\/341\/2025\/02\/Slide3-300x169.jpg 300w, https:\/\/www.ufsm.br\/app\/uploads\/sites\/341\/2025\/02\/Slide3-768x432.jpg 768w, https:\/\/www.ufsm.br\/app\/uploads\/sites\/341\/2025\/02\/Slide3.jpg 1280w\" sizes=\"(max-width: 1024px) 100vw, 1024px\" \/>\t\t\t\t\t\t\t\t<\/a>\n\t\t\t\t\t\t\t\t\t\t\t\t\t<\/div>\n\t\t\t\t<\/div>\n\t\t\t\t<div class=\"elementor-element elementor-element-af5f3f6 elementor-widget elementor-widget-text-editor\" data-id=\"af5f3f6\" data-element_type=\"widget\" data-widget_type=\"text-editor.default\">\n\t\t\t\t<div class=\"elementor-widget-container\">\n\t\t\t\t\t\t\t<p style=\"text-align: center\"><span style=\"color: #000000;font-size: 16px\">Tem como objetivo fornecer uma forma\u00e7\u00e3o b\u00e1sica para atua\u00e7\u00e3o nas fun\u00e7\u00f5es de <strong>Coordenador e de Secret\u00e1rio de Curso de Gradua\u00e7\u00e3o<\/strong> da UFSM<\/span><\/p>\t\t\t\t\t\t<\/div>\n\t\t\t\t<\/div>\n\t\t\t\t<div class=\"elementor-element elementor-element-9a7f757 elementor-widget elementor-widget-spacer\" data-id=\"9a7f757\" data-element_type=\"widget\" data-widget_type=\"spacer.default\">\n\t\t\t\t<div class=\"elementor-widget-container\">\n\t\t\t\t\t<div class=\"elementor-spacer\">\n\t\t\t<div class=\"elementor-spacer-inner\"><\/div>\n\t\t<\/div>\n\t\t\t\t<\/div>\n\t\t\t\t<\/div>\n\t\t\t\t\t<\/div>\n\t\t<\/div>\n\t\t\t\t<div class=\"elementor-column elementor-col-25 elementor-top-column elementor-element elementor-element-cfeba03\" data-id=\"cfeba03\" data-element_type=\"column\">\n\t\t\t<div class=\"elementor-widget-wrap elementor-element-populated\">\n\t\t\t\t\t\t<div class=\"elementor-element elementor-element-3113d25 elementor-widget elementor-widget-image\" data-id=\"3113d25\" data-element_type=\"widget\" data-widget_type=\"image.default\">\n\t\t\t\t<div class=\"elementor-widget-container\">\n\t\t\t\t\t\t\t\t\t\t\t\t\t\t<a href=\"https:\/\/www.ufsm.br\/pro-reitorias\/progep\/guias-de-formacao\" target=\"_blank\">\n\t\t\t\t\t\t\t<img loading=\"lazy\" decoding=\"async\" width=\"1024\" height=\"576\" src=\"https:\/\/www.ufsm.br\/app\/uploads\/sites\/341\/2025\/06\/Guias-de-formacao-1024x576.jpg\" class=\"attachment-large size-large wp-image-43407\" alt=\"\" srcset=\"https:\/\/www.ufsm.br\/app\/uploads\/sites\/341\/2025\/06\/Guias-de-formacao-1024x576.jpg 1024w, https:\/\/www.ufsm.br\/app\/uploads\/sites\/341\/2025\/06\/Guias-de-formacao-300x169.jpg 300w, https:\/\/www.ufsm.br\/app\/uploads\/sites\/341\/2025\/06\/Guias-de-formacao-768x432.jpg 768w, https:\/\/www.ufsm.br\/app\/uploads\/sites\/341\/2025\/06\/Guias-de-formacao.jpg 1280w\" sizes=\"(max-width: 1024px) 100vw, 1024px\" \/>\t\t\t\t\t\t\t\t<\/a>\n\t\t\t\t\t\t\t\t\t\t\t\t\t<\/div>\n\t\t\t\t<\/div>\n\t\t\t\t<div class=\"elementor-element elementor-element-ed34f25 elementor-widget elementor-widget-text-editor\" data-id=\"ed34f25\" data-element_type=\"widget\" data-widget_type=\"text-editor.default\">\n\t\t\t\t<div class=\"elementor-widget-container\">\n\t\t\t\t\t\t\t<p style=\"text-align: center\">Guia com a\u00e7\u00f5es de desenvolvimento e material complementar destinados a auxiliar as <strong>demais chefias das Unidades de Ensino<\/strong>.<\/p>\t\t\t\t\t\t<\/div>\n\t\t\t\t<\/div>\n\t\t\t\t<div class=\"elementor-element elementor-element-b175c56 elementor-widget elementor-widget-spacer\" data-id=\"b175c56\" data-element_type=\"widget\" data-widget_type=\"spacer.default\">\n\t\t\t\t<div class=\"elementor-widget-container\">\n\t\t\t\t\t<div class=\"elementor-spacer\">\n\t\t\t<div class=\"elementor-spacer-inner\"><\/div>\n\t\t<\/div>\n\t\t\t\t<\/div>\n\t\t\t\t<\/div>\n\t\t\t\t\t<\/div>\n\t\t<\/div>\n\t\t\t\t\t<\/div>\n\t\t<\/section>\n\t\t\t\t<section class=\"elementor-section elementor-top-section elementor-element elementor-element-209db47 elementor-section-boxed elementor-section-height-default elementor-section-height-default\" data-id=\"209db47\" data-element_type=\"section\">\n\t\t\t\t\t\t<div class=\"elementor-container elementor-column-gap-default\">\n\t\t\t\t\t<div class=\"elementor-column elementor-col-100 elementor-top-column elementor-element elementor-element-aeff792\" data-id=\"aeff792\" data-element_type=\"column\">\n\t\t\t<div class=\"elementor-widget-wrap elementor-element-populated\">\n\t\t\t\t\t\t<div class=\"elementor-element elementor-element-9fa0c62 elementor-widget elementor-widget-text-editor\" data-id=\"9fa0c62\" data-element_type=\"widget\" data-widget_type=\"text-editor.default\">\n\t\t\t\t<div class=\"elementor-widget-container\">\n\t\t\t\t\t\t\t<h5>\ud83d\udd17 Acompanhe a PROGEP nas redes sociais<\/h5>\t\t\t\t\t\t<\/div>\n\t\t\t\t<\/div>\n\t\t\t\t<div class=\"elementor-element elementor-element-fa21679 elementor-shape-rounded elementor-grid-0 e-grid-align-center elementor-widget elementor-widget-social-icons\" data-id=\"fa21679\" data-element_type=\"widget\" data-widget_type=\"social-icons.default\">\n\t\t\t\t<div class=\"elementor-widget-container\">\n\t\t\t\t\t<div class=\"elementor-social-icons-wrapper elementor-grid\">\n\t\t\t\t\t\t\t<span class=\"elementor-grid-item\">\n\t\t\t\t\t<a class=\"elementor-icon elementor-social-icon elementor-social-icon-instagram elementor-repeater-item-9e43b90\" href=\"https:\/\/www.instagram.com\/progepufsm\/\" target=\"_blank\">\n\t\t\t\t\t\t<span class=\"elementor-screen-only\">Instagram<\/span>\n\t\t\t\t\t\t<i class=\"fab fa-instagram\"><\/i>\t\t\t\t\t<\/a>\n\t\t\t\t<\/span>\n\t\t\t\t\t\t\t<span class=\"elementor-grid-item\">\n\t\t\t\t\t<a class=\"elementor-icon elementor-social-icon elementor-social-icon-facebook elementor-repeater-item-7d34dbf\" href=\"https:\/\/www.facebook.com\/progep\" target=\"_blank\">\n\t\t\t\t\t\t<span class=\"elementor-screen-only\">Facebook<\/span>\n\t\t\t\t\t\t<i class=\"fab fa-facebook\"><\/i>\t\t\t\t\t<\/a>\n\t\t\t\t<\/span>\n\t\t\t\t\t\t\t<span class=\"elementor-grid-item\">\n\t\t\t\t\t<a class=\"elementor-icon elementor-social-icon elementor-social-icon-whatsapp elementor-repeater-item-6318e70\" href=\"https:\/\/chat.whatsapp.com\/EzvjRXwjer00Kdhw6rEZq5\" target=\"_blank\">\n\t\t\t\t\t\t<span class=\"elementor-screen-only\">Whatsapp<\/span>\n\t\t\t\t\t\t<i class=\"fab fa-whatsapp\"><\/i>\t\t\t\t\t<\/a>\n\t\t\t\t<\/span>\n\t\t\t\t\t\t\t<span class=\"elementor-grid-item\">\n\t\t\t\t\t<a class=\"elementor-icon elementor-social-icon elementor-social-icon-google elementor-repeater-item-e0b38cc\" href=\"https:\/\/chat.google.com\/room\/AAAA141yFRw?cls=7\" target=\"_blank\">\n\t\t\t\t\t\t<span class=\"elementor-screen-only\">Google<\/span>\n\t\t\t\t\t\t<i class=\"fab fa-google\"><\/i>\t\t\t\t\t<\/a>\n\t\t\t\t<\/span>\n\t\t\t\t\t<\/div>\n\t\t\t\t<\/div>\n\t\t\t\t<\/div>\n\t\t\t\t\t<\/div>\n\t\t<\/div>\n\t\t\t\t\t<\/div>\n\t\t<\/section>\n\t\t\t\t<\/div>\n\t\t","protected":false},"excerpt":{"rendered":"<p>Programa voltado \u00e0 forma\u00e7\u00e3o e ao fortalecimento das lideran\u00e7as da institui\u00e7\u00e3o, em diferentes n\u00edveis e \u00e1reas de atua\u00e7\u00e3o.\u00a0\u00c9\u00a0composto de a\u00e7\u00f5es\u00a0destinadas a\u00a0todos os gestores da institui\u00e7\u00e3o\u00a0(Trilha de Desenvolvimento de Gestores\u00a0e Reposit\u00f3rio de Conte\u00fados), que s\u00e3o de participa\u00e7\u00e3o recomendada para todas as chefias,\u00a0e\u00a0por a\u00e7\u00f5es complementares, voltadas a\u00a0chefias de \u00e1reas espec\u00edficas\u00a0(trilhas espec\u00edficas\u00a0e\u00a0Guias de Forma\u00e7\u00e3o). \ud83d\udcd1 O Programa de [&hellip;]<\/p>\n","protected":false},"author":145,"featured_media":0,"parent":0,"menu_order":0,"comment_status":"closed","ping_status":"closed","template":"","meta":{"footnotes":""},"categories":[],"tags":[],"class_list":["post-43399","page","type-page","status-publish","hentry"],"acf":[],"_links":{"self":[{"href":"https:\/\/www.ufsm.br\/pro-reitorias\/progep\/wp-json\/wp\/v2\/pages\/43399","targetHints":{"allow":["GET"]}}],"collection":[{"href":"https:\/\/www.ufsm.br\/pro-reitorias\/progep\/wp-json\/wp\/v2\/pages"}],"about":[{"href":"https:\/\/www.ufsm.br\/pro-reitorias\/progep\/wp-json\/wp\/v2\/types\/page"}],"author":[{"embeddable":true,"href":"https:\/\/www.ufsm.br\/pro-reitorias\/progep\/wp-json\/wp\/v2\/users\/145"}],"replies":[{"embeddable":true,"href":"https:\/\/www.ufsm.br\/pro-reitorias\/progep\/wp-json\/wp\/v2\/comments?post=43399"}],"version-history":[{"count":0,"href":"https:\/\/www.ufsm.br\/pro-reitorias\/progep\/wp-json\/wp\/v2\/pages\/43399\/revisions"}],"wp:attachment":[{"href":"https:\/\/www.ufsm.br\/pro-reitorias\/progep\/wp-json\/wp\/v2\/media?parent=43399"}],"wp:term":[{"taxonomy":"category","embeddable":true,"href":"https:\/\/www.ufsm.br\/pro-reitorias\/progep\/wp-json\/wp\/v2\/categories?post=43399"},{"taxonomy":"post_tag","embeddable":true,"href":"https:\/\/www.ufsm.br\/pro-reitorias\/progep\/wp-json\/wp\/v2\/tags?post=43399"}],"curies":[{"name":"wp","href":"https:\/\/api.w.org\/{rel}","templated":true}]}}