{"id":2525,"date":"2019-11-13T19:08:24","date_gmt":"2019-11-13T22:08:24","guid":{"rendered":"https:\/\/www.ufsm.br\/orgaos-executivos\/caed\/?post_type=eventos&#038;p=2525"},"modified":"2019-11-16T01:22:36","modified_gmt":"2019-11-16T04:22:36","slug":"roda-de-conversa-intolerancia-religiosa","status":"publish","type":"eventos","link":"https:\/\/www.ufsm.br\/pro-reitorias\/prograd\/caed\/eventos\/roda-de-conversa-intolerancia-religiosa","parent":0,"template":"","tags":[],"class_list":["post-2525","eventos","type-eventos","status-publish","has-post-thumbnail","hentry"],"acf":{"evento_nome":"Roda de Conversa \"Intoler\u00e2ncia Religiosa\"","evento_inicio":"18\/11\/2019 17:00","evento_termino":"18\/11\/2019 19:00","evento_banner":{"ID":2537,"id":2537,"title":"IMG-20191114-WA0005 (5)","filename":"IMG-20191114-WA0005-5-2.jpg","filesize":135368,"url":"https:\/\/www.ufsm.br\/app\/uploads\/sites\/391\/2019\/11\/IMG-20191114-WA0005-5-2.jpg","link":"https:\/\/www.ufsm.br\/pro-reitorias\/prograd\/caed\/eventos\/roda-de-conversa-intolerancia-religiosa\/img-20191114-wa0005-5-3","alt":"","author":"282","description":"","caption":"","name":"img-20191114-wa0005-5-3","status":"inherit","uploaded_to":2525,"date":"2019-11-16 04:20:02","modified":"2019-11-16 04:20:02","menu_order":0,"mime_type":"image\/jpeg","type":"image","subtype":"jpeg","icon":"https:\/\/www.ufsm.br\/pro-reitorias\/prograd\/caed\/wp-includes\/images\/media\/default.png","width":1200,"height":444,"sizes":{"thumbnail":"https:\/\/www.ufsm.br\/app\/uploads\/sites\/391\/2019\/11\/IMG-20191114-WA0005-5-2-150x150.jpg","thumbnail-width":150,"thumbnail-height":150,"medium":"https:\/\/www.ufsm.br\/app\/uploads\/sites\/391\/2019\/11\/IMG-20191114-WA0005-5-2-300x111.jpg","medium-width":300,"medium-height":111,"medium_large":"https:\/\/www.ufsm.br\/app\/uploads\/sites\/391\/2019\/11\/IMG-20191114-WA0005-5-2-768x284.jpg","medium_large-width":768,"medium_large-height":284,"large":"https:\/\/www.ufsm.br\/app\/uploads\/sites\/391\/2019\/11\/IMG-20191114-WA0005-5-2-1024x379.jpg","large-width":1024,"large-height":379,"1536x1536":"https:\/\/www.ufsm.br\/app\/uploads\/sites\/391\/2019\/11\/IMG-20191114-WA0005-5-2.jpg","1536x1536-width":1200,"1536x1536-height":444,"2048x2048":"https:\/\/www.ufsm.br\/app\/uploads\/sites\/391\/2019\/11\/IMG-20191114-WA0005-5-2.jpg","2048x2048-width":1200,"2048x2048-height":444,"sow-carousel-default":"https:\/\/www.ufsm.br\/app\/uploads\/sites\/391\/2019\/11\/IMG-20191114-WA0005-5-2-272x182.jpg","sow-carousel-default-width":272,"sow-carousel-default-height":182}},"endereco_url":"roda-de-conversa-intolerancia-religiosa","evento_categoria":"T\u00c9CNICO-CIENT\u00cdFICOS","evento_descricao":"<p>O N\u00facleo de A\u00e7\u00f5es Afirmativas Sociais, \u00c9tnico-Raciais e Ind\u00edgenas-CAED\/UFSM, convida para a Roda de Conversa &#8220;Intoler\u00e2ncia Religiosa&#8221;, atividade do M\u00eas da Consci\u00eancia Negra UFSM 2019, destinada \u00e0 Comunidade Acad\u00eamica e a Comunidade Externa, no dia 18 de novembro \u00e0s 17h, no audit\u00f3rio do pr\u00e9dio 67.<br \/>\nA Roda de Conversa ter\u00e1 como Mediadores: Gilvan Silveira Moraes, Sandra Beatriz Aires dos Santos, Thomaz Gon\u00e7alves de Almeida e Valdemir Rodrigues Vieira dos Santos<\/p>\n","evento_programacao":null,"evento_inscricao":null,"evento_local":"Audit\u00f3rio do Pr\u00e9dio 67","evento_contato":"<p>3220-8729<\/p>\n"},"_links":{"self":[{"href":"https:\/\/www.ufsm.br\/pro-reitorias\/prograd\/caed\/wp-json\/wp\/v2\/eventos\/2525","targetHints":{"allow":["GET"]}}],"collection":[{"href":"https:\/\/www.ufsm.br\/pro-reitorias\/prograd\/caed\/wp-json\/wp\/v2\/eventos"}],"about":[{"href":"https:\/\/www.ufsm.br\/pro-reitorias\/prograd\/caed\/wp-json\/wp\/v2\/types\/eventos"}],"wp:featuredmedia":[{"embeddable":true,"href":"https:\/\/www.ufsm.br\/pro-reitorias\/prograd\/caed\/wp-json\/wp\/v2\/media\/2537"}],"wp:attachment":[{"href":"https:\/\/www.ufsm.br\/pro-reitorias\/prograd\/caed\/wp-json\/wp\/v2\/media?parent=2525"}],"wp:term":[{"taxonomy":"post_tag","embeddable":true,"href":"https:\/\/www.ufsm.br\/pro-reitorias\/prograd\/caed\/wp-json\/wp\/v2\/tags?post=2525"}],"curies":[{"name":"wp","href":"https:\/\/api.w.org\/{rel}","templated":true}]}}

Roda de Conversa "Intolerância Religiosa"

TÉCNICO-CIENTÍFICOS

<p>O Núcleo de Ações Afirmativas Sociais, Étnico-Raciais e Indígenas-CAED/UFSM, convida para a Roda de Conversa &#8220;Intolerância Religiosa&#8221;, atividade do Mês da Consciência Negra UFSM 2019, destinada à Comunidade Acadêmica e a Comunidade Externa, no dia 18 de novembro às 17h, no auditório do prédio 67.<br />
A Roda de Conversa terá como Mediadores: Gilvan Silveira Moraes, Sandra Beatriz Aires dos Santos, Thomaz Gonçalves de Almeida e Valdemir Rodrigues Vieira dos Santos</p>

Auditório do Prédio 67
