{"id":4570,"date":"2021-07-15T19:14:58","date_gmt":"2021-07-15T22:14:58","guid":{"rendered":"https:\/\/www.ufsm.br\/orgaos-executivos\/caed\/?post_type=eventos&#038;p=4570"},"modified":"2021-07-15T19:14:58","modified_gmt":"2021-07-15T22:14:58","slug":"roda-de-conversa-cuidando-da-saude-mental-no-ensino-remoto-estrategias-possiveis","status":"publish","type":"eventos","link":"https:\/\/www.ufsm.br\/pro-reitorias\/prograd\/caed\/eventos\/roda-de-conversa-cuidando-da-saude-mental-no-ensino-remoto-estrategias-possiveis","parent":0,"template":"","tags":[],"class_list":["post-4570","eventos","type-eventos","status-publish","has-post-thumbnail","hentry"],"acf":{"evento_nome":"Roda de Conversa- Cuidando da Sa\u00fade Mental no Ensino Remoto: Estrat\u00e9gias Poss\u00edveis","evento_inicio":"22\/07\/2021 17:00","evento_termino":"22\/07\/2021 19:00","evento_banner":{"ID":4573,"id":4573,"title":"Cuidando a sa\u00fade mental (2)","filename":"Cuidando-a-saude-mental-2-5.jpg","filesize":182441,"url":"https:\/\/www.ufsm.br\/app\/uploads\/sites\/391\/2021\/07\/Cuidando-a-saude-mental-2-5.jpg","link":"https:\/\/www.ufsm.br\/pro-reitorias\/prograd\/caed\/eventos\/roda-de-conversa-cuidando-da-saude-mental-no-ensino-remoto-estrategias-possiveis\/cuidando-a-saude-mental-2-6","alt":"","author":"282","description":"","caption":"","name":"cuidando-a-saude-mental-2-6","status":"inherit","uploaded_to":4570,"date":"2021-07-15 22:14:38","modified":"2021-07-15 22:14:38","menu_order":0,"mime_type":"image\/jpeg","type":"image","subtype":"jpeg","icon":"https:\/\/www.ufsm.br\/pro-reitorias\/prograd\/caed\/wp-includes\/images\/media\/default.png","width":940,"height":788,"sizes":{"thumbnail":"https:\/\/www.ufsm.br\/app\/uploads\/sites\/391\/2021\/07\/Cuidando-a-saude-mental-2-5-150x150.jpg","thumbnail-width":150,"thumbnail-height":150,"medium":"https:\/\/www.ufsm.br\/app\/uploads\/sites\/391\/2021\/07\/Cuidando-a-saude-mental-2-5-300x251.jpg","medium-width":300,"medium-height":251,"medium_large":"https:\/\/www.ufsm.br\/app\/uploads\/sites\/391\/2021\/07\/Cuidando-a-saude-mental-2-5-768x644.jpg","medium_large-width":768,"medium_large-height":644,"large":"https:\/\/www.ufsm.br\/app\/uploads\/sites\/391\/2021\/07\/Cuidando-a-saude-mental-2-5.jpg","large-width":940,"large-height":788,"1536x1536":"https:\/\/www.ufsm.br\/app\/uploads\/sites\/391\/2021\/07\/Cuidando-a-saude-mental-2-5.jpg","1536x1536-width":940,"1536x1536-height":788,"2048x2048":"https:\/\/www.ufsm.br\/app\/uploads\/sites\/391\/2021\/07\/Cuidando-a-saude-mental-2-5.jpg","2048x2048-width":940,"2048x2048-height":788,"sow-carousel-default":"https:\/\/www.ufsm.br\/app\/uploads\/sites\/391\/2021\/07\/Cuidando-a-saude-mental-2-5-272x182.jpg","sow-carousel-default-width":272,"sow-carousel-default-height":182}},"endereco_url":"roda-de-conversa-cuidando-da-saude-mental-no-ensino-remoto-estrategias-possiveis","evento_categoria":"T\u00c9CNICO-CIENT\u00cdFICOS","evento_descricao":"<p><img fetchpriority=\"high\" decoding=\"async\" class=\"alignnone size-full wp-image-4571\" src=\"https:\/\/www.ufsm.br\/app\/uploads\/sites\/391\/2021\/07\/Cuidando-a-saude-mental-2-4.jpg\" alt=\"\" width=\"940\" height=\"788\" srcset=\"https:\/\/www.ufsm.br\/app\/uploads\/sites\/391\/2021\/07\/Cuidando-a-saude-mental-2-4.jpg 940w, https:\/\/www.ufsm.br\/app\/uploads\/sites\/391\/2021\/07\/Cuidando-a-saude-mental-2-4-300x251.jpg 300w, https:\/\/www.ufsm.br\/app\/uploads\/sites\/391\/2021\/07\/Cuidando-a-saude-mental-2-4-768x644.jpg 768w\" sizes=\"(max-width: 940px) 100vw, 940px\" \/><\/p>\n","evento_programacao":"<p style=\"text-align: justify\">A Universidade Federal de Santa Maria (UFSM) atrav\u00e9s da Coordenadoria de A\u00e7\u00f5es Educacionais (CAEd)-PROGRAD e da Subdivis\u00e3o de A\u00e7\u00f5es Afirmativas Sociais, \u00c9tnico-Raciais e Ind\u00edgenas convida a comunidade acad\u00eamica e a comunidade externa para a Roda de Conversa- Cuidando da Sa\u00fade Mental no Ensino Remoto: Estrat\u00e9gias Poss\u00edveis, que ser\u00e1 realizada no dia 22 de julho, \u00e0s 17h. A Roda de Conversa ser\u00e1 realizada de forma online, pelo Google Meet e as inscri\u00e7\u00f5es podem ser realizadas via formul\u00e1rio, no link:<a href=\"https:\/\/forms.gle\/SnkoW5ZAiFdHjQrp8\">\u00a0https:\/\/forms.gle\/SnkoW5ZAiFdHjQrp8<\/a><\/p>\n","evento_inscricao":"<p>Via formul\u00e1rio no link: <a href=\"https:\/\/forms.gle\/nm6ycqp3RHeiUZZy9\">https:\/\/forms.gle\/nm6ycqp3RHeiUZZy9<\/a><\/p>\n","evento_local":"Google Meet ","evento_contato":"<p>E-mail: caed.acoesafirmativas@ufsm.br<\/p>\n"},"_links":{"self":[{"href":"https:\/\/www.ufsm.br\/pro-reitorias\/prograd\/caed\/wp-json\/wp\/v2\/eventos\/4570","targetHints":{"allow":["GET"]}}],"collection":[{"href":"https:\/\/www.ufsm.br\/pro-reitorias\/prograd\/caed\/wp-json\/wp\/v2\/eventos"}],"about":[{"href":"https:\/\/www.ufsm.br\/pro-reitorias\/prograd\/caed\/wp-json\/wp\/v2\/types\/eventos"}],"wp:featuredmedia":[{"embeddable":true,"href":"https:\/\/www.ufsm.br\/pro-reitorias\/prograd\/caed\/wp-json\/wp\/v2\/media\/4573"}],"wp:attachment":[{"href":"https:\/\/www.ufsm.br\/pro-reitorias\/prograd\/caed\/wp-json\/wp\/v2\/media?parent=4570"}],"wp:term":[{"taxonomy":"post_tag","embeddable":true,"href":"https:\/\/www.ufsm.br\/pro-reitorias\/prograd\/caed\/wp-json\/wp\/v2\/tags?post=4570"}],"curies":[{"name":"wp","href":"https:\/\/api.w.org\/{rel}","templated":true}]}}

Roda de Conversa- Cuidando da Saúde Mental no Ensino Remoto: Estratégias Possíveis

Cuidando a saúde mental (2)

TÉCNICO-CIENTÍFICOS

<p style="text-align: justify">A Universidade Federal de Santa Maria (UFSM) através da Coordenadoria de Ações Educacionais (CAEd)-PROGRAD e da Subdivisão de Ações Afirmativas Sociais, Étnico-Raciais e Indígenas convida a comunidade acadêmica e a comunidade externa para a Roda de Conversa- Cuidando da Saúde Mental no Ensino Remoto: Estratégias Possíveis, que será realizada no dia 22 de julho, às 17h. A Roda de Conversa será realizada de forma online, pelo Google Meet e as inscrições podem ser realizadas via formulário, no link:<a href="https://forms.gle/SnkoW5ZAiFdHjQrp8"> https://forms.gle/SnkoW5ZAiFdHjQrp8</a></p>

<p>Via formulário no link: <a href="https://forms.gle/nm6ycqp3RHeiUZZy9">https://forms.gle/nm6ycqp3RHeiUZZy9</a></p>
