{"id":4900,"date":"2021-11-15T19:32:44","date_gmt":"2021-11-15T22:32:44","guid":{"rendered":"https:\/\/www.ufsm.br\/orgaos-executivos\/caed\/?post_type=eventos&#038;p=4900"},"modified":"2021-11-15T19:32:45","modified_gmt":"2021-11-15T22:32:45","slug":"roda-de-conversa-dialogos-com-estudantes-negros-pretos-e-pardos","status":"publish","type":"eventos","link":"https:\/\/www.ufsm.br\/pro-reitorias\/prograd\/caed\/eventos\/roda-de-conversa-dialogos-com-estudantes-negros-pretos-e-pardos","parent":0,"template":"","tags":[],"class_list":["post-4900","eventos","type-eventos","status-publish","has-post-thumbnail","hentry"],"acf":{"evento_nome":"Roda de Conversa- Di\u00e1logos com Estudantes Negros (Pretos e Pardos)","evento_inicio":"16\/11\/2021 17:00","evento_termino":"16\/11\/2021 19:00","evento_banner":{"ID":4902,"id":4902,"title":"WhatsApp Image 2021-11-12 at 08.38.25","filename":"WhatsApp-Image-2021-11-12-at-08.38.25-2.jpeg","filesize":306991,"url":"https:\/\/www.ufsm.br\/app\/uploads\/sites\/391\/2021\/11\/WhatsApp-Image-2021-11-12-at-08.38.25-2.jpeg","link":"https:\/\/www.ufsm.br\/pro-reitorias\/prograd\/caed\/eventos\/roda-de-conversa-dialogos-com-estudantes-negros-pretos-e-pardos\/whatsapp-image-2021-11-12-at-08-38-25-2","alt":"","author":"282","description":"","caption":"","name":"whatsapp-image-2021-11-12-at-08-38-25-2","status":"inherit","uploaded_to":4900,"date":"2021-11-15 22:29:19","modified":"2021-11-15 22:29:19","menu_order":0,"mime_type":"image\/jpeg","type":"image","subtype":"jpeg","icon":"https:\/\/www.ufsm.br\/pro-reitorias\/prograd\/caed\/wp-includes\/images\/media\/default.png","width":904,"height":1280,"sizes":{"thumbnail":"https:\/\/www.ufsm.br\/app\/uploads\/sites\/391\/2021\/11\/WhatsApp-Image-2021-11-12-at-08.38.25-2-150x150.jpeg","thumbnail-width":150,"thumbnail-height":150,"medium":"https:\/\/www.ufsm.br\/app\/uploads\/sites\/391\/2021\/11\/WhatsApp-Image-2021-11-12-at-08.38.25-2-212x300.jpeg","medium-width":212,"medium-height":300,"medium_large":"https:\/\/www.ufsm.br\/app\/uploads\/sites\/391\/2021\/11\/WhatsApp-Image-2021-11-12-at-08.38.25-2-768x1087.jpeg","medium_large-width":768,"medium_large-height":1087,"large":"https:\/\/www.ufsm.br\/app\/uploads\/sites\/391\/2021\/11\/WhatsApp-Image-2021-11-12-at-08.38.25-2-723x1024.jpeg","large-width":723,"large-height":1024,"1536x1536":"https:\/\/www.ufsm.br\/app\/uploads\/sites\/391\/2021\/11\/WhatsApp-Image-2021-11-12-at-08.38.25-2.jpeg","1536x1536-width":904,"1536x1536-height":1280,"2048x2048":"https:\/\/www.ufsm.br\/app\/uploads\/sites\/391\/2021\/11\/WhatsApp-Image-2021-11-12-at-08.38.25-2.jpeg","2048x2048-width":904,"2048x2048-height":1280,"sow-carousel-default":"https:\/\/www.ufsm.br\/app\/uploads\/sites\/391\/2021\/11\/WhatsApp-Image-2021-11-12-at-08.38.25-2-272x182.jpeg","sow-carousel-default-width":272,"sow-carousel-default-height":182}},"endereco_url":"roda-de-conversa-dialogos-com-estudantes-negros-pretos-e-pardos","evento_categoria":"T\u00c9CNICO-CIENT\u00cdFICOS","evento_descricao":"<p><img fetchpriority=\"high\" decoding=\"async\" class=\"alignnone wp-image-4901 size-full\" src=\"https:\/\/www.ufsm.br\/app\/uploads\/sites\/391\/2021\/11\/WhatsApp-Image-2021-11-12-at-08.38.25.jpeg\" alt=\"\" width=\"904\" height=\"1280\" srcset=\"https:\/\/www.ufsm.br\/app\/uploads\/sites\/391\/2021\/11\/WhatsApp-Image-2021-11-12-at-08.38.25.jpeg 904w, https:\/\/www.ufsm.br\/app\/uploads\/sites\/391\/2021\/11\/WhatsApp-Image-2021-11-12-at-08.38.25-212x300.jpeg 212w, https:\/\/www.ufsm.br\/app\/uploads\/sites\/391\/2021\/11\/WhatsApp-Image-2021-11-12-at-08.38.25-723x1024.jpeg 723w, https:\/\/www.ufsm.br\/app\/uploads\/sites\/391\/2021\/11\/WhatsApp-Image-2021-11-12-at-08.38.25-768x1087.jpeg 768w\" sizes=\"(max-width: 904px) 100vw, 904px\" \/><\/p>\n","evento_programacao":"<p>A Universidade Federal de Santa Maria (UFSM) atrav\u00e9s da Coordenadoria de A\u00e7\u00f5es Educacionais-CAEd- PROGRAD e da Subdivis\u00e3o de A\u00e7\u00f5es Afirmativas Sociais, \u00c9tnico-Raciais e Ind\u00edgenas convida a comunidade acad\u00eamica e a comunidade externa para a Roda de Conversa- Di\u00e1logos com Estudantes Negros\u00a0 \u00a0 (Pretos e Pardos), que ser\u00e1 realizada no dia 16 de novembro, \u00e0s 17h.\u00a0 A Roda de Conversa faz parte da Programa\u00e7\u00e3o do CalendAfro-Novembro Negro 2021. A Roda de Conversa ser\u00e1 realizada de forma online, pelo Google Meet e as inscri\u00e7\u00f5es podem ser realizadas via formul\u00e1rio, no link: <a href=\"https:\/\/www.ufsm.br\/orgaos-executivos\/caed\/2021\/11\/13\/roda-de-conversa-dialogos-com-estudantes-negros-pretos-e-pardos\/_wp_link_placeholder\">https:\/\/forms.gle\/pBDVS6xsYRPaoR626<\/a><\/p>\n","evento_inscricao":"<p>Via formul\u00e1rio, no link: <a href=\"https:\/\/forms.gle\/pBDVS6xsYRPaoR626\">https:\/\/forms.gle\/pBDVS6xsYRPaoR626<\/a><\/p>\n<p>&nbsp;<\/p>\n","evento_local":"Google Meet","evento_contato":"<p>E-mail: caed.acoesafirmativas@ufsm.br<\/p>\n<p>Tel:55-3220-8729<\/p>\n<p>&nbsp;<\/p>\n<p>&nbsp;<\/p>\n"},"_links":{"self":[{"href":"https:\/\/www.ufsm.br\/pro-reitorias\/prograd\/caed\/wp-json\/wp\/v2\/eventos\/4900","targetHints":{"allow":["GET"]}}],"collection":[{"href":"https:\/\/www.ufsm.br\/pro-reitorias\/prograd\/caed\/wp-json\/wp\/v2\/eventos"}],"about":[{"href":"https:\/\/www.ufsm.br\/pro-reitorias\/prograd\/caed\/wp-json\/wp\/v2\/types\/eventos"}],"wp:featuredmedia":[{"embeddable":true,"href":"https:\/\/www.ufsm.br\/pro-reitorias\/prograd\/caed\/wp-json\/wp\/v2\/media\/4902"}],"wp:attachment":[{"href":"https:\/\/www.ufsm.br\/pro-reitorias\/prograd\/caed\/wp-json\/wp\/v2\/media?parent=4900"}],"wp:term":[{"taxonomy":"post_tag","embeddable":true,"href":"https:\/\/www.ufsm.br\/pro-reitorias\/prograd\/caed\/wp-json\/wp\/v2\/tags?post=4900"}],"curies":[{"name":"wp","href":"https:\/\/api.w.org\/{rel}","templated":true}]}}

Roda de Conversa- Diálogos com Estudantes Negros (Pretos e Pardos)

TÉCNICO-CIENTÍFICOS

<p>A Universidade Federal de Santa Maria (UFSM) através da Coordenadoria de Ações Educacionais-CAEd- PROGRAD e da Subdivisão de Ações Afirmativas Sociais, Étnico-Raciais e Indígenas convida a comunidade acadêmica e a comunidade externa para a Roda de Conversa- Diálogos com Estudantes Negros    (Pretos e Pardos), que será realizada no dia 16 de novembro, às 17h.  A Roda de Conversa faz parte da Programação do CalendAfro-Novembro Negro 2021. A Roda de Conversa será realizada de forma online, pelo Google Meet e as inscrições podem ser realizadas via formulário, no link: <a href="https://www.ufsm.br/orgaos-executivos/caed/2021/11/13/roda-de-conversa-dialogos-com-estudantes-negros-pretos-e-pardos/_wp_link_placeholder">https://forms.gle/pBDVS6xsYRPaoR626</a></p>

<p>Via formulário, no link: <a href="https://forms.gle/pBDVS6xsYRPaoR626">https://forms.gle/pBDVS6xsYRPaoR626</a></p>
<p>&nbsp;</p>
