{"id":4157,"date":"2021-05-11T17:04:07","date_gmt":"2021-05-11T20:04:07","guid":{"rendered":"https:\/\/www.ufsm.br\/orgaos-executivos\/caed\/?page_id=4157"},"modified":"2025-07-03T12:26:51","modified_gmt":"2025-07-03T15:26:51","slug":"sobre-a-caed","status":"publish","type":"page","link":"https:\/\/www.ufsm.br\/pro-reitorias\/prograd\/caed\/sobre-a-caed","title":{"rendered":"Sobre a CAED"},"content":{"rendered":"\t\t<div data-elementor-type=\"wp-page\" data-elementor-id=\"4157\" class=\"elementor elementor-4157\">\n\t\t\t\t\t\t<section class=\"elementor-section elementor-top-section elementor-element elementor-element-cc7b2a8 elementor-section-boxed elementor-section-height-default elementor-section-height-default\" data-id=\"cc7b2a8\" data-element_type=\"section\">\n\t\t\t\t\t\t<div class=\"elementor-container elementor-column-gap-default\">\n\t\t\t\t\t<div class=\"elementor-column elementor-col-100 elementor-top-column elementor-element elementor-element-3390086\" data-id=\"3390086\" data-element_type=\"column\">\n\t\t\t<div class=\"elementor-widget-wrap elementor-element-populated\">\n\t\t\t\t\t\t<div class=\"elementor-element elementor-element-fc9673a elementor-widget elementor-widget-text-editor\" data-id=\"fc9673a\" data-element_type=\"widget\" data-widget_type=\"text-editor.default\">\n\t\t\t\t<div class=\"elementor-widget-container\">\n\t\t\t\t\t\t\t<p><span style=\"font-size: 16px\">A\u00a0<\/span><span style=\"font-weight: bolder;font-size: 16px\">Coordenadoria de A\u00e7\u00f5es Educacionais (CAED) ,<\/span><span style=\"font-size: 16px\">\u00a0subunidade administrativa vinculada \u00e0 Pr\u00f3-Reitoria de Gradua\u00e7\u00e3o, desenvolve a\u00e7\u00f5es de apoio junto ao p\u00fablico\u00a0 da UFSM. O trabalho desenvolvido visa, de modo geral, o acesso e a perman\u00eancia\u00a0dos estudantes na Institui\u00e7\u00e3o, a promo\u00e7\u00e3o da aprendizagem, a acessibilidade,\u00a0as a\u00e7\u00f5es afirmativas\u00a0e a promo\u00e7\u00e3o de a\u00e7\u00f5es na \u00e1rea da\u00a0educa\u00e7\u00e3o-sa\u00fade.<\/span><\/p>\t\t\t\t\t\t<\/div>\n\t\t\t\t<\/div>\n\t\t\t\t\t<\/div>\n\t\t<\/div>\n\t\t\t\t\t<\/div>\n\t\t<\/section>\n\t\t\t\t<section class=\"elementor-section elementor-top-section elementor-element elementor-element-927daec elementor-section-boxed elementor-section-height-default elementor-section-height-default\" data-id=\"927daec\" data-element_type=\"section\">\n\t\t\t\t\t\t<div class=\"elementor-container elementor-column-gap-default\">\n\t\t\t\t\t<div class=\"elementor-column elementor-col-100 elementor-top-column elementor-element elementor-element-2b0b045\" data-id=\"2b0b045\" data-element_type=\"column\">\n\t\t\t<div class=\"elementor-widget-wrap elementor-element-populated\">\n\t\t\t\t\t\t<div class=\"elementor-element elementor-element-cf930de elementor-widget elementor-widget-heading\" data-id=\"cf930de\" data-element_type=\"widget\" data-widget_type=\"heading.default\">\n\t\t\t\t<div class=\"elementor-widget-container\">\n\t\t\t<h2 class=\"elementor-heading-title elementor-size-large\">Servi\u00e7os prestados pela CAED<\/h2>\t\t<\/div>\n\t\t\t\t<\/div>\n\t\t\t\t<div class=\"elementor-element elementor-element-140ef7e elementor-widget elementor-widget-spacer\" data-id=\"140ef7e\" data-element_type=\"widget\" data-widget_type=\"spacer.default\">\n\t\t\t\t<div class=\"elementor-widget-container\">\n\t\t\t\t\t<div class=\"elementor-spacer\">\n\t\t\t<div class=\"elementor-spacer-inner\"><\/div>\n\t\t<\/div>\n\t\t\t\t<\/div>\n\t\t\t\t<\/div>\n\t\t\t\t<div class=\"elementor-element elementor-element-de70879 elementor-widget elementor-widget-text-editor\" data-id=\"de70879\" data-element_type=\"widget\" data-widget_type=\"text-editor.default\">\n\t\t\t\t<div class=\"elementor-widget-container\">\n\t\t\t\t\t\t\t<ul><li><a href=\"https:\/\/www.ufsm.br\/pro-reitorias\/prograd\/caed\/servicos\/solicitacao-de-adaptacao-de-materiais-academicos\">Adapta\u00e7\u00e3o de materiais acad\u00eamicos:<\/a><\/li><li><a href=\"https:\/\/www.ufsm.br\/pro-reitorias\/prograd\/caed\/servicos\/saude-mental-solicitacao-de-atendimento\">Atendimento em sa\u00fade mental;<\/a><\/li><li><a href=\"https:\/\/www.ufsm.br\/pro-reitorias\/prograd\/caed\/servicos\/atendimentos-especializados\">Atendimento especializado nas \u00e1reas de Educa\u00e7\u00e3o Especial, Fonoaudiologia e Terapia Ocupacional;<\/a><\/li><li><a href=\"https:\/\/www.ufsm.br\/pro-reitorias\/prograd\/caed\/nucleo-de-acoes-afirmativas-sociais-etnico-raciais-e-indigenas\/atividades\">Curso B\u00e1sico de L\u00edngua Guarani;<\/a><\/li><li><a href=\"https:\/\/www.ufsm.br\/pro-reitorias\/prograd\/caed\/nucleo-de-acoes-afirmativas-sociais-etnico-raciais-e-indigenas\/atividades\">Curso B\u00e1sico de L\u00edngua Kaingang;<\/a><\/li><li><a href=\"https:\/\/www.ufsm.br\/pro-reitorias\/prograd\/caed\/2022\/11\/29\/inscricoes-abertas-para-os-cursos-de-servico-de-atendimento-educacional-especializado-e-servico-de-atendimento-educacional-especializado-para-o-educando-com-altas-habilidades-superdotacao\"><span style=\"font-weight: 400\">Curso de Servi\u00e7o de Atendimento Educacional Especializado (AEE);<\/span><\/a><\/li><li><a href=\"https:\/\/www.ufsm.br\/pro-reitorias\/prograd\/caed\/2022\/11\/29\/inscricoes-abertas-para-os-cursos-de-servico-de-atendimento-educacional-especializado-e-servico-de-atendimento-educacional-especializado-para-o-educando-com-altas-habilidades-superdotacao\"><span style=\"font-weight: 400\">Curso de Servi\u00e7o de Atendimento Educacional Especializado (AEE) para o educando com Altas Habilidades Superdota\u00e7\u00e3o;<\/span><\/a><\/li><li><a href=\"https:\/\/www.ufsm.br\/pro-reitorias\/prograd\/caed\/2023\/03\/23\/curso-presencial-de-libras-2023-01\">Curso de Libras;<\/a><\/li><li><a href=\"https:\/\/www.ufsm.br\/pro-reitorias\/prograd\/caed\/2022\/07\/14\/curso-potencializando-a-aprendizagem-com-diferentes-estrategias-de-estudos\">Curso Potencializando a Aprendizagem com diferentes estrat\u00e9gias de estudos &#8211; 2\u00aa Edi\u00e7\u00e3o ampliada;<\/a><\/li><li><a href=\"https:\/\/www.ufsm.br\/pro-reitorias\/prograd\/caed\/servicos\/curso-de-formacao-para-a-inclusao-educacional\">Curso de forma\u00e7\u00e3o para inclus\u00e3o educacional;<\/a><\/li><li><a href=\"https:\/\/www.ufsm.br\/pro-reitorias\/prograd\/caed\/servicos\/formulario-de-solicitacao-de-cursos-palestras-e-orientacoes\">Cursos, Palestras e Rodas de conversa na \u00e1rea das A\u00e7\u00f5es Afirmativas;<\/a><\/li><li><a href=\"https:\/\/www.ufsm.br\/pro-reitorias\/prograd\/caed\/servicos\/solicitacao-de-descricao-de-imagem\">Descri\u00e7\u00e3o de imagens;<\/a><\/li><li><a href=\"https:\/\/www.ufsm.br\/pro-reitorias\/prograd\/caed\/nucleo-de-acessibilidade\">Elabora\u00e7\u00e3o de materiais educativos na \u00e1rea da Acessibilidade;<\/a><\/li><li><a href=\"https:\/\/www.ufsm.br\/pro-reitorias\/prograd\/caed\/servicos\/solicitacao-para-entrega-de-almoco-marmitex-para-pessoas-com-deficiencia\">Entrega de almo\u00e7o para pessoas com defici\u00eancia;<\/a><\/li><li><a href=\"https:\/\/www.ufsm.br\/pro-reitorias\/prograd\/caed\/servicos\/grupos\">Grupos na \u00e1rea de educa\u00e7\u00e3o e sa\u00fade;<\/a><\/li><li>Monitorias (<a href=\"https:\/\/www.ufsm.br\/pro-reitorias\/prograd\/caed\/servicos\/solicitacao-de-monitoria-de-apoio-a-leitura-de-textos-academicos\">Apoio \u00e0 Leitura de Textos Acad\u00eamicos<\/a>; <a href=\"https:\/\/www.ufsm.br\/pro-reitorias\/prograd\/caed\/servicos\/solicitacao-de-monitoria-de-apoio-as-tecnologias-digitais\">Apoio \u00e0s Tecnologias Digitais<\/a>; <a href=\"https:\/\/www.ufsm.br\/pro-reitorias\/prograd\/caed\/servicos\/solicitacao-de-monitoria-indigena-2\">Ind\u00edgena;<\/a> <a href=\"https:\/\/www.ufsm.br\/pro-reitorias\/prograd\/caed\/servicos\/solicitacao-de-monitoria-de-portugues-como-lingua-de-acolhimento\">Portugu\u00eas como L\u00edngua de Acolhimento<\/a>);<\/li><li><a href=\"https:\/\/www.ufsm.br\/pro-reitorias\/prograd\/caed\/orientacoes-e-materiais-do-nucleo-de-aprendizagem-anima\">Orienta\u00e7\u00f5es e materiais de apoio \u00e0 aprendizagem;<\/a><\/li><li><a href=\"https:\/\/www.ufsm.br\/pro-reitorias\/prograd\/caed\/servicos\/solicitacao-de-orientacao-pedagogica-psicopedagogica\">Orienta\u00e7\u00e3o pedag\u00f3gica;<\/a><\/li><li><a href=\"https:\/\/www.ufsm.br\/pro-reitorias\/prograd\/caed\/servicos\/solicitacao-de-orientacao-profissional\">Orienta\u00e7\u00e3o profissional;<\/a><\/li><li><a href=\"https:\/\/www.ufsm.br\/pro-reitorias\/prograd\/caed\/servicos\/solicitacao-de-palestras-rodas-de-conversa-voltadas-para-as-demandas-do-publico-academico-da-ufsm\">Palestras, oficinas e rodas de conversa na \u00e1rea de educa\u00e7\u00e3o e sa\u00fade;<\/a><\/li><li><a href=\"https:\/\/www.ufsm.br\/pro-reitorias\/prograd\/caed\/afastamentos-para-tratamento-de-saude\">Processo de Afastamentos para tratamento de sa\u00fade;<\/a><\/li><li><a href=\"https:\/\/www.ufsm.br\/pro-reitorias\/prograd\/caed\/servicos\/processo-de-acompanhamento-pedagogico-para-integralizacao-curricular-resolucao-33-2015\">Processo de Acompanhamento Pedag\u00f3gico &#8211; Resolu\u00e7\u00e3o 33\/2015<\/a>;<\/li><li><a href=\"https:\/\/www.ufsm.br\/pro-reitorias\/prograd\/caed\/servicos\/atendimentos-especializados\">Promo\u00e7\u00e3o de cursos e eventos sobre a tem\u00e1tica da inclus\u00e3o de pessoas com defici\u00eancia na Educa\u00e7\u00e3o Superior e Educa\u00e7\u00e3o Profissional e Tecnol\u00f3gica;<\/a><\/li><li><a href=\"https:\/\/www.ufsm.br\/pro-reitorias\/prograd\/caed\/servicos\/solicitacao-de-interprete-de-libras\">Tradu\u00e7\u00e3o e Interpreta\u00e7\u00e3o L\u00edngua Brasileira de Sinais<\/a>.<\/li><li><a href=\"https:\/\/www.ufsm.br\/pro-reitorias\/prograd\/caed\/emissao-de-documentos-pela-coordenadoria-de-acoes-educacionais-caed\">Emiss\u00e3o de Documentos pela Coordenadoria de A\u00e7\u00f5es Educacionais (CAEd)<\/a><\/li><\/ul>\t\t\t\t\t\t<\/div>\n\t\t\t\t<\/div>\n\t\t\t\t\t<\/div>\n\t\t<\/div>\n\t\t\t\t\t<\/div>\n\t\t<\/section>\n\t\t\t\t<section class=\"elementor-section elementor-top-section elementor-element elementor-element-6810362c elementor-section-boxed elementor-section-height-default elementor-section-height-default\" data-id=\"6810362c\" data-element_type=\"section\">\n\t\t\t\t\t\t<div class=\"elementor-container elementor-column-gap-default\">\n\t\t\t\t\t<div class=\"elementor-column elementor-col-100 elementor-top-column elementor-element elementor-element-421a6cbb\" data-id=\"421a6cbb\" data-element_type=\"column\">\n\t\t\t<div class=\"elementor-widget-wrap elementor-element-populated\">\n\t\t\t\t\t\t<div class=\"elementor-element elementor-element-fe764aa elementor-widget elementor-widget-toggle\" data-id=\"fe764aa\" data-element_type=\"widget\" data-widget_type=\"toggle.default\">\n\t\t\t\t<div class=\"elementor-widget-container\">\n\t\t\t\t\t<div class=\"elementor-toggle\">\n\t\t\t\t\t\t\t<div class=\"elementor-toggle-item\">\n\t\t\t\t\t<div id=\"elementor-tab-title-2661\" class=\"elementor-tab-title\" data-tab=\"1\" role=\"button\" aria-controls=\"elementor-tab-content-2661\" aria-expanded=\"false\">\n\t\t\t\t\t\t\t\t\t\t\t\t<span class=\"elementor-toggle-icon elementor-toggle-icon-left\" aria-hidden=\"true\">\n\t\t\t\t\t\t\t\t\t\t\t\t\t\t\t<span class=\"elementor-toggle-icon-closed\"><i class=\"fas fa-caret-right\"><\/i><\/span>\n\t\t\t\t\t\t\t\t<span class=\"elementor-toggle-icon-opened\"><i class=\"elementor-toggle-icon-opened fas fa-caret-up\"><\/i><\/span>\n\t\t\t\t\t\t\t\t\t\t\t\t\t<\/span>\n\t\t\t\t\t\t\t\t\t\t\t\t<a class=\"elementor-toggle-title\" tabindex=\"0\">Hist\u00f3rico<\/a>\n\t\t\t\t\t<\/div>\n\n\t\t\t\t\t<div id=\"elementor-tab-content-2661\" class=\"elementor-tab-content elementor-clearfix\" data-tab=\"1\" role=\"region\" aria-labelledby=\"elementor-tab-title-2661\"><p><span style=\"font-weight: 400\">A Coordenadoria de A\u00e7\u00f5es Educacionais (CAEd) foi implementada pela <a href=\"https:\/\/www.ufsm.br\/pro-reitorias\/proplan\/resolucao-n-019-2016\">Resolu\u00e7\u00e3o 019\/2016<\/a>, sendo essa posteriormente revogada pela <\/span><a href=\"https:\/\/www.ufsm.br\/pro-reitorias\/proplan\/resolucao-ufsm-n-041-2021\/\"><span style=\"font-weight: 400\">Resolu\u00e7\u00e3o UFSM N. 041\/2021<\/span><\/a><span style=\"font-weight: 400\">, tendo como finalidade principal a efetiva\u00e7\u00e3o das a\u00e7\u00f5es de inclus\u00e3o.<\/span><\/p><p><span style=\"font-weight: 400\">Sua estrutura organizacional acompanha as a\u00e7\u00f5es desenvolvidas, de modo que \u00e9 composta por quatro linhas de a\u00e7\u00e3o: acessibilidade, a\u00e7\u00f5es afirmativas sociais, \u00e9tnico-raciais e ind\u00edgenas, apoio \u00e0 aprendizagem e de educa\u00e7\u00e3o e sa\u00fade.\u00a0 As a\u00e7\u00f5es desenvolvidas nessas linhas s\u00e3o interligadas e se desdobram a partir dos eixos fundamentais da universidade, que s\u00e3o o ensino, a pesquisa, a extens\u00e3o e a gest\u00e3o.\u00a0 \u00a0 \u00a0 \u00a0 \u00a0 \u00a0 <\/span><\/p><p><span style=\"font-weight: 400\">Na linha da acessibilidade, s\u00e3o desenvolvidas pr\u00e1ticas que possam atender \u00e0 acessibilidade arquitet\u00f4nica, curricular, atitudinal, informacional e demais quest\u00f5es que envolvam o acesso.\u00a0 Em a\u00e7\u00f5es afirmativas, sociais, \u00e9tnico-raciais e ind\u00edgenas, s\u00e3o desenvolvidas a\u00e7\u00f5es de acesso, perman\u00eancia e inclus\u00e3o social. A linha da aprendizagem trabalha com a promo\u00e7\u00e3o, a preven\u00e7\u00e3o e a potencializa\u00e7\u00e3o da aprendizagem.\u00a0 A linha educa\u00e7\u00e3o-sa\u00fade preza pelo atendimento aos estudantes, calcada no entendimento de que as a\u00e7\u00f5es em educa\u00e7\u00e3o e sa\u00fade, com o foco na sa\u00fade mental, colaboram para o enfrentamento das dificuldades no campo universit\u00e1rio.<\/span><\/p><p><span style=\"font-weight: 400\">A execu\u00e7\u00e3o dessas atividades fica a cargo de uma equipe interdisciplinar, composta por pedagogo, educador especial, fonoaudi\u00f3logo, <\/span><span style=\"font-weight: 400\">m\u00e9dico psiquiatra<\/span><span style=\"font-weight: 400\">, psic\u00f3logo, tradutores-int\u00e9rpretes de libras, m\u00e9dico cl\u00ednco-geral e t\u00e9cnicos em assuntos educacionais.<\/span><\/p><p><span style=\"font-weight: 400\">As principais a\u00e7\u00f5es desenvolvidas pela Coordenadoria de A\u00e7\u00f5es Educacionais (CAEd) envolvem o ensino, a pesquisa e a extens\u00e3o. Em rela\u00e7\u00e3o ao apoio ao ensino, s\u00e3o desenvolvidas as atividades de apoio pedag\u00f3gico, as adapta\u00e7\u00f5es, as suplementa\u00e7\u00f5es e as descri\u00e7\u00e3o de imagens. S\u00e3o desenvolvidas tamb\u00e9m as a\u00e7\u00f5es de descri\u00e7\u00e3o\/audiodescri\u00e7\u00e3o, as atividades de adapta\u00e7\u00e3o de textos em Braille e as monitorias, de acordo com as tem\u00e1ticas de maior demanda. Outra frente de a\u00e7\u00e3o \u00e9 a forma\u00e7\u00e3o continuada, que ocorre por meio de cursos e de rodas de conversa.\u00a0<\/span><\/p><p><span style=\"font-weight: 400\">Al\u00e9m disso, ocorre o acompanhamento da <a href=\"https:\/\/www.ufsm.br\/pro-reitorias\/proplan\/resolucao-n-033-2015\">Resolu\u00e7\u00e3o n. 033\/2015<\/a>, que <\/span><span style=\"font-weight: 400\">regulamenta o processo de acompanhamento pedag\u00f3gico e cancelamento de matr\u00edcula e v\u00ednculo dos estudantes que n\u00e3o conclu\u00edram o curso no tempo regular previsto. A partir dessa Resolu\u00e7\u00e3o, \u00e9 constru\u00eddo um Plano de Acompanhamento Pedag\u00f3gico (PAP), visando identificar as principais dificuldades encontradas no decorrer do curso e procurar san\u00e1-las, tendo como objetivo principal a integraliza\u00e7\u00e3o curricular e a conclus\u00e3o do curso. <\/span><\/p><\/div>\n\t\t\t\t<\/div>\n\t\t\t\t\t\t\t\t<\/div>\n\t\t\t\t<\/div>\n\t\t\t\t<\/div>\n\t\t\t\t<div class=\"elementor-element elementor-element-6889359 elementor-widget-divider--view-line elementor-widget elementor-widget-divider\" data-id=\"6889359\" data-element_type=\"widget\" data-widget_type=\"divider.default\">\n\t\t\t\t<div class=\"elementor-widget-container\">\n\t\t\t\t\t<div class=\"elementor-divider\">\n\t\t\t<span class=\"elementor-divider-separator\">\n\t\t\t\t\t\t<\/span>\n\t\t<\/div>\n\t\t\t\t<\/div>\n\t\t\t\t<\/div>\n\t\t\t\t<div class=\"elementor-element elementor-element-51c7d22 elementor-widget elementor-widget-spacer\" data-id=\"51c7d22\" data-element_type=\"widget\" data-widget_type=\"spacer.default\">\n\t\t\t\t<div class=\"elementor-widget-container\">\n\t\t\t\t\t<div class=\"elementor-spacer\">\n\t\t\t<div class=\"elementor-spacer-inner\"><\/div>\n\t\t<\/div>\n\t\t\t\t<\/div>\n\t\t\t\t<\/div>\n\t\t\t\t\t<\/div>\n\t\t<\/div>\n\t\t\t\t\t<\/div>\n\t\t<\/section>\n\t\t\t\t<\/div>\n\t\t","protected":false},"excerpt":{"rendered":"<p>A\u00a0Coordenadoria de A\u00e7\u00f5es Educacionais (CAED) ,\u00a0subunidade administrativa vinculada \u00e0 Pr\u00f3-Reitoria de Gradua\u00e7\u00e3o, desenvolve a\u00e7\u00f5es de apoio junto ao p\u00fablico\u00a0 da UFSM. O trabalho desenvolvido visa, de modo geral, o acesso e a perman\u00eancia\u00a0dos estudantes na Institui\u00e7\u00e3o, a promo\u00e7\u00e3o da aprendizagem, a acessibilidade,\u00a0as a\u00e7\u00f5es afirmativas\u00a0e a promo\u00e7\u00e3o de a\u00e7\u00f5es na \u00e1rea da\u00a0educa\u00e7\u00e3o-sa\u00fade. Servi\u00e7os prestados pela CAED [&hellip;]<\/p>\n","protected":false},"author":281,"featured_media":0,"parent":0,"menu_order":0,"comment_status":"closed","ping_status":"closed","template":"","meta":{"footnotes":""},"categories":[],"tags":[122],"class_list":["post-4157","page","type-page","status-publish","hentry","tag-caed"],"acf":[],"_links":{"self":[{"href":"https:\/\/www.ufsm.br\/pro-reitorias\/prograd\/caed\/wp-json\/wp\/v2\/pages\/4157","targetHints":{"allow":["GET"]}}],"collection":[{"href":"https:\/\/www.ufsm.br\/pro-reitorias\/prograd\/caed\/wp-json\/wp\/v2\/pages"}],"about":[{"href":"https:\/\/www.ufsm.br\/pro-reitorias\/prograd\/caed\/wp-json\/wp\/v2\/types\/page"}],"author":[{"embeddable":true,"href":"https:\/\/www.ufsm.br\/pro-reitorias\/prograd\/caed\/wp-json\/wp\/v2\/users\/281"}],"replies":[{"embeddable":true,"href":"https:\/\/www.ufsm.br\/pro-reitorias\/prograd\/caed\/wp-json\/wp\/v2\/comments?post=4157"}],"version-history":[{"count":0,"href":"https:\/\/www.ufsm.br\/pro-reitorias\/prograd\/caed\/wp-json\/wp\/v2\/pages\/4157\/revisions"}],"wp:attachment":[{"href":"https:\/\/www.ufsm.br\/pro-reitorias\/prograd\/caed\/wp-json\/wp\/v2\/media?parent=4157"}],"wp:term":[{"taxonomy":"category","embeddable":true,"href":"https:\/\/www.ufsm.br\/pro-reitorias\/prograd\/caed\/wp-json\/wp\/v2\/categories?post=4157"},{"taxonomy":"post_tag","embeddable":true,"href":"https:\/\/www.ufsm.br\/pro-reitorias\/prograd\/caed\/wp-json\/wp\/v2\/tags?post=4157"}],"curies":[{"name":"wp","href":"https:\/\/api.w.org\/{rel}","templated":true}]}}