{"id":482,"date":"2018-10-08T10:16:25","date_gmt":"2018-10-08T13:16:25","guid":{"rendered":"https:\/\/www.ufsm.br\/orgaos-executivos\/caed\/?page_id=482"},"modified":"2023-03-02T12:19:47","modified_gmt":"2023-03-02T15:19:47","slug":"informacoes-em-audio","status":"publish","type":"page","link":"https:\/\/www.ufsm.br\/pro-reitorias\/prograd\/caed\/nucleo-de-acessibilidade\/informacoes-em-audio","title":{"rendered":"Informa\u00e7\u00f5es em \u00e1udio"},"content":{"rendered":"<p><strong><span style=\"color: #000000\">\u00c2nima\u00a0apresenta as seguintes orienta\u00e7\u00f5es:<\/span><\/strong><\/p>\n<p><a href=\"\/acessibilidade\/images\/Anima_01.mp3\">Atendimentos realizado &#8211; \u00c2nima<\/a><\/p>\n<p><a href=\"\/acessibilidade\/images\/Anima_02.mp3\">Colabora\u00e7\u00e3o com ensino, pesquisa e extens\u00e3o &#8211; \u00c2nima<\/a><\/p>\n<p><a href=\"\/acessibilidade\/images\/Anima_03.mp3\">Atendimento psicopedag\u00f3gico &#8211; \u00c2nima<\/a><\/p>\n<p><a href=\"\/acessibilidade\/images\/Anima_04.mp3\">Atendimento psicol\u00f3gico &#8211; \u00c2nima<\/a><\/p>\n<p><a href=\"\/acessibilidade\/images\/Anima_06.mp3\">Orienta\u00e7\u00e3o profissional &#8211; \u00c2nima<\/a><\/p>\n<p><a href=\"\/acessibilidade\/images\/Anima_07.mp3\">Necessidade de apoio especializado &#8211; \u00c2nima<\/a><\/p>\n<p><strong><span style=\"color: #000000\">O N\u00facleo de Acessibilidade orienta acerca das seguintes quest\u00f5es:<\/span><\/strong><\/p>\n<p><a href=\"\/acessibilidade\/images\/Anima_05.mp3\">Atendimento Educacional Especializado <\/a><\/p>\n<p><a href=\"\/acessibilidade\/images\/Anima_15.mp3\">Acessibilidade<\/a><\/p>\n<p><a href=\"\/acessibilidade\/images\/Anima_17.mp3\">Equipe<\/a><\/p>\n<p><a href=\"\/acessibilidade\/images\/Anima_19.mp3\">Inclus\u00e3o<\/a><\/p>\n<p><a href=\"\/acessibilidade\/images\/Anima_22.mp3\">O trabalho do int\u00e9rprete de Libras<\/a><\/p>\n<p><a href=\"\/acessibilidade\/images\/Anima_16.mp3\">Solicita\u00e7\u00e3o de Int\u00e9rprete de LIBRAS<\/a><\/p>\n<p><a href=\"\/acessibilidade\/images\/Anima_20.mp3\">Equipamentos para digitaliza\u00e7\u00e3o, amplia\u00e7\u00e3o e impress\u00e3o em Braille<\/a><\/p>\n","protected":false},"excerpt":{"rendered":"<p>\u00c2nima\u00a0apresenta as seguintes orienta\u00e7\u00f5es: Atendimentos realizado &#8211; \u00c2nima Colabora\u00e7\u00e3o com ensino, pesquisa e extens\u00e3o &#8211; \u00c2nima Atendimento psicopedag\u00f3gico &#8211; \u00c2nima Atendimento psicol\u00f3gico &#8211; \u00c2nima Orienta\u00e7\u00e3o profissional &#8211; \u00c2nima Necessidade de apoio especializado &#8211; \u00c2nima O N\u00facleo de Acessibilidade orienta acerca das seguintes quest\u00f5es: Atendimento Educacional Especializado Acessibilidade Equipe Inclus\u00e3o O trabalho do int\u00e9rprete de Libras [&hellip;]<\/p>\n","protected":false},"author":115,"featured_media":0,"parent":205,"menu_order":0,"comment_status":"closed","ping_status":"closed","template":"","meta":{"footnotes":""},"categories":[],"tags":[125],"class_list":["post-482","page","type-page","status-publish","hentry","tag-acessibilidade"],"acf":[],"_links":{"self":[{"href":"https:\/\/www.ufsm.br\/pro-reitorias\/prograd\/caed\/wp-json\/wp\/v2\/pages\/482","targetHints":{"allow":["GET"]}}],"collection":[{"href":"https:\/\/www.ufsm.br\/pro-reitorias\/prograd\/caed\/wp-json\/wp\/v2\/pages"}],"about":[{"href":"https:\/\/www.ufsm.br\/pro-reitorias\/prograd\/caed\/wp-json\/wp\/v2\/types\/page"}],"author":[{"embeddable":true,"href":"https:\/\/www.ufsm.br\/pro-reitorias\/prograd\/caed\/wp-json\/wp\/v2\/users\/115"}],"replies":[{"embeddable":true,"href":"https:\/\/www.ufsm.br\/pro-reitorias\/prograd\/caed\/wp-json\/wp\/v2\/comments?post=482"}],"version-history":[{"count":0,"href":"https:\/\/www.ufsm.br\/pro-reitorias\/prograd\/caed\/wp-json\/wp\/v2\/pages\/482\/revisions"}],"up":[{"embeddable":true,"href":"https:\/\/www.ufsm.br\/pro-reitorias\/prograd\/caed\/wp-json\/wp\/v2\/pages\/205"}],"wp:attachment":[{"href":"https:\/\/www.ufsm.br\/pro-reitorias\/prograd\/caed\/wp-json\/wp\/v2\/media?parent=482"}],"wp:term":[{"taxonomy":"category","embeddable":true,"href":"https:\/\/www.ufsm.br\/pro-reitorias\/prograd\/caed\/wp-json\/wp\/v2\/categories?post=482"},{"taxonomy":"post_tag","embeddable":true,"href":"https:\/\/www.ufsm.br\/pro-reitorias\/prograd\/caed\/wp-json\/wp\/v2\/tags?post=482"}],"curies":[{"name":"wp","href":"https:\/\/api.w.org\/{rel}","templated":true}]}}