{"id":581,"date":"2018-10-09T11:53:33","date_gmt":"2018-10-09T14:53:33","guid":{"rendered":"https:\/\/www.ufsm.br\/orgaos-executivos\/caed\/?page_id=581"},"modified":"2023-03-02T12:17:18","modified_gmt":"2023-03-02T15:17:18","slug":"centro-de-artes-e-letras","status":"publish","type":"page","link":"https:\/\/www.ufsm.br\/pro-reitorias\/prograd\/caed\/observatorio-de-inclusao\/centro-de-artes-e-letras","title":{"rendered":"Centro de Artes e Letras"},"content":{"rendered":"\t\t<div data-elementor-type=\"wp-post\" data-elementor-id=\"581\" class=\"elementor elementor-581 elementor-bc-flex-widget\">\n\t\t\t\t\t\t<section class=\"elementor-section elementor-top-section elementor-element elementor-element-61bf825 elementor-section-boxed elementor-section-height-default elementor-section-height-default\" data-id=\"61bf825\" data-element_type=\"section\">\n\t\t\t\t\t\t<div class=\"elementor-container elementor-column-gap-default\">\n\t\t\t\t\t<div class=\"elementor-column elementor-col-100 elementor-top-column elementor-element elementor-element-61b186c\" data-id=\"61b186c\" data-element_type=\"column\">\n\t\t\t<div class=\"elementor-widget-wrap elementor-element-populated\">\n\t\t\t\t\t\t<div class=\"elementor-element elementor-element-f963379 elementor-widget elementor-widget-heading\" data-id=\"f963379\" data-element_type=\"widget\" data-widget_type=\"heading.default\">\n\t\t\t\t<div class=\"elementor-widget-container\">\n\t\t\t<h5 class=\"elementor-heading-title elementor-size-default\">Artes C\u00eanicas (Bacharelado) - Dire\u00e7\u00e3o Teatral ou Interpreta\u00e7\u00e3o<\/h5>\t\t<\/div>\n\t\t\t\t<\/div>\n\t\t\t\t<div class=\"elementor-element elementor-element-d988558 elementor-widget elementor-widget-text-editor\" data-id=\"d988558\" data-element_type=\"widget\" data-widget_type=\"text-editor.default\">\n\t\t\t\t<div class=\"elementor-widget-container\">\n\t\t\t\t\t\t\t<p><a href=\"https:\/\/www.ufsm.br\/orgaos-executivos\/caed\/wp-content\/uploads\/sites\/391\/2018\/10\/Artes_C\u00eanicas_Bacharelado_-_Gr\u00e1ficos_Desempenho_Acad\u00eamico.pdf\">2008 a 2014<\/a><\/p>\t\t\t\t\t\t<\/div>\n\t\t\t\t<\/div>\n\t\t\t\t<div class=\"elementor-element elementor-element-f40cca6 elementor-widget elementor-widget-heading\" data-id=\"f40cca6\" data-element_type=\"widget\" data-widget_type=\"heading.default\">\n\t\t\t\t<div class=\"elementor-widget-container\">\n\t\t\t<h5 class=\"elementor-heading-title elementor-size-default\">Artes Visuais - Bacharelado em Desenho e Pl\u00e1stica<\/h5>\t\t<\/div>\n\t\t\t\t<\/div>\n\t\t\t\t<div class=\"elementor-element elementor-element-a4f2be0 elementor-widget elementor-widget-text-editor\" data-id=\"a4f2be0\" data-element_type=\"widget\" data-widget_type=\"text-editor.default\">\n\t\t\t\t<div class=\"elementor-widget-container\">\n\t\t\t\t\t\t\t<p><a href=\"https:\/\/www.ufsm.br\/orgaos-executivos\/caed\/wp-content\/uploads\/sites\/391\/2018\/10\/Artes_Visuais_Bacharelado_-_Gr\u00e1ficos_Desempenho_Acad\u00eamico.pdf\">2011 a 2014<\/a><\/p>\t\t\t\t\t\t<\/div>\n\t\t\t\t<\/div>\n\t\t\t\t<div class=\"elementor-element elementor-element-46c01ed elementor-widget elementor-widget-heading\" data-id=\"46c01ed\" data-element_type=\"widget\" data-widget_type=\"heading.default\">\n\t\t\t\t<div class=\"elementor-widget-container\">\n\t\t\t<h5 class=\"elementor-heading-title elementor-size-default\">Artes Visuais - Licenciatura em Desenho e Pl\u00e1stica<\/h5>\t\t<\/div>\n\t\t\t\t<\/div>\n\t\t\t\t<div class=\"elementor-element elementor-element-ba56920 elementor-widget elementor-widget-text-editor\" data-id=\"ba56920\" data-element_type=\"widget\" data-widget_type=\"text-editor.default\">\n\t\t\t\t<div class=\"elementor-widget-container\">\n\t\t\t\t\t\t\t<p><a href=\"https:\/\/www.ufsm.br\/orgaos-executivos\/caed\/wp-content\/uploads\/sites\/391\/2018\/10\/Artes_Visuais_Licenciatura_-_Gr\u00e1ficos_Desempenho_Acad\u00eamico.pdf\">2009 a 2014<\/a><\/p>\t\t\t\t\t\t<\/div>\n\t\t\t\t<\/div>\n\t\t\t\t<div class=\"elementor-element elementor-element-59742e5 elementor-widget elementor-widget-heading\" data-id=\"59742e5\" data-element_type=\"widget\" data-widget_type=\"heading.default\">\n\t\t\t\t<div class=\"elementor-widget-container\">\n\t\t\t<h5 class=\"elementor-heading-title elementor-size-default\">Letras (Licenciatura) - Espanhol e Literaturas de L\u00edngua Espanhola<\/h5>\t\t<\/div>\n\t\t\t\t<\/div>\n\t\t\t\t<div class=\"elementor-element elementor-element-e98bc2d elementor-widget elementor-widget-text-editor\" data-id=\"e98bc2d\" data-element_type=\"widget\" data-widget_type=\"text-editor.default\">\n\t\t\t\t<div class=\"elementor-widget-container\">\n\t\t\t\t\t\t\t<p><a href=\"https:\/\/www.ufsm.br\/orgaos-executivos\/caed\/wp-content\/uploads\/sites\/391\/2018\/10\/Letras_Espanhol_-_Gr\u00e1ficos_Desempenho_Acad\u00eamico.pdf\">2009 a 2014<\/a><\/p>\t\t\t\t\t\t<\/div>\n\t\t\t\t<\/div>\n\t\t\t\t<div class=\"elementor-element elementor-element-be6e8d7 elementor-widget elementor-widget-heading\" data-id=\"be6e8d7\" data-element_type=\"widget\" data-widget_type=\"heading.default\">\n\t\t\t\t<div class=\"elementor-widget-container\">\n\t\t\t<h5 class=\"elementor-heading-title elementor-size-default\">Letras (Licenciatura) - Ingl\u00eas e Literaturas de L\u00edngua Inglesa<\/h5>\t\t<\/div>\n\t\t\t\t<\/div>\n\t\t\t\t<div class=\"elementor-element elementor-element-d218f9d elementor-widget elementor-widget-text-editor\" data-id=\"d218f9d\" data-element_type=\"widget\" data-widget_type=\"text-editor.default\">\n\t\t\t\t<div class=\"elementor-widget-container\">\n\t\t\t\t\t\t\t<p><a href=\"https:\/\/www.ufsm.br\/orgaos-executivos\/caed\/wp-content\/uploads\/sites\/391\/2018\/10\/Letras_Ingl\u00eas_-_Gr\u00e1ficos_Desempenho_Acad\u00eamico.pdf\">2011 a 2014<\/a><\/p>\t\t\t\t\t\t<\/div>\n\t\t\t\t<\/div>\n\t\t\t\t<div class=\"elementor-element elementor-element-51326d5 elementor-widget elementor-widget-heading\" data-id=\"51326d5\" data-element_type=\"widget\" data-widget_type=\"heading.default\">\n\t\t\t\t<div class=\"elementor-widget-container\">\n\t\t\t<h5 class=\"elementor-heading-title elementor-size-default\">Letras (Licenciatura) - Portugu\u00eas e Literaturas de L\u00edngua Portuguesa<\/h5>\t\t<\/div>\n\t\t\t\t<\/div>\n\t\t\t\t<div class=\"elementor-element elementor-element-2e17942 elementor-widget elementor-widget-text-editor\" data-id=\"2e17942\" data-element_type=\"widget\" data-widget_type=\"text-editor.default\">\n\t\t\t\t<div class=\"elementor-widget-container\">\n\t\t\t\t\t\t\t<p><a href=\"https:\/\/www.ufsm.br\/orgaos-executivos\/caed\/wp-content\/uploads\/sites\/391\/2018\/10\/Letras_Portugu\u00eas_Licenciatura_-_Gr\u00e1ficos_Desempenho_Acad\u00eamico.pdf\">2009 a 2013<\/a><\/p>\t\t\t\t\t\t<\/div>\n\t\t\t\t<\/div>\n\t\t\t\t<div class=\"elementor-element elementor-element-f5db26b elementor-widget elementor-widget-heading\" data-id=\"f5db26b\" data-element_type=\"widget\" data-widget_type=\"heading.default\">\n\t\t\t\t<div class=\"elementor-widget-container\">\n\t\t\t<h5 class=\"elementor-heading-title elementor-size-default\">M\u00fasica (Bacharelado) - Canto ou Instrumento<\/h5>\t\t<\/div>\n\t\t\t\t<\/div>\n\t\t\t\t<div class=\"elementor-element elementor-element-48b1fa4 elementor-widget elementor-widget-text-editor\" data-id=\"48b1fa4\" data-element_type=\"widget\" data-widget_type=\"text-editor.default\">\n\t\t\t\t<div class=\"elementor-widget-container\">\n\t\t\t\t\t\t\t<ul><li><a href=\"https:\/\/www.ufsm.br\/orgaos-executivos\/caed\/wp-content\/uploads\/sites\/391\/2018\/10\/M\u00fasica_Bacharelado_Canto_-_Gr\u00e1ficos_Desempenho_Acad\u00eamico.pdf\">Canto<\/a>\u00a0<\/li><li><p><a href=\"https:\/\/www.ufsm.br\/orgaos-executivos\/caed\/wp-content\/uploads\/sites\/391\/2018\/10\/M\u00fasica_Bacharelado_Composi\u00e7\u00e3o_-_Gr\u00e1ficos_Desempenho_Acad\u00eamico.pdf\">Composi\u00e7\u00e3o<\/a><\/p><\/li><li><p><a href=\"https:\/\/www.ufsm.br\/orgaos-executivos\/caed\/wp-content\/uploads\/sites\/391\/2018\/10\/M\u00fasica_Bacharelado_Contrabaixo_-_Gr\u00e1ficos_Desempenho_Acad\u00eamico.pdf\">Contrabaixo<\/a><\/p><\/li><li><p><a href=\"https:\/\/www.ufsm.br\/orgaos-executivos\/caed\/wp-content\/uploads\/sites\/391\/2018\/10\/M\u00fasica_Bacharelado_Fagote_-_Gr\u00e1ficos_Desempenho_Acad\u00eamico.pdf\">Fagote<\/a><\/p><\/li><li><p><a href=\"https:\/\/www.ufsm.br\/orgaos-executivos\/caed\/wp-content\/uploads\/sites\/391\/2018\/10\/M\u00fasica_Bacharelado_Flauta_Transversa_-_Gr\u00e1ficos_Desempenho_Acad\u00eamico.pdf\">Flauta Transversa<\/a><\/p><\/li><li><a href=\"https:\/\/www.ufsm.br\/orgaos-executivos\/caed\/wp-content\/uploads\/sites\/391\/2018\/10\/M\u00fasica_Bacharelado_Trompete_-_Gr\u00e1ficos_Desempenho_Acad\u00eamico.pdf\">Trompete<\/a><\/li><li>\u00a0<\/li><li><a href=\"https:\/\/www.ufsm.br\/orgaos-executivos\/caed\/wp-content\/uploads\/sites\/391\/2018\/10\/M\u00fasica_Bacharelado_Viola_-_Gr\u00e1ficos_Desempenho_Acad\u00eamico.pdf\">Viola (de arco)<\/a><\/li><\/ul>\t\t\t\t\t\t<\/div>\n\t\t\t\t<\/div>\n\t\t\t\t<div class=\"elementor-element elementor-element-5c1cac1 elementor-widget elementor-widget-heading\" data-id=\"5c1cac1\" data-element_type=\"widget\" data-widget_type=\"heading.default\">\n\t\t\t\t<div class=\"elementor-widget-container\">\n\t\t\t<h5 class=\"elementor-heading-title elementor-size-default\">M\u00fasica - Licenciatura Plena<\/h5>\t\t<\/div>\n\t\t\t\t<\/div>\n\t\t\t\t<div class=\"elementor-element elementor-element-74bc634 elementor-widget elementor-widget-text-editor\" data-id=\"74bc634\" data-element_type=\"widget\" data-widget_type=\"text-editor.default\">\n\t\t\t\t<div class=\"elementor-widget-container\">\n\t\t\t\t\t\t\t<p><a href=\"https:\/\/www.ufsm.br\/orgaos-executivos\/caed\/wp-content\/uploads\/sites\/391\/2018\/10\/M\u00fasica_Licenciatura_Plena_-_Gr\u00e1ficos_Desempenho_Acad\u00eamico.pdf\">2008 a 2013<\/a><\/p>\t\t\t\t\t\t<\/div>\n\t\t\t\t<\/div>\n\t\t\t\t<div class=\"elementor-element elementor-element-485cf25 elementor-widget elementor-widget-heading\" data-id=\"485cf25\" data-element_type=\"widget\" data-widget_type=\"heading.default\">\n\t\t\t\t<div class=\"elementor-widget-container\">\n\t\t\t<h5 class=\"elementor-heading-title elementor-size-default\">M\u00fasica e T\u00e9cnologia (Bacharelado)<\/h5>\t\t<\/div>\n\t\t\t\t<\/div>\n\t\t\t\t<div class=\"elementor-element elementor-element-05e382a elementor-widget elementor-widget-text-editor\" data-id=\"05e382a\" data-element_type=\"widget\" data-widget_type=\"text-editor.default\">\n\t\t\t\t<div class=\"elementor-widget-container\">\n\t\t\t\t\t\t\t<p><a href=\"https:\/\/www.ufsm.br\/orgaos-executivos\/caed\/wp-content\/uploads\/sites\/391\/2018\/10\/M\u00fasica_e_Tecnologia_-_Gr\u00e1ficos_Desempenho_Acad\u00eamico.pdf\">2011 a 2014<\/a><\/p>\t\t\t\t\t\t<\/div>\n\t\t\t\t<\/div>\n\t\t\t\t<div class=\"elementor-element elementor-element-9b8fb03 elementor-widget elementor-widget-heading\" data-id=\"9b8fb03\" data-element_type=\"widget\" data-widget_type=\"heading.default\">\n\t\t\t\t<div class=\"elementor-widget-container\">\n\t\t\t<h5 class=\"elementor-heading-title elementor-size-default\">Teatro (Licenciatura)<\/h5>\t\t<\/div>\n\t\t\t\t<\/div>\n\t\t\t\t<div class=\"elementor-element elementor-element-33f4bb7 elementor-widget elementor-widget-text-editor\" data-id=\"33f4bb7\" data-element_type=\"widget\" data-widget_type=\"text-editor.default\">\n\t\t\t\t<div class=\"elementor-widget-container\">\n\t\t\t\t\t\t\t<p><a href=\"https:\/\/www.ufsm.br\/orgaos-executivos\/caed\/wp-content\/uploads\/sites\/391\/2018\/10\/Teatro_Licenciatura_-_Gr\u00e1ficos_Desempenho_Acad\u00eamico.pdf\">2010 a 2014<\/a><\/p>\t\t\t\t\t\t<\/div>\n\t\t\t\t<\/div>\n\t\t\t\t\t<\/div>\n\t\t<\/div>\n\t\t\t\t\t<\/div>\n\t\t<\/section>\n\t\t\t\t<\/div>\n\t\t","protected":false},"excerpt":{"rendered":"<p>Artes C\u00eanicas (Bacharelado) &#8211; Dire\u00e7\u00e3o Teatral ou Interpreta\u00e7\u00e3o 2008 a 2014 Artes Visuais &#8211; Bacharelado em Desenho e Pl\u00e1stica 2011 a 2014 Artes Visuais &#8211; Licenciatura em Desenho e Pl\u00e1stica 2009 a 2014 Letras (Licenciatura) &#8211; Espanhol e Literaturas de L\u00edngua Espanhola 2009 a 2014 Letras (Licenciatura) &#8211; Ingl\u00eas e Literaturas de L\u00edngua Inglesa 2011 [&hellip;]<\/p>\n","protected":false},"author":194,"featured_media":0,"parent":729,"menu_order":0,"comment_status":"closed","ping_status":"closed","template":"","meta":{"footnotes":""},"categories":[],"tags":[124],"class_list":["post-581","page","type-page","status-publish","hentry","tag-afirmativas"],"acf":[],"_links":{"self":[{"href":"https:\/\/www.ufsm.br\/pro-reitorias\/prograd\/caed\/wp-json\/wp\/v2\/pages\/581","targetHints":{"allow":["GET"]}}],"collection":[{"href":"https:\/\/www.ufsm.br\/pro-reitorias\/prograd\/caed\/wp-json\/wp\/v2\/pages"}],"about":[{"href":"https:\/\/www.ufsm.br\/pro-reitorias\/prograd\/caed\/wp-json\/wp\/v2\/types\/page"}],"author":[{"embeddable":true,"href":"https:\/\/www.ufsm.br\/pro-reitorias\/prograd\/caed\/wp-json\/wp\/v2\/users\/194"}],"replies":[{"embeddable":true,"href":"https:\/\/www.ufsm.br\/pro-reitorias\/prograd\/caed\/wp-json\/wp\/v2\/comments?post=581"}],"version-history":[{"count":0,"href":"https:\/\/www.ufsm.br\/pro-reitorias\/prograd\/caed\/wp-json\/wp\/v2\/pages\/581\/revisions"}],"up":[{"embeddable":true,"href":"https:\/\/www.ufsm.br\/pro-reitorias\/prograd\/caed\/wp-json\/wp\/v2\/pages\/729"}],"wp:attachment":[{"href":"https:\/\/www.ufsm.br\/pro-reitorias\/prograd\/caed\/wp-json\/wp\/v2\/media?parent=581"}],"wp:term":[{"taxonomy":"category","embeddable":true,"href":"https:\/\/www.ufsm.br\/pro-reitorias\/prograd\/caed\/wp-json\/wp\/v2\/categories?post=581"},{"taxonomy":"post_tag","embeddable":true,"href":"https:\/\/www.ufsm.br\/pro-reitorias\/prograd\/caed\/wp-json\/wp\/v2\/tags?post=581"}],"curies":[{"name":"wp","href":"https:\/\/api.w.org\/{rel}","templated":true}]}}