{"id":6602,"date":"2025-01-29T11:26:54","date_gmt":"2025-01-29T14:26:54","guid":{"rendered":"https:\/\/www.ufsm.br\/pro-reitorias\/prograd\/caed\/?page_id=6602"},"modified":"2025-01-29T11:26:55","modified_gmt":"2025-01-29T14:26:55","slug":"acoes-de-atencao-a-aprendizagem-no-ensino-superior","status":"publish","type":"page","link":"https:\/\/www.ufsm.br\/pro-reitorias\/prograd\/caed\/acoes-de-atencao-a-aprendizagem-no-ensino-superior","title":{"rendered":"A\u00c7\u00d5ES DE ATEN\u00c7\u00c3O \u00c0 APRENDIZAGEM NO ENSINO SUPERIOR"},"content":{"rendered":"\n<p><img fetchpriority=\"high\" decoding=\"async\" class=\"alignnone size-medium wp-image-2103\" src=\"https:\/\/www.ufsm.br\/app\/uploads\/sites\/391\/2019\/04\/3_page-0001-1-204x300.jpg\" alt=\"Capa livro A\u00e7\u00f5es de Aten\u00e7\u00e3o \u00e0 Aprendizagem\" width=\"204\" height=\"300\" srcset=\"https:\/\/www.ufsm.br\/app\/uploads\/sites\/391\/2019\/04\/3_page-0001-1-204x300.jpg 204w, https:\/\/www.ufsm.br\/app\/uploads\/sites\/391\/2019\/04\/3_page-0001-1-768x1127.jpg 768w, https:\/\/www.ufsm.br\/app\/uploads\/sites\/391\/2019\/04\/3_page-0001-1-698x1024.jpg 698w, https:\/\/www.ufsm.br\/app\/uploads\/sites\/391\/2019\/04\/3_page-0001-1.jpg 821w\" sizes=\"(max-width: 204px) 100vw, 204px\" \/><\/p>\n<p>Organizadora: S\u00edlvia Maria de Oliveira Pav\u00e3o.<\/p>\n<p>Editora: Editora Experimental\/Pr\u00f3-Reitoria de Extens\u00e3o (PRE).<\/p>\n<p>Ano: 2015.<\/p>\n\n\n","protected":false},"excerpt":{"rendered":"<p>Organizadora: S\u00edlvia Maria de Oliveira Pav\u00e3o. Editora: Editora Experimental\/Pr\u00f3-Reitoria de Extens\u00e3o (PRE). Ano: 2015.<\/p>\n","protected":false},"author":47,"featured_media":2103,"parent":0,"menu_order":0,"comment_status":"closed","ping_status":"closed","template":"","meta":{"footnotes":""},"categories":[137],"tags":[],"class_list":["post-6602","page","type-page","status-publish","has-post-thumbnail","hentry","category-livros"],"acf":[],"_links":{"self":[{"href":"https:\/\/www.ufsm.br\/pro-reitorias\/prograd\/caed\/wp-json\/wp\/v2\/pages\/6602","targetHints":{"allow":["GET"]}}],"collection":[{"href":"https:\/\/www.ufsm.br\/pro-reitorias\/prograd\/caed\/wp-json\/wp\/v2\/pages"}],"about":[{"href":"https:\/\/www.ufsm.br\/pro-reitorias\/prograd\/caed\/wp-json\/wp\/v2\/types\/page"}],"author":[{"embeddable":true,"href":"https:\/\/www.ufsm.br\/pro-reitorias\/prograd\/caed\/wp-json\/wp\/v2\/users\/47"}],"replies":[{"embeddable":true,"href":"https:\/\/www.ufsm.br\/pro-reitorias\/prograd\/caed\/wp-json\/wp\/v2\/comments?post=6602"}],"version-history":[{"count":0,"href":"https:\/\/www.ufsm.br\/pro-reitorias\/prograd\/caed\/wp-json\/wp\/v2\/pages\/6602\/revisions"}],"wp:featuredmedia":[{"embeddable":true,"href":"https:\/\/www.ufsm.br\/pro-reitorias\/prograd\/caed\/wp-json\/wp\/v2\/media\/2103"}],"wp:attachment":[{"href":"https:\/\/www.ufsm.br\/pro-reitorias\/prograd\/caed\/wp-json\/wp\/v2\/media?parent=6602"}],"wp:term":[{"taxonomy":"category","embeddable":true,"href":"https:\/\/www.ufsm.br\/pro-reitorias\/prograd\/caed\/wp-json\/wp\/v2\/categories?post=6602"},{"taxonomy":"post_tag","embeddable":true,"href":"https:\/\/www.ufsm.br\/pro-reitorias\/prograd\/caed\/wp-json\/wp\/v2\/tags?post=6602"}],"curies":[{"name":"wp","href":"https:\/\/api.w.org\/{rel}","templated":true}]}}