{"id":6605,"date":"2025-01-30T13:56:50","date_gmt":"2025-01-30T16:56:50","guid":{"rendered":"https:\/\/www.ufsm.br\/pro-reitorias\/prograd\/caed\/?page_id=6605"},"modified":"2025-01-30T14:07:46","modified_gmt":"2025-01-30T17:07:46","slug":"aprendizagem-e-acessibilidade-travessias-do-aprender-na-universidade","status":"publish","type":"page","link":"https:\/\/www.ufsm.br\/pro-reitorias\/prograd\/caed\/aprendizagem-e-acessibilidade-travessias-do-aprender-na-universidade","title":{"rendered":"APRENDIZAGEM E ACESSIBILIDADE: TRAVESSIAS DO APRENDER NA UNIVERSIDADE"},"content":{"rendered":"\n<p><img fetchpriority=\"high\" decoding=\"async\" class=\"alignnone size-medium wp-image-2166\" src=\"https:\/\/www.ufsm.br\/app\/uploads\/sites\/391\/2019\/05\/1-712x1024-209x300.jpg\" alt=\"\" width=\"209\" height=\"300\" srcset=\"https:\/\/www.ufsm.br\/app\/uploads\/sites\/391\/2019\/05\/1-712x1024-209x300.jpg 209w, https:\/\/www.ufsm.br\/app\/uploads\/sites\/391\/2019\/05\/1-712x1024.jpg 712w\" sizes=\"(max-width: 209px) 100vw, 209px\" \/><\/p>\n<p>Organizadoras: S\u00edlvia Maria de Oliveira Pav\u00e3o, Ana Cl\u00e1udia Pav\u00e3o Siluk, Bruna Pereira Alves Fiorin e Fabiane Vanessa Breitenbach.<\/p>\n<p>Editora: Editora Experimental\/Pr\u00f3-Reitoria de Extens\u00e3o (PRE).<\/p>\n<p>Ano: 2015.<\/p>\n","protected":false},"excerpt":{"rendered":"<p>Organizadoras: S\u00edlvia Maria de Oliveira Pav\u00e3o, Ana Cl\u00e1udia Pav\u00e3o Siluk, Bruna Pereira Alves Fiorin e Fabiane Vanessa Breitenbach. Editora: Editora Experimental\/Pr\u00f3-Reitoria de Extens\u00e3o (PRE). Ano: 2015.<\/p>\n","protected":false},"author":47,"featured_media":2166,"parent":0,"menu_order":0,"comment_status":"closed","ping_status":"closed","template":"","meta":{"footnotes":""},"categories":[137],"tags":[143,144],"class_list":["post-6605","page","type-page","status-publish","has-post-thumbnail","hentry","category-livros","tag-143","tag-livros"],"acf":[],"_links":{"self":[{"href":"https:\/\/www.ufsm.br\/pro-reitorias\/prograd\/caed\/wp-json\/wp\/v2\/pages\/6605","targetHints":{"allow":["GET"]}}],"collection":[{"href":"https:\/\/www.ufsm.br\/pro-reitorias\/prograd\/caed\/wp-json\/wp\/v2\/pages"}],"about":[{"href":"https:\/\/www.ufsm.br\/pro-reitorias\/prograd\/caed\/wp-json\/wp\/v2\/types\/page"}],"author":[{"embeddable":true,"href":"https:\/\/www.ufsm.br\/pro-reitorias\/prograd\/caed\/wp-json\/wp\/v2\/users\/47"}],"replies":[{"embeddable":true,"href":"https:\/\/www.ufsm.br\/pro-reitorias\/prograd\/caed\/wp-json\/wp\/v2\/comments?post=6605"}],"version-history":[{"count":0,"href":"https:\/\/www.ufsm.br\/pro-reitorias\/prograd\/caed\/wp-json\/wp\/v2\/pages\/6605\/revisions"}],"wp:featuredmedia":[{"embeddable":true,"href":"https:\/\/www.ufsm.br\/pro-reitorias\/prograd\/caed\/wp-json\/wp\/v2\/media\/2166"}],"wp:attachment":[{"href":"https:\/\/www.ufsm.br\/pro-reitorias\/prograd\/caed\/wp-json\/wp\/v2\/media?parent=6605"}],"wp:term":[{"taxonomy":"category","embeddable":true,"href":"https:\/\/www.ufsm.br\/pro-reitorias\/prograd\/caed\/wp-json\/wp\/v2\/categories?post=6605"},{"taxonomy":"post_tag","embeddable":true,"href":"https:\/\/www.ufsm.br\/pro-reitorias\/prograd\/caed\/wp-json\/wp\/v2\/tags?post=6605"}],"curies":[{"name":"wp","href":"https:\/\/api.w.org\/{rel}","templated":true}]}}