{"id":6615,"date":"2025-02-03T10:55:30","date_gmt":"2025-02-03T13:55:30","guid":{"rendered":"https:\/\/www.ufsm.br\/pro-reitorias\/prograd\/caed\/?page_id=6615"},"modified":"2025-02-03T10:55:31","modified_gmt":"2025-02-03T13:55:31","slug":"atendimento-educacional-especializado-aprendizagem-saude-e-inclusao","status":"publish","type":"page","link":"https:\/\/www.ufsm.br\/pro-reitorias\/prograd\/caed\/atendimento-educacional-especializado-aprendizagem-saude-e-inclusao","title":{"rendered":"ATENDIMENTO EDUCACIONAL ESPECIALIZADO APRENDIZAGEM SA\u00daDE E INCLUS\u00c3O"},"content":{"rendered":"\n<p><img fetchpriority=\"high\" decoding=\"async\" class=\"alignnone size-medium wp-image-2075\" src=\"https:\/\/www.ufsm.br\/app\/uploads\/sites\/391\/2019\/04\/Sa\u00fade-Aprendizagem-e-Inclus\u00e3o_page-0001-2-205x300.jpg\" alt=\"\" width=\"205\" height=\"300\" srcset=\"https:\/\/www.ufsm.br\/app\/uploads\/sites\/391\/2019\/04\/Sa\u00fade-Aprendizagem-e-Inclus\u00e3o_page-0001-2-205x300.jpg 205w, https:\/\/www.ufsm.br\/app\/uploads\/sites\/391\/2019\/04\/Sa\u00fade-Aprendizagem-e-Inclus\u00e3o_page-0001-2-768x1124.jpg 768w, https:\/\/www.ufsm.br\/app\/uploads\/sites\/391\/2019\/04\/Sa\u00fade-Aprendizagem-e-Inclus\u00e3o_page-0001-2-700x1024.jpg 700w, https:\/\/www.ufsm.br\/app\/uploads\/sites\/391\/2019\/04\/Sa\u00fade-Aprendizagem-e-Inclus\u00e3o_page-0001-2.jpg 963w\" sizes=\"(max-width: 205px) 100vw, 205px\" \/><\/p>\n<p>Organizadoras: Ana Cl\u00e1udia Oliveira Pav\u00e3o e S\u00edlvia Maria de Oliveira Pav\u00e3o.<\/p>\n<p>Editora: Editora Experimental\/Pr\u00f3-Reitoria de Extens\u00e3o (PRE).<\/p>\n<p>Ano: 2018.<\/p>\n","protected":false},"excerpt":{"rendered":"<p>Organizadoras: Ana Cl\u00e1udia Oliveira Pav\u00e3o e S\u00edlvia Maria de Oliveira Pav\u00e3o. Editora: Editora Experimental\/Pr\u00f3-Reitoria de Extens\u00e3o (PRE). Ano: 2018.<\/p>\n","protected":false},"author":47,"featured_media":2075,"parent":0,"menu_order":0,"comment_status":"closed","ping_status":"closed","template":"","meta":{"footnotes":""},"categories":[137],"tags":[146,144],"class_list":["post-6615","page","type-page","status-publish","has-post-thumbnail","hentry","category-livros","tag-146","tag-livros"],"acf":[],"_links":{"self":[{"href":"https:\/\/www.ufsm.br\/pro-reitorias\/prograd\/caed\/wp-json\/wp\/v2\/pages\/6615","targetHints":{"allow":["GET"]}}],"collection":[{"href":"https:\/\/www.ufsm.br\/pro-reitorias\/prograd\/caed\/wp-json\/wp\/v2\/pages"}],"about":[{"href":"https:\/\/www.ufsm.br\/pro-reitorias\/prograd\/caed\/wp-json\/wp\/v2\/types\/page"}],"author":[{"embeddable":true,"href":"https:\/\/www.ufsm.br\/pro-reitorias\/prograd\/caed\/wp-json\/wp\/v2\/users\/47"}],"replies":[{"embeddable":true,"href":"https:\/\/www.ufsm.br\/pro-reitorias\/prograd\/caed\/wp-json\/wp\/v2\/comments?post=6615"}],"version-history":[{"count":0,"href":"https:\/\/www.ufsm.br\/pro-reitorias\/prograd\/caed\/wp-json\/wp\/v2\/pages\/6615\/revisions"}],"wp:featuredmedia":[{"embeddable":true,"href":"https:\/\/www.ufsm.br\/pro-reitorias\/prograd\/caed\/wp-json\/wp\/v2\/media\/2075"}],"wp:attachment":[{"href":"https:\/\/www.ufsm.br\/pro-reitorias\/prograd\/caed\/wp-json\/wp\/v2\/media?parent=6615"}],"wp:term":[{"taxonomy":"category","embeddable":true,"href":"https:\/\/www.ufsm.br\/pro-reitorias\/prograd\/caed\/wp-json\/wp\/v2\/categories?post=6615"},{"taxonomy":"post_tag","embeddable":true,"href":"https:\/\/www.ufsm.br\/pro-reitorias\/prograd\/caed\/wp-json\/wp\/v2\/tags?post=6615"}],"curies":[{"name":"wp","href":"https:\/\/api.w.org\/{rel}","templated":true}]}}