{"id":6620,"date":"2025-02-03T11:16:50","date_gmt":"2025-02-03T14:16:50","guid":{"rendered":"https:\/\/www.ufsm.br\/pro-reitorias\/prograd\/caed\/?page_id=6620"},"modified":"2025-02-03T11:16:52","modified_gmt":"2025-02-03T14:16:52","slug":"dicionario-da-lingua-gestual-cabo-verdiana","status":"publish","type":"page","link":"https:\/\/www.ufsm.br\/pro-reitorias\/prograd\/caed\/dicionario-da-lingua-gestual-cabo-verdiana","title":{"rendered":"DICION\u00c1RIO DA L\u00cdNGUA GESTUAL CABO-VERDIANA"},"content":{"rendered":"\n<p><img fetchpriority=\"high\" decoding=\"async\" class=\"alignnone size-medium wp-image-2546\" src=\"https:\/\/www.ufsm.br\/app\/uploads\/sites\/391\/2019\/11\/capa-jpg-1-300x238.jpg\" alt=\"\" width=\"300\" height=\"238\" srcset=\"https:\/\/www.ufsm.br\/app\/uploads\/sites\/391\/2019\/11\/capa-jpg-1-300x238.jpg 300w, https:\/\/www.ufsm.br\/app\/uploads\/sites\/391\/2019\/11\/capa-jpg-1-768x609.jpg 768w, https:\/\/www.ufsm.br\/app\/uploads\/sites\/391\/2019\/11\/capa-jpg-1-1024x812.jpg 1024w, https:\/\/www.ufsm.br\/app\/uploads\/sites\/391\/2019\/11\/capa-jpg-1.jpg 1565w\" sizes=\"(max-width: 300px) 100vw, 300px\" \/><\/p>\n<p>Organizadoras: Ana Cl\u00e1udia Oliveira Pav\u00e3o, Anie Pereira Goularte Gomes e Mel\u00e2nia de Melo Casarin.<\/p>\n<p>Editora: FACOS-UFSM.<\/p>\n<p>ANO: 2019.<\/p>\n","protected":false},"excerpt":{"rendered":"<p>Organizadoras: Ana Cl\u00e1udia Oliveira Pav\u00e3o, Anie Pereira Goularte Gomes e Mel\u00e2nia de Melo Casarin. Editora: FACOS-UFSM. ANO: 2019.<\/p>\n","protected":false},"author":47,"featured_media":2546,"parent":0,"menu_order":0,"comment_status":"closed","ping_status":"closed","template":"","meta":{"footnotes":""},"categories":[137],"tags":[147,144],"class_list":["post-6620","page","type-page","status-publish","has-post-thumbnail","hentry","category-livros","tag-147","tag-livros"],"acf":[],"_links":{"self":[{"href":"https:\/\/www.ufsm.br\/pro-reitorias\/prograd\/caed\/wp-json\/wp\/v2\/pages\/6620","targetHints":{"allow":["GET"]}}],"collection":[{"href":"https:\/\/www.ufsm.br\/pro-reitorias\/prograd\/caed\/wp-json\/wp\/v2\/pages"}],"about":[{"href":"https:\/\/www.ufsm.br\/pro-reitorias\/prograd\/caed\/wp-json\/wp\/v2\/types\/page"}],"author":[{"embeddable":true,"href":"https:\/\/www.ufsm.br\/pro-reitorias\/prograd\/caed\/wp-json\/wp\/v2\/users\/47"}],"replies":[{"embeddable":true,"href":"https:\/\/www.ufsm.br\/pro-reitorias\/prograd\/caed\/wp-json\/wp\/v2\/comments?post=6620"}],"version-history":[{"count":0,"href":"https:\/\/www.ufsm.br\/pro-reitorias\/prograd\/caed\/wp-json\/wp\/v2\/pages\/6620\/revisions"}],"wp:featuredmedia":[{"embeddable":true,"href":"https:\/\/www.ufsm.br\/pro-reitorias\/prograd\/caed\/wp-json\/wp\/v2\/media\/2546"}],"wp:attachment":[{"href":"https:\/\/www.ufsm.br\/pro-reitorias\/prograd\/caed\/wp-json\/wp\/v2\/media?parent=6620"}],"wp:term":[{"taxonomy":"category","embeddable":true,"href":"https:\/\/www.ufsm.br\/pro-reitorias\/prograd\/caed\/wp-json\/wp\/v2\/categories?post=6620"},{"taxonomy":"post_tag","embeddable":true,"href":"https:\/\/www.ufsm.br\/pro-reitorias\/prograd\/caed\/wp-json\/wp\/v2\/tags?post=6620"}],"curies":[{"name":"wp","href":"https:\/\/api.w.org\/{rel}","templated":true}]}}