{"id":6621,"date":"2025-02-03T11:26:48","date_gmt":"2025-02-03T14:26:48","guid":{"rendered":"https:\/\/www.ufsm.br\/pro-reitorias\/prograd\/caed\/?page_id=6621"},"modified":"2025-02-03T11:26:49","modified_gmt":"2025-02-03T14:26:49","slug":"espacos-entre-teorias-e-praticas-em-ah-sd-3","status":"publish","type":"page","link":"https:\/\/www.ufsm.br\/pro-reitorias\/prograd\/caed\/espacos-entre-teorias-e-praticas-em-ah-sd-3","title":{"rendered":"ESPA\u00c7OS ENTRE TEORIAS E PR\u00c1TICAS EM AH\/SD"},"content":{"rendered":"\n<p><img fetchpriority=\"high\" decoding=\"async\" class=\"alignnone size-medium wp-image-2117\" src=\"https:\/\/www.ufsm.br\/app\/uploads\/sites\/391\/2019\/04\/CAPA-AH-SD_page-0001-207x300.jpg\" alt=\"\" width=\"207\" height=\"300\" srcset=\"https:\/\/www.ufsm.br\/app\/uploads\/sites\/391\/2019\/04\/CAPA-AH-SD_page-0001-207x300.jpg 207w, https:\/\/www.ufsm.br\/app\/uploads\/sites\/391\/2019\/04\/CAPA-AH-SD_page-0001-768x1114.jpg 768w, https:\/\/www.ufsm.br\/app\/uploads\/sites\/391\/2019\/04\/CAPA-AH-SD_page-0001-706x1024.jpg 706w, https:\/\/www.ufsm.br\/app\/uploads\/sites\/391\/2019\/04\/CAPA-AH-SD_page-0001.jpg 969w\" sizes=\"(max-width: 207px) 100vw, 207px\" \/><\/p>\n<p>Organizadoras: Ana Cl\u00e1udia Oliveira Pav\u00e3o, S\u00edlvia Maria de Oliveira Pav\u00e3o e Tatiane Negrini.<\/p>\n<p>Editora: FACOS-UFSM.<\/p>\n<p>Ano:2019.<\/p>\n","protected":false},"excerpt":{"rendered":"<p>Organizadoras: Ana Cl\u00e1udia Oliveira Pav\u00e3o, S\u00edlvia Maria de Oliveira Pav\u00e3o e Tatiane Negrini. Editora: FACOS-UFSM. Ano:2019.<\/p>\n","protected":false},"author":47,"featured_media":2117,"parent":0,"menu_order":0,"comment_status":"closed","ping_status":"closed","template":"","meta":{"footnotes":""},"categories":[137],"tags":[147,144],"class_list":["post-6621","page","type-page","status-publish","has-post-thumbnail","hentry","category-livros","tag-147","tag-livros"],"acf":[],"_links":{"self":[{"href":"https:\/\/www.ufsm.br\/pro-reitorias\/prograd\/caed\/wp-json\/wp\/v2\/pages\/6621","targetHints":{"allow":["GET"]}}],"collection":[{"href":"https:\/\/www.ufsm.br\/pro-reitorias\/prograd\/caed\/wp-json\/wp\/v2\/pages"}],"about":[{"href":"https:\/\/www.ufsm.br\/pro-reitorias\/prograd\/caed\/wp-json\/wp\/v2\/types\/page"}],"author":[{"embeddable":true,"href":"https:\/\/www.ufsm.br\/pro-reitorias\/prograd\/caed\/wp-json\/wp\/v2\/users\/47"}],"replies":[{"embeddable":true,"href":"https:\/\/www.ufsm.br\/pro-reitorias\/prograd\/caed\/wp-json\/wp\/v2\/comments?post=6621"}],"version-history":[{"count":0,"href":"https:\/\/www.ufsm.br\/pro-reitorias\/prograd\/caed\/wp-json\/wp\/v2\/pages\/6621\/revisions"}],"wp:featuredmedia":[{"embeddable":true,"href":"https:\/\/www.ufsm.br\/pro-reitorias\/prograd\/caed\/wp-json\/wp\/v2\/media\/2117"}],"wp:attachment":[{"href":"https:\/\/www.ufsm.br\/pro-reitorias\/prograd\/caed\/wp-json\/wp\/v2\/media?parent=6621"}],"wp:term":[{"taxonomy":"category","embeddable":true,"href":"https:\/\/www.ufsm.br\/pro-reitorias\/prograd\/caed\/wp-json\/wp\/v2\/categories?post=6621"},{"taxonomy":"post_tag","embeddable":true,"href":"https:\/\/www.ufsm.br\/pro-reitorias\/prograd\/caed\/wp-json\/wp\/v2\/tags?post=6621"}],"curies":[{"name":"wp","href":"https:\/\/api.w.org\/{rel}","templated":true}]}}