{"id":6624,"date":"2025-02-03T12:14:54","date_gmt":"2025-02-03T15:14:54","guid":{"rendered":"https:\/\/www.ufsm.br\/pro-reitorias\/prograd\/caed\/?page_id=6624"},"modified":"2025-02-03T12:14:56","modified_gmt":"2025-02-03T15:14:56","slug":"pautando-a-efetividade-da-producao-cientifica-em-acoes-afirmativas-programa-pre-academico-abdias-nascimento","status":"publish","type":"page","link":"https:\/\/www.ufsm.br\/pro-reitorias\/prograd\/caed\/pautando-a-efetividade-da-producao-cientifica-em-acoes-afirmativas-programa-pre-academico-abdias-nascimento","title":{"rendered":"PAUTANDO A EFETIVIDADE DA PRODU\u00c7\u00c3O CIENT\u00cdFICA EM A\u00c7\u00d5ES AFIRMATIVAS: PROGRAMA PR\u00c9-ACAD\u00caMICO ABDIAS NASCIMENTO"},"content":{"rendered":"\n<p><img fetchpriority=\"high\" decoding=\"async\" class=\"alignnone size-medium wp-image-2349\" src=\"https:\/\/www.ufsm.br\/app\/uploads\/sites\/391\/2019\/08\/Capa-JPG--208x300.jpg\" alt=\"\" width=\"208\" height=\"300\" srcset=\"https:\/\/www.ufsm.br\/app\/uploads\/sites\/391\/2019\/08\/Capa-JPG--208x300.jpg 208w, https:\/\/www.ufsm.br\/app\/uploads\/sites\/391\/2019\/08\/Capa-JPG--768x1108.jpg 768w, https:\/\/www.ufsm.br\/app\/uploads\/sites\/391\/2019\/08\/Capa-JPG--710x1024.jpg 710w, https:\/\/www.ufsm.br\/app\/uploads\/sites\/391\/2019\/08\/Capa-JPG-.jpg 1920w\" sizes=\"(max-width: 208px) 100vw, 208px\" \/><\/p>\n<p>Organizadora: S\u00edlvia Maria de Oliveira Pav\u00e3o.<\/p>\n<p>Editora: FACOS-UFSM.<\/p>\n<p>Ano: 2019.<\/p>\n","protected":false},"excerpt":{"rendered":"<p>Organizadora: S\u00edlvia Maria de Oliveira Pav\u00e3o. Editora: FACOS-UFSM. Ano: 2019.<\/p>\n","protected":false},"author":47,"featured_media":2349,"parent":0,"menu_order":0,"comment_status":"closed","ping_status":"closed","template":"","meta":{"footnotes":""},"categories":[137],"tags":[147,144],"class_list":["post-6624","page","type-page","status-publish","has-post-thumbnail","hentry","category-livros","tag-147","tag-livros"],"acf":[],"_links":{"self":[{"href":"https:\/\/www.ufsm.br\/pro-reitorias\/prograd\/caed\/wp-json\/wp\/v2\/pages\/6624","targetHints":{"allow":["GET"]}}],"collection":[{"href":"https:\/\/www.ufsm.br\/pro-reitorias\/prograd\/caed\/wp-json\/wp\/v2\/pages"}],"about":[{"href":"https:\/\/www.ufsm.br\/pro-reitorias\/prograd\/caed\/wp-json\/wp\/v2\/types\/page"}],"author":[{"embeddable":true,"href":"https:\/\/www.ufsm.br\/pro-reitorias\/prograd\/caed\/wp-json\/wp\/v2\/users\/47"}],"replies":[{"embeddable":true,"href":"https:\/\/www.ufsm.br\/pro-reitorias\/prograd\/caed\/wp-json\/wp\/v2\/comments?post=6624"}],"version-history":[{"count":0,"href":"https:\/\/www.ufsm.br\/pro-reitorias\/prograd\/caed\/wp-json\/wp\/v2\/pages\/6624\/revisions"}],"wp:featuredmedia":[{"embeddable":true,"href":"https:\/\/www.ufsm.br\/pro-reitorias\/prograd\/caed\/wp-json\/wp\/v2\/media\/2349"}],"wp:attachment":[{"href":"https:\/\/www.ufsm.br\/pro-reitorias\/prograd\/caed\/wp-json\/wp\/v2\/media?parent=6624"}],"wp:term":[{"taxonomy":"category","embeddable":true,"href":"https:\/\/www.ufsm.br\/pro-reitorias\/prograd\/caed\/wp-json\/wp\/v2\/categories?post=6624"},{"taxonomy":"post_tag","embeddable":true,"href":"https:\/\/www.ufsm.br\/pro-reitorias\/prograd\/caed\/wp-json\/wp\/v2\/tags?post=6624"}],"curies":[{"name":"wp","href":"https:\/\/api.w.org\/{rel}","templated":true}]}}