{"id":6631,"date":"2025-02-03T12:30:01","date_gmt":"2025-02-03T15:30:01","guid":{"rendered":"https:\/\/www.ufsm.br\/pro-reitorias\/prograd\/caed\/?page_id=6631"},"modified":"2025-02-03T12:30:02","modified_gmt":"2025-02-03T15:30:02","slug":"altas-habilidades-superdotacao-reflexoes-e-praticas-educacionais","status":"publish","type":"page","link":"https:\/\/www.ufsm.br\/pro-reitorias\/prograd\/caed\/altas-habilidades-superdotacao-reflexoes-e-praticas-educacionais","title":{"rendered":"ALTAS HABILIDADES\/SUPERDOTA\u00c7\u00c3O: Reflex\u00f5es e Pr\u00e1ticas Educacionais"},"content":{"rendered":"\n<p><img fetchpriority=\"high\" decoding=\"async\" class=\"alignnone size-medium wp-image-5822\" src=\"https:\/\/www.ufsm.br\/app\/uploads\/sites\/391\/2023\/01\/WhatsApp-Image-2023-01-04-at-15.05.43-209x300.jpeg\" alt=\"\" width=\"209\" height=\"300\" srcset=\"https:\/\/www.ufsm.br\/app\/uploads\/sites\/391\/2023\/01\/WhatsApp-Image-2023-01-04-at-15.05.43-209x300.jpeg 209w, https:\/\/www.ufsm.br\/app\/uploads\/sites\/391\/2023\/01\/WhatsApp-Image-2023-01-04-at-15.05.43-715x1024.jpeg 715w, https:\/\/www.ufsm.br\/app\/uploads\/sites\/391\/2023\/01\/WhatsApp-Image-2023-01-04-at-15.05.43-768x1100.jpeg 768w, https:\/\/www.ufsm.br\/app\/uploads\/sites\/391\/2023\/01\/WhatsApp-Image-2023-01-04-at-15.05.43-1072x1536.jpeg 1072w, https:\/\/www.ufsm.br\/app\/uploads\/sites\/391\/2023\/01\/WhatsApp-Image-2023-01-04-at-15.05.43.jpeg 1079w\" sizes=\"(max-width: 209px) 100vw, 209px\" \/><\/p>\n<p>Organizadoras: Tatiane Negrini; Bruna Pereira Alves Fiorin; Ravele Bueno Goularte.<\/p>\n<p>Editora: FACOS-UFSM<\/p>\n<p>Ano: 2022.<\/p>\n","protected":false},"excerpt":{"rendered":"<p>Organizadoras: Tatiane Negrini; Bruna Pereira Alves Fiorin; Ravele Bueno Goularte. Editora: FACOS-UFSM Ano: 2022.<\/p>\n","protected":false},"author":47,"featured_media":5822,"parent":0,"menu_order":0,"comment_status":"closed","ping_status":"closed","template":"","meta":{"footnotes":""},"categories":[137],"tags":[150,144],"class_list":["post-6631","page","type-page","status-publish","has-post-thumbnail","hentry","category-livros","tag-150","tag-livros"],"acf":[],"_links":{"self":[{"href":"https:\/\/www.ufsm.br\/pro-reitorias\/prograd\/caed\/wp-json\/wp\/v2\/pages\/6631","targetHints":{"allow":["GET"]}}],"collection":[{"href":"https:\/\/www.ufsm.br\/pro-reitorias\/prograd\/caed\/wp-json\/wp\/v2\/pages"}],"about":[{"href":"https:\/\/www.ufsm.br\/pro-reitorias\/prograd\/caed\/wp-json\/wp\/v2\/types\/page"}],"author":[{"embeddable":true,"href":"https:\/\/www.ufsm.br\/pro-reitorias\/prograd\/caed\/wp-json\/wp\/v2\/users\/47"}],"replies":[{"embeddable":true,"href":"https:\/\/www.ufsm.br\/pro-reitorias\/prograd\/caed\/wp-json\/wp\/v2\/comments?post=6631"}],"version-history":[{"count":0,"href":"https:\/\/www.ufsm.br\/pro-reitorias\/prograd\/caed\/wp-json\/wp\/v2\/pages\/6631\/revisions"}],"wp:featuredmedia":[{"embeddable":true,"href":"https:\/\/www.ufsm.br\/pro-reitorias\/prograd\/caed\/wp-json\/wp\/v2\/media\/5822"}],"wp:attachment":[{"href":"https:\/\/www.ufsm.br\/pro-reitorias\/prograd\/caed\/wp-json\/wp\/v2\/media?parent=6631"}],"wp:term":[{"taxonomy":"category","embeddable":true,"href":"https:\/\/www.ufsm.br\/pro-reitorias\/prograd\/caed\/wp-json\/wp\/v2\/categories?post=6631"},{"taxonomy":"post_tag","embeddable":true,"href":"https:\/\/www.ufsm.br\/pro-reitorias\/prograd\/caed\/wp-json\/wp\/v2\/tags?post=6631"}],"curies":[{"name":"wp","href":"https:\/\/api.w.org\/{rel}","templated":true}]}}