{"id":2703,"date":"2018-11-01T11:02:08","date_gmt":"2018-11-01T14:02:08","guid":{"rendered":"https:\/\/www.ufsm.br\/orgaos-suplementares\/nte\/?page_id=2703"},"modified":"2023-10-26T16:31:22","modified_gmt":"2023-10-26T19:31:22","slug":"organizacao-interna","status":"publish","type":"page","link":"https:\/\/www.ufsm.br\/pro-reitorias\/prograd\/cte\/organizacao-interna","title":{"rendered":"Organiza\u00e7\u00e3o Interna"},"content":{"rendered":"\t\t<div data-elementor-type=\"wp-post\" data-elementor-id=\"2703\" class=\"elementor elementor-2703\">\n\t\t\t\t\t\t<section class=\"elementor-section elementor-top-section elementor-element elementor-element-adce40e elementor-section-boxed elementor-section-height-default elementor-section-height-default\" data-id=\"adce40e\" data-element_type=\"section\">\n\t\t\t\t\t\t<div class=\"elementor-container elementor-column-gap-default\">\n\t\t\t\t\t<div class=\"elementor-column elementor-col-100 elementor-top-column elementor-element elementor-element-c66803f\" data-id=\"c66803f\" data-element_type=\"column\">\n\t\t\t<div class=\"elementor-widget-wrap elementor-element-populated\">\n\t\t\t\t\t\t<div class=\"elementor-element elementor-element-af1c6c6 elementor-widget elementor-widget-menu-anchor\" data-id=\"af1c6c6\" data-element_type=\"widget\" data-widget_type=\"menu-anchor.default\">\n\t\t\t\t<div class=\"elementor-widget-container\">\n\t\t\t\t\t<div class=\"elementor-menu-anchor\" id=\"direo\"><\/div>\n\t\t\t\t<\/div>\n\t\t\t\t<\/div>\n\t\t\t\t<div class=\"elementor-element elementor-element-fc67588 elementor-drop-cap-yes elementor-drop-cap-view-default elementor-widget elementor-widget-text-editor\" data-id=\"fc67588\" data-element_type=\"widget\" data-settings=\"{&quot;drop_cap&quot;:&quot;yes&quot;}\" data-widget_type=\"text-editor.default\">\n\t\t\t\t<div class=\"elementor-widget-container\">\n\t\t\t\t\t\t\t<p><span style=\"font-size: 18pt\"><strong><span style=\"color: #015a87\">Dire\u00e7\u00e3o<\/span><\/strong><\/span><\/p><p><span style=\"font-size: 12pt;font-family: georgia, palatino, serif\"><span style=\"color: #000000\">Respons\u00e1vel por dirigir, coordenar e supervisionar as atividades da CTE, al\u00e9m de p<\/span><span style=\"color: #000000\">ropor estudos, promover medidas para os m\u00e9todos de trabalho, a<\/span><span style=\"color: #000000\">pontar\u00a0<\/span><span style=\"color: #000000\">necessidades e promover o aperfei\u00e7oamento de Recursos Humanos da CTE.<br \/><\/span><\/span><span style=\"font-size: 12pt;font-family: georgia, palatino, serif\"><span style=\"color: #000000\">Tamb\u00e9m respons\u00e1vel por fazer cumprir as normas, promover reuni\u00f5es para debater problemas, r<\/span><span style=\"color: #000000\">epresentar a CTE e promover o relacionamento com \u00f3rg\u00e3os cong\u00eaneres.<\/span><\/span><\/p>\t\t\t\t\t\t<\/div>\n\t\t\t\t<\/div>\n\t\t\t\t<div class=\"elementor-element elementor-element-0270ffc elementor-widget-divider--view-line elementor-widget elementor-widget-divider\" data-id=\"0270ffc\" data-element_type=\"widget\" data-widget_type=\"divider.default\">\n\t\t\t\t<div class=\"elementor-widget-container\">\n\t\t\t\t\t<div class=\"elementor-divider\">\n\t\t\t<span class=\"elementor-divider-separator\">\n\t\t\t\t\t\t<\/span>\n\t\t<\/div>\n\t\t\t\t<\/div>\n\t\t\t\t<\/div>\n\t\t\t\t\t<\/div>\n\t\t<\/div>\n\t\t\t\t\t<\/div>\n\t\t<\/section>\n\t\t\t\t<section class=\"elementor-section elementor-top-section elementor-element elementor-element-f242193 elementor-section-boxed elementor-section-height-default elementor-section-height-default\" data-id=\"f242193\" data-element_type=\"section\">\n\t\t\t\t\t\t<div class=\"elementor-container elementor-column-gap-default\">\n\t\t\t\t\t<div class=\"elementor-column elementor-col-100 elementor-top-column elementor-element elementor-element-fbc6d79\" data-id=\"fbc6d79\" data-element_type=\"column\">\n\t\t\t<div class=\"elementor-widget-wrap elementor-element-populated\">\n\t\t\t\t\t\t<div class=\"elementor-element elementor-element-45b45a2 elementor-widget elementor-widget-menu-anchor\" data-id=\"45b45a2\" data-element_type=\"widget\" data-widget_type=\"menu-anchor.default\">\n\t\t\t\t<div class=\"elementor-widget-container\">\n\t\t\t\t\t<div class=\"elementor-menu-anchor\" id=\"coordenaoUAB\"><\/div>\n\t\t\t\t<\/div>\n\t\t\t\t<\/div>\n\t\t\t\t<div class=\"elementor-element elementor-element-a45498c elementor-widget elementor-widget-text-editor\" data-id=\"a45498c\" data-element_type=\"widget\" data-widget_type=\"text-editor.default\">\n\t\t\t\t<div class=\"elementor-widget-container\">\n\t\t\t\t\t\t\t<p><span style=\"font-size: 18pt\"><strong><span style=\"color: #015a87\">Coordena\u00e7\u00e3o UAB<\/span><\/strong><\/span><\/p><p><span style=\"font-size: 12pt;font-family: georgia, palatino, serif;color: #000000\">Respons\u00e1vel pelas atividades de coordenar os cursos ofertados, receber e avaliar os relat\u00f3rios de desenvolvimento dos cursos, gerenciamento dos bolsistas e presta\u00e7\u00e3o de contas dos recursos liberados pelo MEC.<br \/><\/span><span style=\"font-family: georgia, palatino, serif;font-size: 12pt;color: #000000\">Participa dos grupos de trabalho da IPES e da UAB e encaminha relat\u00f3rios semestrais \u00e0 UAB\/DED\/CAPES.<\/span><\/p>\t\t\t\t\t\t<\/div>\n\t\t\t\t<\/div>\n\t\t\t\t<div class=\"elementor-element elementor-element-7256e72 elementor-widget-divider--view-line elementor-widget elementor-widget-divider\" data-id=\"7256e72\" data-element_type=\"widget\" data-widget_type=\"divider.default\">\n\t\t\t\t<div class=\"elementor-widget-container\">\n\t\t\t\t\t<div class=\"elementor-divider\">\n\t\t\t<span class=\"elementor-divider-separator\">\n\t\t\t\t\t\t<\/span>\n\t\t<\/div>\n\t\t\t\t<\/div>\n\t\t\t\t<\/div>\n\t\t\t\t\t<\/div>\n\t\t<\/div>\n\t\t\t\t\t<\/div>\n\t\t<\/section>\n\t\t\t\t<section class=\"elementor-section elementor-top-section elementor-element elementor-element-b5ba625 elementor-section-boxed elementor-section-height-default elementor-section-height-default\" data-id=\"b5ba625\" data-element_type=\"section\">\n\t\t\t\t\t\t<div class=\"elementor-container elementor-column-gap-default\">\n\t\t\t\t\t<div class=\"elementor-column elementor-col-100 elementor-top-column elementor-element elementor-element-e048c68\" data-id=\"e048c68\" data-element_type=\"column\">\n\t\t\t<div class=\"elementor-widget-wrap elementor-element-populated\">\n\t\t\t\t\t\t<div class=\"elementor-element elementor-element-557e248 elementor-widget elementor-widget-menu-anchor\" data-id=\"557e248\" data-element_type=\"widget\" data-widget_type=\"menu-anchor.default\">\n\t\t\t\t<div class=\"elementor-widget-container\">\n\t\t\t\t\t<div class=\"elementor-menu-anchor\" id=\"secretaria\"><\/div>\n\t\t\t\t<\/div>\n\t\t\t\t<\/div>\n\t\t\t\t<div class=\"elementor-element elementor-element-cdad2a3 elementor-widget elementor-widget-text-editor\" data-id=\"cdad2a3\" data-element_type=\"widget\" data-widget_type=\"text-editor.default\">\n\t\t\t\t<div class=\"elementor-widget-container\">\n\t\t\t\t\t\t\t<p><span style=\"font-size: 18pt\"><strong><span style=\"color: #015a87\">Secretarias<\/span><\/strong><\/span><\/p><p><span style=\"font-size: 12pt\">Respons\u00e1vel por assessorar a dire\u00e7\u00e3o,\u00a0pelo registro e acompanhamento da rotina acad\u00eamica tal como orienta\u00e7\u00e3o e acompanhamento dos cursos, como oferta de disciplinas, acompanhamento das matr\u00edculas, entre outros.<br \/><\/span><span style=\"font-size: 12pt\">Tamb\u00e9m respons\u00e1vel pelo atendimento ao p\u00fablico externo e encaminhamentos.<\/span><\/p>\t\t\t\t\t\t<\/div>\n\t\t\t\t<\/div>\n\t\t\t\t<div class=\"elementor-element elementor-element-b3891b4 elementor-widget-divider--view-line elementor-widget elementor-widget-divider\" data-id=\"b3891b4\" data-element_type=\"widget\" data-widget_type=\"divider.default\">\n\t\t\t\t<div class=\"elementor-widget-container\">\n\t\t\t\t\t<div class=\"elementor-divider\">\n\t\t\t<span class=\"elementor-divider-separator\">\n\t\t\t\t\t\t<\/span>\n\t\t<\/div>\n\t\t\t\t<\/div>\n\t\t\t\t<\/div>\n\t\t\t\t\t<\/div>\n\t\t<\/div>\n\t\t\t\t\t<\/div>\n\t\t<\/section>\n\t\t\t\t<section class=\"elementor-section elementor-top-section elementor-element elementor-element-ec25d33 elementor-section-boxed elementor-section-height-default elementor-section-height-default\" data-id=\"ec25d33\" data-element_type=\"section\">\n\t\t\t\t\t\t<div class=\"elementor-container elementor-column-gap-default\">\n\t\t\t\t\t<div class=\"elementor-column elementor-col-100 elementor-top-column elementor-element elementor-element-82370a5\" data-id=\"82370a5\" data-element_type=\"column\">\n\t\t\t<div class=\"elementor-widget-wrap elementor-element-populated\">\n\t\t\t\t\t\t<div class=\"elementor-element elementor-element-62b6fe2 elementor-widget elementor-widget-menu-anchor\" data-id=\"62b6fe2\" data-element_type=\"widget\" data-widget_type=\"menu-anchor.default\">\n\t\t\t\t<div class=\"elementor-widget-container\">\n\t\t\t\t\t<div class=\"elementor-menu-anchor\" id=\"comunicacao\"><\/div>\n\t\t\t\t<\/div>\n\t\t\t\t<\/div>\n\t\t\t\t<div class=\"elementor-element elementor-element-09deb2e elementor-widget elementor-widget-text-editor\" data-id=\"09deb2e\" data-element_type=\"widget\" data-widget_type=\"text-editor.default\">\n\t\t\t\t<div class=\"elementor-widget-container\">\n\t\t\t\t\t\t\t<p><span style=\"color: #015a87;font-size: 18pt\"><strong>Comunica\u00e7\u00e3o<\/strong><\/span><\/p><p>Respons\u00e1vel pela divulga\u00e7\u00e3o de not\u00edcias e editais, al\u00e9m das m\u00eddias sociais da CTE.<\/p>\t\t\t\t\t\t<\/div>\n\t\t\t\t<\/div>\n\t\t\t\t<div class=\"elementor-element elementor-element-6e623b6 elementor-widget-divider--view-line elementor-widget elementor-widget-divider\" data-id=\"6e623b6\" data-element_type=\"widget\" data-widget_type=\"divider.default\">\n\t\t\t\t<div class=\"elementor-widget-container\">\n\t\t\t\t\t<div class=\"elementor-divider\">\n\t\t\t<span class=\"elementor-divider-separator\">\n\t\t\t\t\t\t<\/span>\n\t\t<\/div>\n\t\t\t\t<\/div>\n\t\t\t\t<\/div>\n\t\t\t\t\t<\/div>\n\t\t<\/div>\n\t\t\t\t\t<\/div>\n\t\t<\/section>\n\t\t\t\t<section class=\"elementor-section elementor-top-section elementor-element elementor-element-31a86cf elementor-section-boxed elementor-section-height-default elementor-section-height-default\" data-id=\"31a86cf\" data-element_type=\"section\">\n\t\t\t\t\t\t<div class=\"elementor-container elementor-column-gap-default\">\n\t\t\t\t\t<div class=\"elementor-column elementor-col-100 elementor-top-column elementor-element elementor-element-9f2ea10\" data-id=\"9f2ea10\" data-element_type=\"column\">\n\t\t\t<div class=\"elementor-widget-wrap elementor-element-populated\">\n\t\t\t\t\t\t<div class=\"elementor-element elementor-element-c844de0 elementor-widget elementor-widget-menu-anchor\" data-id=\"c844de0\" data-element_type=\"widget\" data-widget_type=\"menu-anchor.default\">\n\t\t\t\t<div class=\"elementor-widget-container\">\n\t\t\t\t\t<div class=\"elementor-menu-anchor\" id=\"administrativo\"><\/div>\n\t\t\t\t<\/div>\n\t\t\t\t<\/div>\n\t\t\t\t<div class=\"elementor-element elementor-element-b9b4b76 elementor-widget elementor-widget-text-editor\" data-id=\"b9b4b76\" data-element_type=\"widget\" data-widget_type=\"text-editor.default\">\n\t\t\t\t<div class=\"elementor-widget-container\">\n\t\t\t\t\t\t\t<p><span style=\"color: #015a87;font-size: 18pt\"><strong>Administrativo<\/strong><\/span><\/p><p style=\"text-align: justify\"><span style=\"color: #000000;font-size: 16px\">Respons\u00e1vel pelos processos administrativos da Coordenadoria de Tecnologia Educacional em suporte aos cursos UAB\/UFSM e demais setores da CTE. Ainda, organiza\u00e7\u00e3o e controle de viagens, apoio no gerenciamento dos projetos UAB, nas funda\u00e7\u00f5es de apoio. Al\u00e9m desses, apoio aos processos de compras internas e externas, empenhos, controles, invent\u00e1rios, apoio na gest\u00e3o de contratos.<\/span><\/p>\t\t\t\t\t\t<\/div>\n\t\t\t\t<\/div>\n\t\t\t\t<div class=\"elementor-element elementor-element-bf0115a elementor-widget-divider--view-line elementor-widget elementor-widget-divider\" data-id=\"bf0115a\" data-element_type=\"widget\" data-widget_type=\"divider.default\">\n\t\t\t\t<div class=\"elementor-widget-container\">\n\t\t\t\t\t<div class=\"elementor-divider\">\n\t\t\t<span class=\"elementor-divider-separator\">\n\t\t\t\t\t\t<\/span>\n\t\t<\/div>\n\t\t\t\t<\/div>\n\t\t\t\t<\/div>\n\t\t\t\t\t<\/div>\n\t\t<\/div>\n\t\t\t\t\t<\/div>\n\t\t<\/section>\n\t\t\t\t<section class=\"elementor-section elementor-top-section elementor-element elementor-element-c6a8caf elementor-section-boxed elementor-section-height-default elementor-section-height-default\" data-id=\"c6a8caf\" data-element_type=\"section\">\n\t\t\t\t\t\t<div class=\"elementor-container elementor-column-gap-default\">\n\t\t\t\t\t<div class=\"elementor-column elementor-col-100 elementor-top-column elementor-element elementor-element-a906ffd\" data-id=\"a906ffd\" data-element_type=\"column\">\n\t\t\t<div class=\"elementor-widget-wrap elementor-element-populated\">\n\t\t\t\t\t\t<div class=\"elementor-element elementor-element-42398ed elementor-widget elementor-widget-menu-anchor\" data-id=\"42398ed\" data-element_type=\"widget\" data-widget_type=\"menu-anchor.default\">\n\t\t\t\t<div class=\"elementor-widget-container\">\n\t\t\t\t\t<div class=\"elementor-menu-anchor\" id=\"multidisciplinar\"><\/div>\n\t\t\t\t<\/div>\n\t\t\t\t<\/div>\n\t\t\t\t<div class=\"elementor-element elementor-element-0670404 elementor-widget elementor-widget-text-editor\" data-id=\"0670404\" data-element_type=\"widget\" data-widget_type=\"text-editor.default\">\n\t\t\t\t<div class=\"elementor-widget-container\">\n\t\t\t\t\t\t\t<p><span style=\"color: #015a87;font-size: 18pt\"><strong>Equipe Multidisciplinar<\/strong><\/span><\/p><p>Respons\u00e1vel pela orienta\u00e7\u00e3o did\u00e1tico-pedag\u00f3gica, diagrama\u00e7\u00e3o, ilustra\u00e7\u00f5es e verifica\u00e7\u00e3o ortogr\u00e1fica na produ\u00e7\u00e3o e execu\u00e7\u00e3o de materiais did\u00e1ticos e audiovisuais.<\/p>\t\t\t\t\t\t<\/div>\n\t\t\t\t<\/div>\n\t\t\t\t<div class=\"elementor-element elementor-element-cfb961d elementor-widget-divider--view-line elementor-widget elementor-widget-divider\" data-id=\"cfb961d\" data-element_type=\"widget\" data-widget_type=\"divider.default\">\n\t\t\t\t<div class=\"elementor-widget-container\">\n\t\t\t\t\t<div class=\"elementor-divider\">\n\t\t\t<span class=\"elementor-divider-separator\">\n\t\t\t\t\t\t<\/span>\n\t\t<\/div>\n\t\t\t\t<\/div>\n\t\t\t\t<\/div>\n\t\t\t\t\t<\/div>\n\t\t<\/div>\n\t\t\t\t\t<\/div>\n\t\t<\/section>\n\t\t\t\t<section class=\"elementor-section elementor-top-section elementor-element elementor-element-8d3c6f2 elementor-section-boxed elementor-section-height-default elementor-section-height-default\" data-id=\"8d3c6f2\" data-element_type=\"section\">\n\t\t\t\t\t\t<div class=\"elementor-container elementor-column-gap-default\">\n\t\t\t\t\t<div class=\"elementor-column elementor-col-100 elementor-top-column elementor-element elementor-element-e7f43d6\" data-id=\"e7f43d6\" data-element_type=\"column\">\n\t\t\t<div class=\"elementor-widget-wrap elementor-element-populated\">\n\t\t\t\t\t\t<div class=\"elementor-element elementor-element-0a58fdd elementor-widget elementor-widget-menu-anchor\" data-id=\"0a58fdd\" data-element_type=\"widget\" data-widget_type=\"menu-anchor.default\">\n\t\t\t\t<div class=\"elementor-widget-container\">\n\t\t\t\t\t<div class=\"elementor-menu-anchor\" id=\"ti\"><\/div>\n\t\t\t\t<\/div>\n\t\t\t\t<\/div>\n\t\t\t\t<div class=\"elementor-element elementor-element-f0760f2 elementor-widget elementor-widget-text-editor\" data-id=\"f0760f2\" data-element_type=\"widget\" data-widget_type=\"text-editor.default\">\n\t\t\t\t<div class=\"elementor-widget-container\">\n\t\t\t\t\t\t\t<p><span style=\"font-size: 18pt\"><strong><span style=\"color: #015a87\">Tecnologia da Informa\u00e7\u00e3o<\/span><\/strong><\/span><\/p><p>Respons\u00e1vel pelo suporte aos ambientes virtuais: Moodle UAB, Moodle Presencial e Moodle Capacita\u00e7\u00e3o.\u00a0<br \/>Tamb\u00e9m respons\u00e1vel pela manuten\u00e7\u00e3o dos equipamentos de inform\u00e1tica do pr\u00e9dio da CTE e desenvolvimento de tecnologias digitais para os ambientes virtuais e outros sistemas da CTE.<\/p>\t\t\t\t\t\t<\/div>\n\t\t\t\t<\/div>\n\t\t\t\t<div class=\"elementor-element elementor-element-110efed elementor-widget-divider--view-line elementor-widget elementor-widget-divider\" data-id=\"110efed\" data-element_type=\"widget\" data-widget_type=\"divider.default\">\n\t\t\t\t<div class=\"elementor-widget-container\">\n\t\t\t\t\t<div class=\"elementor-divider\">\n\t\t\t<span class=\"elementor-divider-separator\">\n\t\t\t\t\t\t<\/span>\n\t\t<\/div>\n\t\t\t\t<\/div>\n\t\t\t\t<\/div>\n\t\t\t\t\t<\/div>\n\t\t<\/div>\n\t\t\t\t\t<\/div>\n\t\t<\/section>\n\t\t\t\t<section class=\"elementor-section elementor-top-section elementor-element elementor-element-924c43e elementor-section-boxed elementor-section-height-default elementor-section-height-default\" data-id=\"924c43e\" data-element_type=\"section\">\n\t\t\t\t\t\t<div class=\"elementor-container elementor-column-gap-default\">\n\t\t\t\t\t<div class=\"elementor-column elementor-col-100 elementor-top-column elementor-element elementor-element-9b2bbbb\" data-id=\"9b2bbbb\" data-element_type=\"column\">\n\t\t\t<div class=\"elementor-widget-wrap elementor-element-populated\">\n\t\t\t\t\t\t<div class=\"elementor-element elementor-element-3595e8a elementor-widget elementor-widget-menu-anchor\" data-id=\"3595e8a\" data-element_type=\"widget\" data-widget_type=\"menu-anchor.default\">\n\t\t\t\t<div class=\"elementor-widget-container\">\n\t\t\t\t\t<div class=\"elementor-menu-anchor\" id=\"capacitao\"><\/div>\n\t\t\t\t<\/div>\n\t\t\t\t<\/div>\n\t\t\t\t\t<\/div>\n\t\t<\/div>\n\t\t\t\t\t<\/div>\n\t\t<\/section>\n\t\t\t\t<section class=\"elementor-section elementor-top-section elementor-element elementor-element-494a26b elementor-section-boxed elementor-section-height-default elementor-section-height-default\" data-id=\"494a26b\" data-element_type=\"section\">\n\t\t\t\t\t\t<div class=\"elementor-container elementor-column-gap-default\">\n\t\t\t\t\t<div class=\"elementor-column elementor-col-100 elementor-top-column elementor-element elementor-element-edc4a05\" data-id=\"edc4a05\" data-element_type=\"column\">\n\t\t\t<div class=\"elementor-widget-wrap elementor-element-populated\">\n\t\t\t\t\t\t<div class=\"elementor-element elementor-element-b365f22 elementor-widget elementor-widget-text-editor\" data-id=\"b365f22\" data-element_type=\"widget\" data-widget_type=\"text-editor.default\">\n\t\t\t\t<div class=\"elementor-widget-container\">\n\t\t\t\t\t\t\t<p><span style=\"font-size: 18pt\"><strong><span style=\"color: #015a87\">Capacita\u00e7\u00e3o<\/span><\/strong><\/span><\/p><p>Respons\u00e1vel por promover a\u00e7\u00f5es de capacita\u00e7\u00e3o em torno de conte\u00fados, de pr\u00e1ticas e de metodologias que abordam tecnologias educacionais, al\u00e9m de familiarizar a comunidade com o ambiente virtual de ensino\u00ad-aprendizagem (AVEA) Moodle.<\/p>\t\t\t\t\t\t<\/div>\n\t\t\t\t<\/div>\n\t\t\t\t\t<\/div>\n\t\t<\/div>\n\t\t\t\t\t<\/div>\n\t\t<\/section>\n\t\t\t\t<\/div>\n\t\t","protected":false},"excerpt":{"rendered":"<p>Dire\u00e7\u00e3o Respons\u00e1vel por dirigir, coordenar e supervisionar as atividades da CTE, al\u00e9m de propor estudos, promover medidas para os m\u00e9todos de trabalho, apontar\u00a0necessidades e promover o aperfei\u00e7oamento de Recursos Humanos da CTE.Tamb\u00e9m respons\u00e1vel por fazer cumprir as normas, promover reuni\u00f5es para debater problemas, representar a CTE e promover o relacionamento com \u00f3rg\u00e3os cong\u00eaneres. Coordena\u00e7\u00e3o UAB [&hellip;]<\/p>\n","protected":false},"author":264,"featured_media":0,"parent":0,"menu_order":0,"comment_status":"closed","ping_status":"closed","template":"","meta":{"episode_type":"","audio_file":"","cover_image":"","cover_image_id":"","duration":"","filesize":"","date_recorded":"","explicit":"","block":"","filesize_raw":"","footnotes":""},"categories":[],"tags":[],"class_list":["post-2703","page","type-page","status-publish","hentry"],"acf":[],"_links":{"self":[{"href":"https:\/\/www.ufsm.br\/pro-reitorias\/prograd\/cte\/wp-json\/wp\/v2\/pages\/2703","targetHints":{"allow":["GET"]}}],"collection":[{"href":"https:\/\/www.ufsm.br\/pro-reitorias\/prograd\/cte\/wp-json\/wp\/v2\/pages"}],"about":[{"href":"https:\/\/www.ufsm.br\/pro-reitorias\/prograd\/cte\/wp-json\/wp\/v2\/types\/page"}],"author":[{"embeddable":true,"href":"https:\/\/www.ufsm.br\/pro-reitorias\/prograd\/cte\/wp-json\/wp\/v2\/users\/264"}],"replies":[{"embeddable":true,"href":"https:\/\/www.ufsm.br\/pro-reitorias\/prograd\/cte\/wp-json\/wp\/v2\/comments?post=2703"}],"version-history":[{"count":0,"href":"https:\/\/www.ufsm.br\/pro-reitorias\/prograd\/cte\/wp-json\/wp\/v2\/pages\/2703\/revisions"}],"wp:attachment":[{"href":"https:\/\/www.ufsm.br\/pro-reitorias\/prograd\/cte\/wp-json\/wp\/v2\/media?parent=2703"}],"wp:term":[{"taxonomy":"category","embeddable":true,"href":"https:\/\/www.ufsm.br\/pro-reitorias\/prograd\/cte\/wp-json\/wp\/v2\/categories?post=2703"},{"taxonomy":"post_tag","embeddable":true,"href":"https:\/\/www.ufsm.br\/pro-reitorias\/prograd\/cte\/wp-json\/wp\/v2\/tags?post=2703"}],"curies":[{"name":"wp","href":"https:\/\/api.w.org\/{rel}","templated":true}]}}