{"id":6993,"date":"2023-06-06T16:57:47","date_gmt":"2023-06-06T19:57:47","guid":{"rendered":"https:\/\/www.ufsm.br\/pro-reitorias\/prograd\/cte\/?page_id=6993"},"modified":"2023-06-07T15:20:08","modified_gmt":"2023-06-07T18:20:08","slug":"acessibilidade-do-moodle-ufsm","status":"publish","type":"page","link":"https:\/\/www.ufsm.br\/pro-reitorias\/prograd\/cte\/acessibilidade-do-moodle-ufsm","title":{"rendered":"Acessibilidade do Moodle UFSM"},"content":{"rendered":"\t\t<div data-elementor-type=\"wp-page\" data-elementor-id=\"6993\" class=\"elementor elementor-6993\">\n\t\t\t\t\t\t<section class=\"elementor-section elementor-top-section elementor-element elementor-element-8f01d78 elementor-section-boxed elementor-section-height-default elementor-section-height-default\" data-id=\"8f01d78\" data-element_type=\"section\">\n\t\t\t\t\t\t<div class=\"elementor-container elementor-column-gap-default\">\n\t\t\t\t\t<div class=\"elementor-column elementor-col-100 elementor-top-column elementor-element elementor-element-788bed3\" data-id=\"788bed3\" data-element_type=\"column\">\n\t\t\t<div class=\"elementor-widget-wrap elementor-element-populated\">\n\t\t\t\t\t\t<div class=\"elementor-element elementor-element-5fb5287 elementor-widget elementor-widget-text-editor\" data-id=\"5fb5287\" data-element_type=\"widget\" data-widget_type=\"text-editor.default\">\n\t\t\t\t<div class=\"elementor-widget-container\">\n\t\t\t\t\t\t\t<p>Desde o in\u00edcio da EaD, a UFSM se preocupa em escolher ou desenvolver tecnologias e ambientes virtuais de aprendizado acess\u00edveis para seus usu\u00e1rios. Elencamos abaixo alguns exemplos desta busca cont\u00ednua por melhorias na acessibilidade dos materiais did\u00e1ticos e sistemas desenvolvidos e mantidos pela CTE-PROGRAD:<\/p>\n<p><span style=\"color: #000000;font-size: 1rem;font-weight: var( --e-global-typography-text-font-weight );text-align: var(--bs-body-text-align)\"><span style=\"font-size: 12pt\"><strong>2016: <\/strong><\/span>\u00a0Cria\u00e7\u00e3o do Reposit\u00f3rio de V\u00eddeos <a href=\"https:\/\/ntetube.nte.ufsm.br\/ajuda\" target=\"_blank\" rel=\"noopener\">NteTube<\/a> com possibilidade de cria\u00e7\u00e3o e edi\u00e7\u00e3o de legendas e tamb\u00e9m com a incorpora\u00e7\u00e3o do <a href=\"https:\/\/www.gov.br\/governodigital\/pt-br\/vlibras\/\" target=\"_blank\" rel=\"noopener\">VLibras<\/a>,\u00a0 que \u00e9 um plugin que permite traduzir as legendas dos v\u00eddeos para a\u00a0<\/span><span style=\"text-align: var(--bs-body-text-align)\">L\u00edngua Brasileira de Sinais &#8211; LIBRAS.<\/span><\/p>\t\t\t\t\t\t<\/div>\n\t\t\t\t<\/div>\n\t\t\t\t\t<\/div>\n\t\t<\/div>\n\t\t\t\t\t<\/div>\n\t\t<\/section>\n\t\t\t\t<section class=\"elementor-section elementor-top-section elementor-element elementor-element-e00649d elementor-section-boxed elementor-section-height-default elementor-section-height-default\" data-id=\"e00649d\" data-element_type=\"section\">\n\t\t\t\t\t\t<div class=\"elementor-container elementor-column-gap-default\">\n\t\t\t\t\t<div class=\"elementor-column elementor-col-100 elementor-top-column elementor-element elementor-element-0b9203a\" data-id=\"0b9203a\" data-element_type=\"column\">\n\t\t\t<div class=\"elementor-widget-wrap elementor-element-populated\">\n\t\t\t\t\t\t<div class=\"elementor-element elementor-element-fd88f2c elementor-widget elementor-widget-image\" data-id=\"fd88f2c\" data-element_type=\"widget\" data-widget_type=\"image.default\">\n\t\t\t\t<div class=\"elementor-widget-container\">\n\t\t\t\t\t\t\t\t\t\t\t\t\t<img fetchpriority=\"high\" decoding=\"async\" width=\"1024\" height=\"734\" src=\"https:\/\/www.ufsm.br\/app\/uploads\/sites\/358\/2023\/06\/vlibras_cte_2017-1024x734.jpg\" class=\"attachment-large size-large wp-image-6998\" alt=\"Vlibras no NteTube\" srcset=\"https:\/\/www.ufsm.br\/app\/uploads\/sites\/358\/2023\/06\/vlibras_cte_2017-1024x734.jpg 1024w, https:\/\/www.ufsm.br\/app\/uploads\/sites\/358\/2023\/06\/vlibras_cte_2017-300x215.jpg 300w, https:\/\/www.ufsm.br\/app\/uploads\/sites\/358\/2023\/06\/vlibras_cte_2017-768x551.jpg 768w, https:\/\/www.ufsm.br\/app\/uploads\/sites\/358\/2023\/06\/vlibras_cte_2017.jpg 1191w\" sizes=\"(max-width: 1024px) 100vw, 1024px\" \/>\t\t\t\t\t\t\t\t\t\t\t\t\t<\/div>\n\t\t\t\t<\/div>\n\t\t\t\t\t<\/div>\n\t\t<\/div>\n\t\t\t\t\t<\/div>\n\t\t<\/section>\n\t\t\t\t<section class=\"elementor-section elementor-top-section elementor-element elementor-element-a5a093f elementor-section-boxed elementor-section-height-default elementor-section-height-default\" data-id=\"a5a093f\" data-element_type=\"section\">\n\t\t\t\t\t\t<div class=\"elementor-container elementor-column-gap-default\">\n\t\t\t\t\t<div class=\"elementor-column elementor-col-100 elementor-top-column elementor-element elementor-element-9e98809\" data-id=\"9e98809\" data-element_type=\"column\">\n\t\t\t<div class=\"elementor-widget-wrap elementor-element-populated\">\n\t\t\t\t\t\t<div class=\"elementor-element elementor-element-d4a910a elementor-widget elementor-widget-text-editor\" data-id=\"d4a910a\" data-element_type=\"widget\" data-widget_type=\"text-editor.default\">\n\t\t\t\t<div class=\"elementor-widget-container\">\n\t\t\t\t\t\t\t<p><span style=\"color: #000000;font-size: 16px;text-align: var(--bs-body-text-align)\"><span style=\"font-weight: bolder\">2018 &#8211; 2023:<\/span>\u00a0Produ\u00e7\u00e3o de diversos\u00a0<a style=\"color: #204c90\" href=\"https:\/\/ntetube.nte.ufsm.br\/catalogo\/81-Produ%C3%A7%C3%A3o_de_Material_Did%C3%A1tico_em_L%C3%ADngua_de_Sinais\" target=\"_blank\" rel=\"noopener\">v\u00eddeos para o ensino de Libras<\/a>, que s\u00e3o de dom\u00ednio p\u00fablico e muito utilizados em disciplinas de\u00a0 cursos de licenciatura da UFSM:<\/span><span style=\"color: #000000;font-size: 16px;font-weight: var( --e-global-typography-text-font-weight );text-align: var(--bs-body-text-align)\">\u00a0<\/span><\/p>\t\t\t\t\t\t<\/div>\n\t\t\t\t<\/div>\n\t\t\t\t\t<\/div>\n\t\t<\/div>\n\t\t\t\t\t<\/div>\n\t\t<\/section>\n\t\t\t\t<section class=\"elementor-section elementor-top-section elementor-element elementor-element-1f63412 elementor-section-boxed elementor-section-height-default elementor-section-height-default\" data-id=\"1f63412\" data-element_type=\"section\">\n\t\t\t\t\t\t<div class=\"elementor-container elementor-column-gap-default\">\n\t\t\t\t\t<div class=\"elementor-column elementor-col-100 elementor-top-column elementor-element elementor-element-6399806\" data-id=\"6399806\" data-element_type=\"column\">\n\t\t\t<div class=\"elementor-widget-wrap elementor-element-populated\">\n\t\t\t\t\t\t<div class=\"elementor-element elementor-element-29cd24a elementor-widget elementor-widget-image\" data-id=\"29cd24a\" data-element_type=\"widget\" data-widget_type=\"image.default\">\n\t\t\t\t<div class=\"elementor-widget-container\">\n\t\t\t\t\t\t\t\t\t\t\t\t\t<img decoding=\"async\" width=\"1024\" height=\"796\" src=\"https:\/\/www.ufsm.br\/app\/uploads\/sites\/358\/2023\/06\/videos_libras-1024x796.jpg\" class=\"attachment-large size-large wp-image-6997\" alt=\"V\u00eddeo libras produzidos na UFSM\" srcset=\"https:\/\/www.ufsm.br\/app\/uploads\/sites\/358\/2023\/06\/videos_libras-1024x796.jpg 1024w, https:\/\/www.ufsm.br\/app\/uploads\/sites\/358\/2023\/06\/videos_libras-300x233.jpg 300w, https:\/\/www.ufsm.br\/app\/uploads\/sites\/358\/2023\/06\/videos_libras-768x597.jpg 768w, https:\/\/www.ufsm.br\/app\/uploads\/sites\/358\/2023\/06\/videos_libras.jpg 1191w\" sizes=\"(max-width: 1024px) 100vw, 1024px\" \/>\t\t\t\t\t\t\t\t\t\t\t\t\t<\/div>\n\t\t\t\t<\/div>\n\t\t\t\t\t<\/div>\n\t\t<\/div>\n\t\t\t\t\t<\/div>\n\t\t<\/section>\n\t\t\t\t<section class=\"elementor-section elementor-top-section elementor-element elementor-element-2ce4587f elementor-section-boxed elementor-section-height-default elementor-section-height-default\" data-id=\"2ce4587f\" data-element_type=\"section\">\n\t\t\t\t\t\t<div class=\"elementor-container elementor-column-gap-default\">\n\t\t\t\t\t<div class=\"elementor-column elementor-col-100 elementor-top-column elementor-element elementor-element-119bc495\" data-id=\"119bc495\" data-element_type=\"column\">\n\t\t\t<div class=\"elementor-widget-wrap elementor-element-populated\">\n\t\t\t\t\t\t\t<\/div>\n\t\t<\/div>\n\t\t\t\t\t<\/div>\n\t\t<\/section>\n\t\t\t\t<section class=\"elementor-section elementor-top-section elementor-element elementor-element-c40d39f elementor-section-boxed elementor-section-height-default elementor-section-height-default\" data-id=\"c40d39f\" data-element_type=\"section\">\n\t\t\t\t\t\t<div class=\"elementor-container elementor-column-gap-default\">\n\t\t\t\t\t<div class=\"elementor-column elementor-col-100 elementor-top-column elementor-element elementor-element-a4eef71\" data-id=\"a4eef71\" data-element_type=\"column\">\n\t\t\t<div class=\"elementor-widget-wrap elementor-element-populated\">\n\t\t\t\t\t\t<div class=\"elementor-element elementor-element-8a2933d elementor-widget__width-initial elementor-widget elementor-widget-text-editor\" data-id=\"8a2933d\" data-element_type=\"widget\" data-widget_type=\"text-editor.default\">\n\t\t\t\t<div class=\"elementor-widget-container\">\n\t\t\t\t\t\t\t<p><b>2021<\/b>: O Moodle da UFSM \u00e9 atualizado para a vers\u00e3o 3.11, que possui <a href=\"https:\/\/moodle.com\/pt-br\/news\/moodle-wcag-2-1-aa-accessibility-compliance\/\" target=\"_blank\" rel=\"noopener\">certifica\u00e7\u00e3o de acessibilidade da WebKeyIT<\/a> (auditoria de especialistas em acessibilidade digital) e passamos a utilizar o tema padr\u00e3o do Moodle, por estar em conformidade com as diretrizes de acessibilidade da WCAG.<\/p>\n<p>Abaixo c\u00f3pia da not\u00edcia da certifica\u00e7\u00e3o do Moodle:\u00a0<\/p>\t\t\t\t\t\t<\/div>\n\t\t\t\t<\/div>\n\t\t\t\t\t<\/div>\n\t\t<\/div>\n\t\t\t\t\t<\/div>\n\t\t<\/section>\n\t\t\t\t<section class=\"elementor-section elementor-top-section elementor-element elementor-element-2b53b3b elementor-section-boxed elementor-section-height-default elementor-section-height-default\" data-id=\"2b53b3b\" data-element_type=\"section\">\n\t\t\t\t\t\t<div class=\"elementor-container elementor-column-gap-default\">\n\t\t\t\t\t<div class=\"elementor-column elementor-col-100 elementor-top-column elementor-element elementor-element-bfc91af\" data-id=\"bfc91af\" data-element_type=\"column\">\n\t\t\t<div class=\"elementor-widget-wrap elementor-element-populated\">\n\t\t\t\t\t\t<div class=\"elementor-element elementor-element-f8bb70d elementor-widget elementor-widget-image\" data-id=\"f8bb70d\" data-element_type=\"widget\" data-widget_type=\"image.default\">\n\t\t\t\t<div class=\"elementor-widget-container\">\n\t\t\t\t\t\t\t\t\t\t\t\t\t\t<a href=\"https:\/\/moodle.com\/pt-br\/news\/moodle-wcag-2-1-aa-accessibility-compliance\/\" target=\"_blank\">\n\t\t\t\t\t\t\t<img decoding=\"async\" width=\"743\" height=\"754\" src=\"https:\/\/www.ufsm.br\/app\/uploads\/sites\/358\/2023\/06\/Moodle_Selo_Acessibilidade.jpg\" class=\"attachment-large size-large wp-image-6996\" alt=\"\" srcset=\"https:\/\/www.ufsm.br\/app\/uploads\/sites\/358\/2023\/06\/Moodle_Selo_Acessibilidade.jpg 743w, https:\/\/www.ufsm.br\/app\/uploads\/sites\/358\/2023\/06\/Moodle_Selo_Acessibilidade-296x300.jpg 296w\" sizes=\"(max-width: 743px) 100vw, 743px\" \/>\t\t\t\t\t\t\t\t<\/a>\n\t\t\t\t\t\t\t\t\t\t\t\t\t<\/div>\n\t\t\t\t<\/div>\n\t\t\t\t\t<\/div>\n\t\t<\/div>\n\t\t\t\t\t<\/div>\n\t\t<\/section>\n\t\t\t\t<section class=\"elementor-section elementor-top-section elementor-element elementor-element-541c0f5 elementor-section-boxed elementor-section-height-default elementor-section-height-default\" data-id=\"541c0f5\" data-element_type=\"section\">\n\t\t\t\t\t\t<div class=\"elementor-container elementor-column-gap-default\">\n\t\t\t\t\t<div class=\"elementor-column elementor-col-100 elementor-top-column elementor-element elementor-element-07ed0a7\" data-id=\"07ed0a7\" data-element_type=\"column\">\n\t\t\t<div class=\"elementor-widget-wrap elementor-element-populated\">\n\t\t\t\t\t\t<div class=\"elementor-element elementor-element-a514afe elementor-widget elementor-widget-image\" data-id=\"a514afe\" data-element_type=\"widget\" data-widget_type=\"image.default\">\n\t\t\t\t<div class=\"elementor-widget-container\">\n\t\t\t\t\t\t\t\t\t\t\t\t\t\t<a href=\"https:\/\/moodle.com\/pt-br\/news\/moodle-wcag-2-1-aa-accessibility-compliance\/\" target=\"_blank\">\n\t\t\t\t\t\t\t<img loading=\"lazy\" decoding=\"async\" width=\"743\" height=\"570\" src=\"https:\/\/www.ufsm.br\/app\/uploads\/sites\/358\/2023\/06\/Moodle_Selo_Acessibilidade_2.jpg\" class=\"attachment-large size-large wp-image-6995\" alt=\"\" srcset=\"https:\/\/www.ufsm.br\/app\/uploads\/sites\/358\/2023\/06\/Moodle_Selo_Acessibilidade_2.jpg 743w, https:\/\/www.ufsm.br\/app\/uploads\/sites\/358\/2023\/06\/Moodle_Selo_Acessibilidade_2-300x230.jpg 300w\" sizes=\"(max-width: 743px) 100vw, 743px\" \/>\t\t\t\t\t\t\t\t<\/a>\n\t\t\t\t\t\t\t\t\t\t\t\t\t<\/div>\n\t\t\t\t<\/div>\n\t\t\t\t\t<\/div>\n\t\t<\/div>\n\t\t\t\t\t<\/div>\n\t\t<\/section>\n\t\t\t\t<section class=\"elementor-section elementor-top-section elementor-element elementor-element-3899dd0 elementor-section-boxed elementor-section-height-default elementor-section-height-default\" data-id=\"3899dd0\" data-element_type=\"section\">\n\t\t\t\t\t\t<div class=\"elementor-container elementor-column-gap-default\">\n\t\t\t\t\t<div class=\"elementor-column elementor-col-100 elementor-top-column elementor-element elementor-element-671abb7\" data-id=\"671abb7\" data-element_type=\"column\">\n\t\t\t<div class=\"elementor-widget-wrap elementor-element-populated\">\n\t\t\t\t\t\t<div class=\"elementor-element elementor-element-a53d31f elementor-widget__width-initial elementor-widget elementor-widget-text-editor\" data-id=\"a53d31f\" data-element_type=\"widget\" data-widget_type=\"text-editor.default\">\n\t\t\t\t<div class=\"elementor-widget-container\">\n\t\t\t\t\t\t\t<p><b>2023<\/b>: Instala\u00e7\u00e3o do Vlibras (interpretador da linguagem de sinais) nos ambientes moodle da UFSM para auxiliar usu\u00e1rios surdos.<\/p>\t\t\t\t\t\t<\/div>\n\t\t\t\t<\/div>\n\t\t\t\t\t<\/div>\n\t\t<\/div>\n\t\t\t\t\t<\/div>\n\t\t<\/section>\n\t\t\t\t<section class=\"elementor-section elementor-top-section elementor-element elementor-element-f438c3f elementor-section-boxed elementor-section-height-default elementor-section-height-default\" data-id=\"f438c3f\" data-element_type=\"section\">\n\t\t\t\t\t\t<div class=\"elementor-container elementor-column-gap-default\">\n\t\t\t\t\t<div class=\"elementor-column elementor-col-100 elementor-top-column elementor-element elementor-element-1ceebee\" data-id=\"1ceebee\" data-element_type=\"column\">\n\t\t\t<div class=\"elementor-widget-wrap elementor-element-populated\">\n\t\t\t\t\t\t<div class=\"elementor-element elementor-element-e4ac901 elementor-widget elementor-widget-image\" data-id=\"e4ac901\" data-element_type=\"widget\" data-widget_type=\"image.default\">\n\t\t\t\t<div class=\"elementor-widget-container\">\n\t\t\t\t\t\t\t\t\t\t\t\t\t\t<a href=\"https:\/\/moodle.com\/pt-br\/news\/moodle-wcag-2-1-aa-accessibility-compliance\/\" target=\"_blank\">\n\t\t\t\t\t\t\t<img decoding=\"async\" src=\"https:\/\/www.ufsm.br\/app\/uploads\/sites\/358\/elementor\/thumbs\/vlibras-q7mhh4tqv4nn8ysqm7gokup6l957r6lp7mlr1epit0.jpg\" title=\"vlibras\" alt=\"vlibras\" loading=\"lazy\" \/>\t\t\t\t\t\t\t\t<\/a>\n\t\t\t\t\t\t\t\t\t\t\t\t\t<\/div>\n\t\t\t\t<\/div>\n\t\t\t\t\t<\/div>\n\t\t<\/div>\n\t\t\t\t\t<\/div>\n\t\t<\/section>\n\t\t\t\t<section class=\"elementor-section elementor-top-section elementor-element elementor-element-096f952 elementor-section-boxed elementor-section-height-default elementor-section-height-default\" data-id=\"096f952\" data-element_type=\"section\">\n\t\t\t\t\t\t<div class=\"elementor-container elementor-column-gap-default\">\n\t\t\t\t\t<div class=\"elementor-column elementor-col-100 elementor-top-column elementor-element elementor-element-546e53c\" data-id=\"546e53c\" data-element_type=\"column\">\n\t\t\t<div class=\"elementor-widget-wrap elementor-element-populated\">\n\t\t\t\t\t\t<div class=\"elementor-element elementor-element-a704c3f elementor-widget__width-initial elementor-widget elementor-widget-text-editor\" data-id=\"a704c3f\" data-element_type=\"widget\" data-widget_type=\"text-editor.default\">\n\t\t\t\t<div class=\"elementor-widget-container\">\n\t\t\t\t\t\t\t<p><span style=\"color: #000000;font-size: 1rem;font-weight: var( --e-global-typography-text-font-weight );text-align: var(--bs-body-text-align)\">Instala\u00e7\u00e3o do <\/span><a style=\"font-size: 1rem;font-weight: var( --e-global-typography-text-font-weight );text-align: var(--bs-body-text-align)\" href=\"https:\/\/www.ufsm.br\/pro-reitorias\/prograd\/cte\/bloco-de-acessibilidade-do-moodle\" target=\"_blank\" rel=\"noopener\">Bloco de Acessibilidade no Moodle da UFSM<\/a><span style=\"color: #000000;font-size: 1rem;font-weight: var( --e-global-typography-text-font-weight );text-align: var(--bs-body-text-align)\">, para permitir que os usu\u00e1rios com baixa vis\u00e3o possam utilizar os recursos de ajuste das fontes e fundo das p\u00e1ginas:<\/span><\/p>\t\t\t\t\t\t<\/div>\n\t\t\t\t<\/div>\n\t\t\t\t\t<\/div>\n\t\t<\/div>\n\t\t\t\t\t<\/div>\n\t\t<\/section>\n\t\t\t\t<section class=\"elementor-section elementor-top-section elementor-element elementor-element-b4097d7 elementor-section-boxed elementor-section-height-default elementor-section-height-default\" data-id=\"b4097d7\" data-element_type=\"section\">\n\t\t\t\t\t\t<div class=\"elementor-container elementor-column-gap-default\">\n\t\t\t\t\t<div class=\"elementor-column elementor-col-100 elementor-top-column elementor-element elementor-element-4aef8ce\" data-id=\"4aef8ce\" data-element_type=\"column\">\n\t\t\t<div class=\"elementor-widget-wrap elementor-element-populated\">\n\t\t\t\t\t\t<div class=\"elementor-element elementor-element-f964a60 elementor-widget elementor-widget-image\" data-id=\"f964a60\" data-element_type=\"widget\" data-widget_type=\"image.default\">\n\t\t\t\t<div class=\"elementor-widget-container\">\n\t\t\t\t\t\t\t\t\t\t\t\t\t\t<a href=\"https:\/\/moodle.com\/pt-br\/news\/moodle-wcag-2-1-aa-accessibility-compliance\/\" target=\"_blank\">\n\t\t\t\t\t\t\t<img loading=\"lazy\" decoding=\"async\" width=\"341\" height=\"185\" src=\"https:\/\/www.ufsm.br\/app\/uploads\/sites\/358\/2023\/04\/bloco_acessibilidade.jpg\" class=\"attachment-large size-large wp-image-6923\" alt=\"Bloco de Acessibilidade do Moodle\" srcset=\"https:\/\/www.ufsm.br\/app\/uploads\/sites\/358\/2023\/04\/bloco_acessibilidade.jpg 341w, https:\/\/www.ufsm.br\/app\/uploads\/sites\/358\/2023\/04\/bloco_acessibilidade-300x163.jpg 300w\" sizes=\"(max-width: 341px) 100vw, 341px\" \/>\t\t\t\t\t\t\t\t<\/a>\n\t\t\t\t\t\t\t\t\t\t\t\t\t<\/div>\n\t\t\t\t<\/div>\n\t\t\t\t\t<\/div>\n\t\t<\/div>\n\t\t\t\t\t<\/div>\n\t\t<\/section>\n\t\t\t\t<\/div>\n\t\t","protected":false},"excerpt":{"rendered":"<p>Desde o in\u00edcio da EaD, a UFSM se preocupa em escolher ou desenvolver tecnologias e ambientes virtuais de aprendizado acess\u00edveis para seus usu\u00e1rios. Elencamos abaixo alguns exemplos desta busca cont\u00ednua por melhorias na acessibilidade dos materiais did\u00e1ticos e sistemas desenvolvidos e mantidos pela CTE-PROGRAD: 2016: \u00a0Cria\u00e7\u00e3o do Reposit\u00f3rio de V\u00eddeos NteTube com possibilidade de cria\u00e7\u00e3o [&hellip;]<\/p>\n","protected":false},"author":262,"featured_media":0,"parent":0,"menu_order":0,"comment_status":"closed","ping_status":"closed","template":"","meta":{"episode_type":"","audio_file":"","cover_image":"","cover_image_id":"","duration":"","filesize":"","date_recorded":"","explicit":"","block":"","filesize_raw":"","footnotes":""},"categories":[],"tags":[],"class_list":["post-6993","page","type-page","status-publish","hentry"],"acf":[],"_links":{"self":[{"href":"https:\/\/www.ufsm.br\/pro-reitorias\/prograd\/cte\/wp-json\/wp\/v2\/pages\/6993","targetHints":{"allow":["GET"]}}],"collection":[{"href":"https:\/\/www.ufsm.br\/pro-reitorias\/prograd\/cte\/wp-json\/wp\/v2\/pages"}],"about":[{"href":"https:\/\/www.ufsm.br\/pro-reitorias\/prograd\/cte\/wp-json\/wp\/v2\/types\/page"}],"author":[{"embeddable":true,"href":"https:\/\/www.ufsm.br\/pro-reitorias\/prograd\/cte\/wp-json\/wp\/v2\/users\/262"}],"replies":[{"embeddable":true,"href":"https:\/\/www.ufsm.br\/pro-reitorias\/prograd\/cte\/wp-json\/wp\/v2\/comments?post=6993"}],"version-history":[{"count":0,"href":"https:\/\/www.ufsm.br\/pro-reitorias\/prograd\/cte\/wp-json\/wp\/v2\/pages\/6993\/revisions"}],"wp:attachment":[{"href":"https:\/\/www.ufsm.br\/pro-reitorias\/prograd\/cte\/wp-json\/wp\/v2\/media?parent=6993"}],"wp:term":[{"taxonomy":"category","embeddable":true,"href":"https:\/\/www.ufsm.br\/pro-reitorias\/prograd\/cte\/wp-json\/wp\/v2\/categories?post=6993"},{"taxonomy":"post_tag","embeddable":true,"href":"https:\/\/www.ufsm.br\/pro-reitorias\/prograd\/cte\/wp-json\/wp\/v2\/tags?post=6993"}],"curies":[{"name":"wp","href":"https:\/\/api.w.org\/{rel}","templated":true}]}}