{"id":7128,"date":"2023-08-02T14:34:59","date_gmt":"2023-08-02T17:34:59","guid":{"rendered":"https:\/\/www.ufsm.br\/pro-reitorias\/prograd\/cte\/?page_id=7128"},"modified":"2023-08-04T13:49:45","modified_gmt":"2023-08-04T16:49:45","slug":"acesso-as-disciplinas","status":"publish","type":"page","link":"https:\/\/www.ufsm.br\/pro-reitorias\/prograd\/cte\/acesso-as-disciplinas","title":{"rendered":"Acesso a(s) disciplina(s) no Moodle"},"content":{"rendered":"\t\t<div data-elementor-type=\"wp-page\" data-elementor-id=\"7128\" class=\"elementor elementor-7128\">\n\t\t\t\t\t\t<section class=\"elementor-section elementor-top-section elementor-element elementor-element-3b43c065 elementor-section-boxed elementor-section-height-default elementor-section-height-default\" data-id=\"3b43c065\" data-element_type=\"section\">\n\t\t\t\t\t\t<div class=\"elementor-container elementor-column-gap-default\">\n\t\t\t\t\t<div class=\"elementor-column elementor-col-100 elementor-top-column elementor-element elementor-element-4687f421\" data-id=\"4687f421\" data-element_type=\"column\">\n\t\t\t<div class=\"elementor-widget-wrap elementor-element-populated\">\n\t\t\t\t\t\t<div class=\"elementor-element elementor-element-4d31c161 elementor-widget elementor-widget-text-editor\" data-id=\"4d31c161\" data-element_type=\"widget\" data-widget_type=\"text-editor.default\">\n\t\t\t\t<div class=\"elementor-widget-container\">\n\t\t\t\t\t\t\t<!-- wp:tadv\/classic-paragraph -->\n<p>Ap\u00f3s realizar o login, a(s) disciplina(s) devem aparecem no painel &#8220;Resumo dos cursos&#8221;.<\/p>\n<p><img fetchpriority=\"high\" decoding=\"async\" class=\"aligncenter wp-image-7130 size-large\" src=\"https:\/\/www.ufsm.br\/app\/uploads\/sites\/358\/2023\/08\/tela_aluno_CLONE-02-1024x595.jpg\" alt=\"\" width=\"1024\" height=\"595\" srcset=\"https:\/\/www.ufsm.br\/app\/uploads\/sites\/358\/2023\/08\/tela_aluno_CLONE-02-1024x595.jpg 1024w, https:\/\/www.ufsm.br\/app\/uploads\/sites\/358\/2023\/08\/tela_aluno_CLONE-02-300x174.jpg 300w, https:\/\/www.ufsm.br\/app\/uploads\/sites\/358\/2023\/08\/tela_aluno_CLONE-02-768x447.jpg 768w, https:\/\/www.ufsm.br\/app\/uploads\/sites\/358\/2023\/08\/tela_aluno_CLONE-02-1536x893.jpg 1536w, https:\/\/www.ufsm.br\/app\/uploads\/sites\/358\/2023\/08\/tela_aluno_CLONE-02.jpg 1916w\" sizes=\"(max-width: 1024px) 100vw, 1024px\" \/><\/p>\n<p>Ao clicar em uma disciplina, voc\u00ea ser\u00e1 encaminhado para o conte\u00fado.<\/p>\n<p><img decoding=\"async\" class=\"aligncenter wp-image-7132 size-large\" src=\"https:\/\/www.ufsm.br\/app\/uploads\/sites\/358\/2023\/08\/tela_aluno_04-1024x450.png\" alt=\"\" width=\"1024\" height=\"450\" srcset=\"https:\/\/www.ufsm.br\/app\/uploads\/sites\/358\/2023\/08\/tela_aluno_04-1024x450.png 1024w, https:\/\/www.ufsm.br\/app\/uploads\/sites\/358\/2023\/08\/tela_aluno_04-300x132.png 300w, https:\/\/www.ufsm.br\/app\/uploads\/sites\/358\/2023\/08\/tela_aluno_04-768x338.png 768w, https:\/\/www.ufsm.br\/app\/uploads\/sites\/358\/2023\/08\/tela_aluno_04-1536x675.png 1536w, https:\/\/www.ufsm.br\/app\/uploads\/sites\/358\/2023\/08\/tela_aluno_04.png 1886w\" sizes=\"(max-width: 1024px) 100vw, 1024px\" \/><\/p>\n<p>As disciplinas j\u00e1 acessadas, passaram a ficar dispon\u00edveis tamb\u00e9m no painel &#8220;Cursos acessados&#8221;.\u00a0<\/p>\n<p><img decoding=\"async\" class=\"aligncenter wp-image-7131 size-large\" src=\"https:\/\/www.ufsm.br\/app\/uploads\/sites\/358\/2023\/08\/tela_aluno_CLONE-1024x595.jpg\" alt=\"\" width=\"1024\" height=\"595\" srcset=\"https:\/\/www.ufsm.br\/app\/uploads\/sites\/358\/2023\/08\/tela_aluno_CLONE-1024x595.jpg 1024w, https:\/\/www.ufsm.br\/app\/uploads\/sites\/358\/2023\/08\/tela_aluno_CLONE-300x174.jpg 300w, https:\/\/www.ufsm.br\/app\/uploads\/sites\/358\/2023\/08\/tela_aluno_CLONE-768x447.jpg 768w, https:\/\/www.ufsm.br\/app\/uploads\/sites\/358\/2023\/08\/tela_aluno_CLONE-1536x893.jpg 1536w, https:\/\/www.ufsm.br\/app\/uploads\/sites\/358\/2023\/08\/tela_aluno_CLONE.jpg 1916w\" sizes=\"(max-width: 1024px) 100vw, 1024px\" \/><\/p>\n<p>\u00a0<\/p>\n<p>\u00a0<\/p>\n<!-- \/wp:tadv\/classic-paragraph -->\t\t\t\t\t\t<\/div>\n\t\t\t\t<\/div>\n\t\t\t\t\t<\/div>\n\t\t<\/div>\n\t\t\t\t\t<\/div>\n\t\t<\/section>\n\t\t\t\t<section class=\"elementor-section elementor-top-section elementor-element elementor-element-7137d30 elementor-section-boxed elementor-section-height-default elementor-section-height-default\" data-id=\"7137d30\" data-element_type=\"section\">\n\t\t\t\t\t\t<div class=\"elementor-container elementor-column-gap-default\">\n\t\t\t\t\t<div class=\"elementor-column elementor-col-100 elementor-top-column elementor-element elementor-element-034ca6c\" data-id=\"034ca6c\" data-element_type=\"column\">\n\t\t\t<div class=\"elementor-widget-wrap elementor-element-populated\">\n\t\t\t\t\t\t<div class=\"elementor-element elementor-element-3f9a234 elementor-widget elementor-widget-button\" data-id=\"3f9a234\" data-element_type=\"widget\" data-widget_type=\"button.default\">\n\t\t\t\t<div class=\"elementor-widget-container\">\n\t\t\t\t\t\t\t<div class=\"elementor-button-wrapper\">\n\t\t\t\t\t<a class=\"elementor-button elementor-button-link elementor-size-sm\" href=\"https:\/\/www.ufsm.br\/pro-reitorias\/prograd\/cte\/faq-suporte-moodle\">\n\t\t\t\t\t\t<span class=\"elementor-button-content-wrapper\">\n\t\t\t\t\t\t\t\t\t<span class=\"elementor-button-text\">Voltar<\/span>\n\t\t\t\t\t<\/span>\n\t\t\t\t\t<\/a>\n\t\t\t\t<\/div>\n\t\t\t\t\t\t<\/div>\n\t\t\t\t<\/div>\n\t\t\t\t\t<\/div>\n\t\t<\/div>\n\t\t\t\t\t<\/div>\n\t\t<\/section>\n\t\t\t\t<\/div>\n\t\t","protected":false},"excerpt":{"rendered":"<p>Ap\u00f3s realizar o login, a(s) disciplina(s) devem aparecem no painel &#8220;Resumo dos cursos&#8221;. Ao clicar em uma disciplina, voc\u00ea ser\u00e1 encaminhado para o conte\u00fado. As disciplinas j\u00e1 acessadas, passaram a ficar dispon\u00edveis tamb\u00e9m no painel &#8220;Cursos acessados&#8221;.\u00a0 \u00a0 \u00a0 Voltar<\/p>\n","protected":false},"author":6976,"featured_media":0,"parent":0,"menu_order":0,"comment_status":"closed","ping_status":"closed","template":"","meta":{"episode_type":"","audio_file":"","cover_image":"","cover_image_id":"","duration":"","filesize":"","date_recorded":"","explicit":"","block":"","filesize_raw":"","footnotes":""},"categories":[],"tags":[],"class_list":["post-7128","page","type-page","status-publish","hentry"],"acf":[],"_links":{"self":[{"href":"https:\/\/www.ufsm.br\/pro-reitorias\/prograd\/cte\/wp-json\/wp\/v2\/pages\/7128","targetHints":{"allow":["GET"]}}],"collection":[{"href":"https:\/\/www.ufsm.br\/pro-reitorias\/prograd\/cte\/wp-json\/wp\/v2\/pages"}],"about":[{"href":"https:\/\/www.ufsm.br\/pro-reitorias\/prograd\/cte\/wp-json\/wp\/v2\/types\/page"}],"author":[{"embeddable":true,"href":"https:\/\/www.ufsm.br\/pro-reitorias\/prograd\/cte\/wp-json\/wp\/v2\/users\/6976"}],"replies":[{"embeddable":true,"href":"https:\/\/www.ufsm.br\/pro-reitorias\/prograd\/cte\/wp-json\/wp\/v2\/comments?post=7128"}],"version-history":[{"count":0,"href":"https:\/\/www.ufsm.br\/pro-reitorias\/prograd\/cte\/wp-json\/wp\/v2\/pages\/7128\/revisions"}],"wp:attachment":[{"href":"https:\/\/www.ufsm.br\/pro-reitorias\/prograd\/cte\/wp-json\/wp\/v2\/media?parent=7128"}],"wp:term":[{"taxonomy":"category","embeddable":true,"href":"https:\/\/www.ufsm.br\/pro-reitorias\/prograd\/cte\/wp-json\/wp\/v2\/categories?post=7128"},{"taxonomy":"post_tag","embeddable":true,"href":"https:\/\/www.ufsm.br\/pro-reitorias\/prograd\/cte\/wp-json\/wp\/v2\/tags?post=7128"}],"curies":[{"name":"wp","href":"https:\/\/api.w.org\/{rel}","templated":true}]}}