{"id":7339,"date":"2023-11-01T16:51:42","date_gmt":"2023-11-01T19:51:42","guid":{"rendered":"https:\/\/www.ufsm.br\/pro-reitorias\/prograd\/cte\/?page_id=7339"},"modified":"2023-11-01T16:52:54","modified_gmt":"2023-11-01T19:52:54","slug":"configuracao-do-livro-de-notas","status":"publish","type":"page","link":"https:\/\/www.ufsm.br\/pro-reitorias\/prograd\/cte\/configuracao-do-livro-de-notas","title":{"rendered":"Configura\u00e7\u00e3o do livro de notas"},"content":{"rendered":"\t\t<div data-elementor-type=\"wp-page\" data-elementor-id=\"7339\" class=\"elementor elementor-7339\">\n\t\t\t\t\t\t<section class=\"elementor-section elementor-top-section elementor-element elementor-element-38ec74fb elementor-section-boxed elementor-section-height-default elementor-section-height-default\" data-id=\"38ec74fb\" data-element_type=\"section\">\n\t\t\t\t\t\t<div class=\"elementor-container elementor-column-gap-default\">\n\t\t\t\t\t<div class=\"elementor-column elementor-col-100 elementor-top-column elementor-element elementor-element-24df2f73\" data-id=\"24df2f73\" data-element_type=\"column\">\n\t\t\t<div class=\"elementor-widget-wrap elementor-element-populated\">\n\t\t\t\t\t\t<div class=\"elementor-element elementor-element-23430244 elementor-widget elementor-widget-text-editor\" data-id=\"23430244\" data-element_type=\"widget\" data-widget_type=\"text-editor.default\">\n\t\t\t\t<div class=\"elementor-widget-container\">\n\t\t\t\t\t\t\t<p><!-- wp:tadv\/classic-paragraph --><\/p>\n<p>Este procedimento possibilita estabelecer o planejamento das atividades a serem desenvolvidas na disciplina, separando por categorias.<\/p>\n<p>Esta categoriza\u00e7\u00e3o deve seguir o padr\u00e3o do sistema do portal do professor.<\/p>\n<p>Estando na p\u00e1gina da disciplina &#8230;<\/p>\n<p><img fetchpriority=\"high\" decoding=\"async\" class=\"aligncenter wp-image-7387 size-large\" src=\"https:\/\/www.ufsm.br\/app\/uploads\/sites\/358\/2023\/11\/1-2-1024x514.png\" alt=\"\" width=\"1024\" height=\"514\" srcset=\"https:\/\/www.ufsm.br\/app\/uploads\/sites\/358\/2023\/11\/1-2-1024x514.png 1024w, https:\/\/www.ufsm.br\/app\/uploads\/sites\/358\/2023\/11\/1-2-300x151.png 300w, https:\/\/www.ufsm.br\/app\/uploads\/sites\/358\/2023\/11\/1-2-768x385.png 768w, https:\/\/www.ufsm.br\/app\/uploads\/sites\/358\/2023\/11\/1-2-1536x771.png 1536w, https:\/\/www.ufsm.br\/app\/uploads\/sites\/358\/2023\/11\/1-2.png 1887w\" sizes=\"(max-width: 1024px) 100vw, 1024px\" \/><\/p>\n<p>Clique na engrenagem localizada no canto superior esquerdo da p\u00e1gina e em seguida em &#8220;Configura\u00e7\u00e3o do Livro de Notas&#8221;.<\/p>\n<p><img decoding=\"async\" class=\"size-full wp-image-7388 aligncenter\" src=\"https:\/\/www.ufsm.br\/app\/uploads\/sites\/358\/2023\/11\/2-2.png\" alt=\"\" width=\"284\" height=\"263\" \/><\/p>\n<p>Na p\u00e1gina que abrir, ter\u00e1 uma categoria padr\u00e3o. Portanto, devemos editar as configura\u00e7\u00f5es &#8230;<\/p>\n<p><img decoding=\"async\" class=\"aligncenter wp-image-7389 size-large\" src=\"https:\/\/www.ufsm.br\/app\/uploads\/sites\/358\/2023\/11\/3-2-1024x222.png\" alt=\"\" width=\"1024\" height=\"222\" srcset=\"https:\/\/www.ufsm.br\/app\/uploads\/sites\/358\/2023\/11\/3-2-1024x222.png 1024w, https:\/\/www.ufsm.br\/app\/uploads\/sites\/358\/2023\/11\/3-2-300x65.png 300w, https:\/\/www.ufsm.br\/app\/uploads\/sites\/358\/2023\/11\/3-2-768x167.png 768w, https:\/\/www.ufsm.br\/app\/uploads\/sites\/358\/2023\/11\/3-2-1536x333.png 1536w, https:\/\/www.ufsm.br\/app\/uploads\/sites\/358\/2023\/11\/3-2.png 1566w\" sizes=\"(max-width: 1024px) 100vw, 1024px\" \/><\/p>\n<p><img loading=\"lazy\" decoding=\"async\" class=\"aligncenter wp-image-7390 size-full\" src=\"https:\/\/www.ufsm.br\/app\/uploads\/sites\/358\/2023\/11\/4-2.jpg\" alt=\"\" width=\"230\" height=\"168\" \/><\/p>\n<p>Dentre as diversas op\u00e7\u00f5es existentes para configurar a categoria, s\u00e3o necess\u00e1rias altera\u00e7\u00f5es em &#8220;Nome da Categoria&#8221; com o nome igual a &#8220;M\u00e9dia Final&#8221;, &#8220;Forma de agrega\u00e7\u00e3o das notas&#8221; igual a &#8220;M\u00e9dia das notas&#8221;, clicar em &#8220;Mostrar mais &#8230;&#8221; e <strong>desmarcar<\/strong> a op\u00e7\u00e3o &#8220;Desconsiderar notas vazias&#8221;, em &#8220;Total da categoria&#8221; deixar a nota m\u00e1xima com o valor &#8220;10&#8221; e salvar as mudan\u00e7as.<\/p>\n<p><img loading=\"lazy\" decoding=\"async\" class=\"aligncenter wp-image-7391 size-full\" src=\"https:\/\/www.ufsm.br\/app\/uploads\/sites\/358\/2023\/11\/6-2.png\" alt=\"\" width=\"822\" height=\"713\" srcset=\"https:\/\/www.ufsm.br\/app\/uploads\/sites\/358\/2023\/11\/6-2.png 822w, https:\/\/www.ufsm.br\/app\/uploads\/sites\/358\/2023\/11\/6-2-300x260.png 300w, https:\/\/www.ufsm.br\/app\/uploads\/sites\/358\/2023\/11\/6-2-768x666.png 768w\" sizes=\"(max-width: 822px) 100vw, 822px\" \/><\/p>\n<p>Assim, a categoria &#8220;Pai&#8221; estar\u00e1 configurada para que sejam inseridas as categorias &#8220;filhas&#8221;. Clique em &#8220;Adicionar categoria&#8221;.<\/p>\n<p><img loading=\"lazy\" decoding=\"async\" class=\"aligncenter wp-image-7393 size-large\" src=\"https:\/\/www.ufsm.br\/app\/uploads\/sites\/358\/2023\/11\/7-2-1024x223.png\" alt=\"\" width=\"1024\" height=\"223\" srcset=\"https:\/\/www.ufsm.br\/app\/uploads\/sites\/358\/2023\/11\/7-2-1024x223.png 1024w, https:\/\/www.ufsm.br\/app\/uploads\/sites\/358\/2023\/11\/7-2-300x65.png 300w, https:\/\/www.ufsm.br\/app\/uploads\/sites\/358\/2023\/11\/7-2-768x168.png 768w, https:\/\/www.ufsm.br\/app\/uploads\/sites\/358\/2023\/11\/7-2-1536x335.png 1536w, https:\/\/www.ufsm.br\/app\/uploads\/sites\/358\/2023\/11\/7-2.png 1563w\" sizes=\"(max-width: 1024px) 100vw, 1024px\" \/><\/p>\n<p>Nesta nova categoria s\u00e3o necess\u00e1rias altera\u00e7\u00f5es em &#8220;Nome da Categoria&#8221; com o nome igual a &#8220;M\u00e9dia Parcial&#8221;, &#8220;Forma de agrega\u00e7\u00e3o das notas&#8221; igual a &#8220;M\u00e9dia das notas&#8221;, clicar em &#8220;Mostrar mais &#8230;&#8221; e <strong>desmarcar<\/strong> a op\u00e7\u00e3o &#8220;Desconsiderar notas vazias&#8221;, em &#8220;Total da categoria&#8221; deixar a nota m\u00e1xima com o valor &#8220;10&#8221; e salvar as mudan\u00e7as.<\/p>\n<p><img loading=\"lazy\" decoding=\"async\" class=\"aligncenter wp-image-7394 size-full\" src=\"https:\/\/www.ufsm.br\/app\/uploads\/sites\/358\/2023\/11\/8-2.png\" alt=\"\" width=\"813\" height=\"807\" srcset=\"https:\/\/www.ufsm.br\/app\/uploads\/sites\/358\/2023\/11\/8-2.png 813w, https:\/\/www.ufsm.br\/app\/uploads\/sites\/358\/2023\/11\/8-2-300x298.png 300w, https:\/\/www.ufsm.br\/app\/uploads\/sites\/358\/2023\/11\/8-2-150x150.png 150w, https:\/\/www.ufsm.br\/app\/uploads\/sites\/358\/2023\/11\/8-2-768x762.png 768w\" sizes=\"(max-width: 813px) 100vw, 813px\" \/><\/p>\n<p>Agora ser\u00e1 poss\u00edvel visualizar o come\u00e7o da estrutura b\u00e1sica do livro de notas. Clique em &#8220;Adicionar categoria&#8221;.<\/p>\n<p><img loading=\"lazy\" decoding=\"async\" class=\"size-medium wp-image-7395 aligncenter\" src=\"https:\/\/www.ufsm.br\/app\/uploads\/sites\/358\/2023\/11\/9.1-1-300x210.png\" alt=\"\" width=\"300\" height=\"210\" srcset=\"https:\/\/www.ufsm.br\/app\/uploads\/sites\/358\/2023\/11\/9.1-1-300x210.png 300w, https:\/\/www.ufsm.br\/app\/uploads\/sites\/358\/2023\/11\/9.1-1.png 439w\" sizes=\"(max-width: 300px) 100vw, 300px\" \/><\/p>\n<p><img loading=\"lazy\" decoding=\"async\" class=\"wp-image-7396 size-large aligncenter\" src=\"https:\/\/www.ufsm.br\/app\/uploads\/sites\/358\/2023\/11\/9-2-1024x331.png\" alt=\"\" width=\"1024\" height=\"331\" srcset=\"https:\/\/www.ufsm.br\/app\/uploads\/sites\/358\/2023\/11\/9-2-1024x331.png 1024w, https:\/\/www.ufsm.br\/app\/uploads\/sites\/358\/2023\/11\/9-2-300x97.png 300w, https:\/\/www.ufsm.br\/app\/uploads\/sites\/358\/2023\/11\/9-2-768x248.png 768w, https:\/\/www.ufsm.br\/app\/uploads\/sites\/358\/2023\/11\/9-2-1536x496.png 1536w, https:\/\/www.ufsm.br\/app\/uploads\/sites\/358\/2023\/11\/9-2.png 1567w\" sizes=\"(max-width: 1024px) 100vw, 1024px\" \/><\/p>\n<p>Nesta nova categoria s\u00e3o necess\u00e1rias altera\u00e7\u00f5es em &#8220;Nome da Categoria&#8221; com o nome igual a &#8220;Primeira Avalia\u00e7\u00e3o&#8221;, &#8220;Forma de agrega\u00e7\u00e3o das notas&#8221; igual a &#8220;M\u00e9dia <span style=\"text-decoration: underline\"><span style=\"color: #000000;text-decoration: underline\"><strong>ponderada<\/strong> <\/span><\/span>das notas&#8221;, clicar em &#8220;Mostrar mais &#8230;&#8221; e <strong>desmarcar<\/strong> a op\u00e7\u00e3o &#8220;Desconsiderar notas vazias&#8221;, em &#8220;Total da categoria&#8221; deixar a nota m\u00e1xima com o valor &#8220;10&#8221;, informar qual \u00e9 a &#8220;Categoria pai&#8221; selecionando &#8220;<span style=\"text-decoration: underline\"><strong>M\u00e9dia Parcial<\/strong><\/span>&#8221; e salvar as mudan\u00e7as.<\/p>\n<p><img loading=\"lazy\" decoding=\"async\" class=\"aligncenter wp-image-7397 size-full\" src=\"https:\/\/www.ufsm.br\/app\/uploads\/sites\/358\/2023\/11\/10-2.png\" alt=\"\" width=\"781\" height=\"822\" srcset=\"https:\/\/www.ufsm.br\/app\/uploads\/sites\/358\/2023\/11\/10-2.png 781w, https:\/\/www.ufsm.br\/app\/uploads\/sites\/358\/2023\/11\/10-2-285x300.png 285w, https:\/\/www.ufsm.br\/app\/uploads\/sites\/358\/2023\/11\/10-2-768x808.png 768w\" sizes=\"(max-width: 781px) 100vw, 781px\" \/><\/p>\n<p>A estrutura a ser apresentada ficar\u00e1 como na imagem abaixo. Clique em &#8220;Adicionar categoria&#8221;.<\/p>\n<p><img loading=\"lazy\" decoding=\"async\" class=\"aligncenter wp-image-7398 size-medium\" src=\"https:\/\/www.ufsm.br\/app\/uploads\/sites\/358\/2023\/11\/11.1-1-300x260.png\" alt=\"\" width=\"300\" height=\"260\" srcset=\"https:\/\/www.ufsm.br\/app\/uploads\/sites\/358\/2023\/11\/11.1-1-300x260.png 300w, https:\/\/www.ufsm.br\/app\/uploads\/sites\/358\/2023\/11\/11.1-1.png 370w\" sizes=\"(max-width: 300px) 100vw, 300px\" \/><\/p>\n<p><img loading=\"lazy\" decoding=\"async\" class=\"aligncenter wp-image-7399 size-large\" src=\"https:\/\/www.ufsm.br\/app\/uploads\/sites\/358\/2023\/11\/11-2-1024x363.png\" alt=\"\" width=\"1024\" height=\"363\" srcset=\"https:\/\/www.ufsm.br\/app\/uploads\/sites\/358\/2023\/11\/11-2-1024x363.png 1024w, https:\/\/www.ufsm.br\/app\/uploads\/sites\/358\/2023\/11\/11-2-300x106.png 300w, https:\/\/www.ufsm.br\/app\/uploads\/sites\/358\/2023\/11\/11-2-768x272.png 768w, https:\/\/www.ufsm.br\/app\/uploads\/sites\/358\/2023\/11\/11-2-1536x544.png 1536w, https:\/\/www.ufsm.br\/app\/uploads\/sites\/358\/2023\/11\/11-2.png 1600w\" sizes=\"(max-width: 1024px) 100vw, 1024px\" \/><\/p>\n<p>Nesta nova categoria s\u00e3o necess\u00e1rias altera\u00e7\u00f5es em &#8220;Nome da Categoria&#8221; com o nome igual a &#8220;Segunda Avalia\u00e7\u00e3o&#8221;, &#8220;Forma de agrega\u00e7\u00e3o das notas&#8221; igual a &#8220;M\u00e9dia <span style=\"text-decoration: underline\"><span style=\"color: #000000;text-decoration: underline\"><strong>ponderada<\/strong> <\/span><\/span>das notas&#8221;, clicar em &#8220;Mostrar mais &#8230;&#8221; e <strong>desmarcar<\/strong> a op\u00e7\u00e3o &#8220;Desconsiderar notas vazias&#8221;, em &#8220;Total da categoria&#8221; deixar a nota m\u00e1xima com o valor &#8220;10&#8221;, informar qual \u00e9 a &#8220;Categoria pai&#8221; selecionando &#8220;<span style=\"text-decoration: underline\"><strong>M\u00e9dia Parcial<\/strong><\/span>&#8221; e salvar as mudan\u00e7as.<\/p>\n<p><img loading=\"lazy\" decoding=\"async\" class=\"aligncenter wp-image-7400 size-full\" src=\"https:\/\/www.ufsm.br\/app\/uploads\/sites\/358\/2023\/11\/12-1.png\" alt=\"\" width=\"813\" height=\"825\" srcset=\"https:\/\/www.ufsm.br\/app\/uploads\/sites\/358\/2023\/11\/12-1.png 813w, https:\/\/www.ufsm.br\/app\/uploads\/sites\/358\/2023\/11\/12-1-296x300.png 296w, https:\/\/www.ufsm.br\/app\/uploads\/sites\/358\/2023\/11\/12-1-768x779.png 768w\" sizes=\"(max-width: 813px) 100vw, 813px\" \/><\/p>\n<p>A estrutura a ser apresentada ficar\u00e1 como na imagem abaixo. Clique em &#8220;Adicionar categoria&#8221;.<\/p>\n<p>\u00a0<\/p>\n<p><img loading=\"lazy\" decoding=\"async\" class=\"aligncenter wp-image-7401 size-medium\" src=\"https:\/\/www.ufsm.br\/app\/uploads\/sites\/358\/2023\/11\/13.1-1-261x300.png\" alt=\"\" width=\"261\" height=\"300\" srcset=\"https:\/\/www.ufsm.br\/app\/uploads\/sites\/358\/2023\/11\/13.1-1-261x300.png 261w, https:\/\/www.ufsm.br\/app\/uploads\/sites\/358\/2023\/11\/13.1-1.png 275w\" sizes=\"(max-width: 261px) 100vw, 261px\" \/><\/p>\n<p><img loading=\"lazy\" decoding=\"async\" class=\"aligncenter wp-image-7402 size-large\" src=\"https:\/\/www.ufsm.br\/app\/uploads\/sites\/358\/2023\/11\/13-1-1024x433.png\" alt=\"\" width=\"1024\" height=\"433\" srcset=\"https:\/\/www.ufsm.br\/app\/uploads\/sites\/358\/2023\/11\/13-1-1024x433.png 1024w, https:\/\/www.ufsm.br\/app\/uploads\/sites\/358\/2023\/11\/13-1-300x127.png 300w, https:\/\/www.ufsm.br\/app\/uploads\/sites\/358\/2023\/11\/13-1-768x324.png 768w, https:\/\/www.ufsm.br\/app\/uploads\/sites\/358\/2023\/11\/13-1-1536x649.png 1536w, https:\/\/www.ufsm.br\/app\/uploads\/sites\/358\/2023\/11\/13-1.png 1581w\" sizes=\"(max-width: 1024px) 100vw, 1024px\" \/><\/p>\n<p>Como \u00faltima categoria, s\u00e3o necess\u00e1rias altera\u00e7\u00f5es em &#8220;Nome da Categoria&#8221; com o nome igual a &#8220;Exame&#8221;, &#8220;Forma de agrega\u00e7\u00e3o das notas&#8221; igual a &#8220;M\u00e9dia <span style=\"text-decoration: underline\"><span style=\"color: #000000;text-decoration: underline\"><strong>ponderada<\/strong> <\/span><\/span>das notas&#8221;, clicar em &#8220;Mostrar mais &#8230;&#8221; e <strong>desmarcar<\/strong> a op\u00e7\u00e3o &#8220;Desconsiderar notas vazias&#8221;, em &#8220;Total da categoria&#8221; deixar a nota m\u00e1xima com o valor &#8220;10&#8221;, informar qual \u00e9 a &#8220;Categoria pai&#8221; selecionando &#8220;<span style=\"text-decoration: underline;color: #ff0000\"><strong>M\u00e9dia Final<\/strong><\/span>&#8221; e salvar as mudan\u00e7as.<\/p>\n<p><img loading=\"lazy\" decoding=\"async\" class=\"aligncenter wp-image-7403 size-full\" src=\"https:\/\/www.ufsm.br\/app\/uploads\/sites\/358\/2023\/11\/14-1.png\" alt=\"\" width=\"786\" height=\"829\" srcset=\"https:\/\/www.ufsm.br\/app\/uploads\/sites\/358\/2023\/11\/14-1.png 786w, https:\/\/www.ufsm.br\/app\/uploads\/sites\/358\/2023\/11\/14-1-284x300.png 284w, https:\/\/www.ufsm.br\/app\/uploads\/sites\/358\/2023\/11\/14-1-768x810.png 768w\" sizes=\"(max-width: 786px) 100vw, 786px\" \/><\/p>\n<p><!-- wp:tadv\/classic-paragraph --><\/p>\n<p>A estrutura a ser apresentada ficar\u00e1 como na imagem abaixo. Clique em &#8220;Salvar mudan\u00e7as&#8221;.<\/p>\n<p><img loading=\"lazy\" decoding=\"async\" class=\"size-medium wp-image-7404 aligncenter\" src=\"https:\/\/www.ufsm.br\/app\/uploads\/sites\/358\/2023\/11\/15.1-1-228x300.png\" alt=\"\" width=\"228\" height=\"300\" srcset=\"https:\/\/www.ufsm.br\/app\/uploads\/sites\/358\/2023\/11\/15.1-1-228x300.png 228w, https:\/\/www.ufsm.br\/app\/uploads\/sites\/358\/2023\/11\/15.1-1.png 285w\" sizes=\"(max-width: 228px) 100vw, 228px\" \/><\/p>\n<p><img loading=\"lazy\" decoding=\"async\" class=\"aligncenter wp-image-7386 size-large\" src=\"https:\/\/www.ufsm.br\/app\/uploads\/sites\/358\/2023\/11\/15-2-1024x504.png\" alt=\"\" width=\"1024\" height=\"504\" srcset=\"https:\/\/www.ufsm.br\/app\/uploads\/sites\/358\/2023\/11\/15-2-1024x504.png 1024w, https:\/\/www.ufsm.br\/app\/uploads\/sites\/358\/2023\/11\/15-2-300x148.png 300w, https:\/\/www.ufsm.br\/app\/uploads\/sites\/358\/2023\/11\/15-2-768x378.png 768w, https:\/\/www.ufsm.br\/app\/uploads\/sites\/358\/2023\/11\/15-2-1536x756.png 1536w, https:\/\/www.ufsm.br\/app\/uploads\/sites\/358\/2023\/11\/15-2.png 1584w\" sizes=\"(max-width: 1024px) 100vw, 1024px\" \/><\/p>\n<p>Agora a configura\u00e7\u00e3o do livro de notas est\u00e1 conclu\u00edda e pronta para receber as atividades desenvolvidas durante o semestre.<\/p>\n<p>Boa aula!<\/p>\n<p><!-- \/wp:tadv\/classic-paragraph --><\/p>\n<p><!-- \/wp:tadv\/classic-paragraph --><\/p>\n<p><!-- wp:tadv\/classic-paragraph \/--><\/p>\t\t\t\t\t\t<\/div>\n\t\t\t\t<\/div>\n\t\t\t\t<div class=\"elementor-element elementor-element-38cc0c1 elementor-widget elementor-widget-button\" data-id=\"38cc0c1\" data-element_type=\"widget\" data-widget_type=\"button.default\">\n\t\t\t\t<div class=\"elementor-widget-container\">\n\t\t\t\t\t\t\t<div class=\"elementor-button-wrapper\">\n\t\t\t\t\t<a class=\"elementor-button elementor-button-link elementor-size-sm\" href=\"https:\/\/www.ufsm.br\/pro-reitorias\/prograd\/cte\/faq-suporte-moodle\">\n\t\t\t\t\t\t<span class=\"elementor-button-content-wrapper\">\n\t\t\t\t\t\t\t\t\t<span class=\"elementor-button-text\">Voltar<\/span>\n\t\t\t\t\t<\/span>\n\t\t\t\t\t<\/a>\n\t\t\t\t<\/div>\n\t\t\t\t\t\t<\/div>\n\t\t\t\t<\/div>\n\t\t\t\t\t<\/div>\n\t\t<\/div>\n\t\t\t\t\t<\/div>\n\t\t<\/section>\n\t\t\t\t<\/div>\n\t\t","protected":false},"excerpt":{"rendered":"<p>Voltar<\/p>\n","protected":false},"author":6976,"featured_media":0,"parent":0,"menu_order":0,"comment_status":"closed","ping_status":"closed","template":"","meta":{"episode_type":"","audio_file":"","cover_image":"","cover_image_id":"","duration":"","filesize":"","date_recorded":"","explicit":"","block":"","filesize_raw":"","footnotes":""},"categories":[],"tags":[],"class_list":["post-7339","page","type-page","status-publish","hentry"],"acf":[],"_links":{"self":[{"href":"https:\/\/www.ufsm.br\/pro-reitorias\/prograd\/cte\/wp-json\/wp\/v2\/pages\/7339","targetHints":{"allow":["GET"]}}],"collection":[{"href":"https:\/\/www.ufsm.br\/pro-reitorias\/prograd\/cte\/wp-json\/wp\/v2\/pages"}],"about":[{"href":"https:\/\/www.ufsm.br\/pro-reitorias\/prograd\/cte\/wp-json\/wp\/v2\/types\/page"}],"author":[{"embeddable":true,"href":"https:\/\/www.ufsm.br\/pro-reitorias\/prograd\/cte\/wp-json\/wp\/v2\/users\/6976"}],"replies":[{"embeddable":true,"href":"https:\/\/www.ufsm.br\/pro-reitorias\/prograd\/cte\/wp-json\/wp\/v2\/comments?post=7339"}],"version-history":[{"count":0,"href":"https:\/\/www.ufsm.br\/pro-reitorias\/prograd\/cte\/wp-json\/wp\/v2\/pages\/7339\/revisions"}],"wp:attachment":[{"href":"https:\/\/www.ufsm.br\/pro-reitorias\/prograd\/cte\/wp-json\/wp\/v2\/media?parent=7339"}],"wp:term":[{"taxonomy":"category","embeddable":true,"href":"https:\/\/www.ufsm.br\/pro-reitorias\/prograd\/cte\/wp-json\/wp\/v2\/categories?post=7339"},{"taxonomy":"post_tag","embeddable":true,"href":"https:\/\/www.ufsm.br\/pro-reitorias\/prograd\/cte\/wp-json\/wp\/v2\/tags?post=7339"}],"curies":[{"name":"wp","href":"https:\/\/api.w.org\/{rel}","templated":true}]}}