{"id":7658,"date":"2024-03-19T16:28:08","date_gmt":"2024-03-19T19:28:08","guid":{"rendered":"https:\/\/www.ufsm.br\/pro-reitorias\/prograd\/cte\/?page_id=7658"},"modified":"2024-03-27T10:57:10","modified_gmt":"2024-03-27T13:57:10","slug":"restauracao-de-backup-de-disciplina","status":"publish","type":"page","link":"https:\/\/www.ufsm.br\/pro-reitorias\/prograd\/cte\/restauracao-de-backup-de-disciplina","title":{"rendered":"Restaura\u00e7\u00e3o de backup de disciplina"},"content":{"rendered":"\t\t<div data-elementor-type=\"wp-page\" data-elementor-id=\"7658\" class=\"elementor elementor-7658\">\n\t\t\t\t\t\t<section class=\"elementor-section elementor-top-section elementor-element elementor-element-36981478 elementor-section-boxed elementor-section-height-default elementor-section-height-default\" data-id=\"36981478\" data-element_type=\"section\">\n\t\t\t\t\t\t<div class=\"elementor-container elementor-column-gap-default\">\n\t\t\t\t\t<div class=\"elementor-column elementor-col-100 elementor-top-column elementor-element elementor-element-1de9eeeb\" data-id=\"1de9eeeb\" data-element_type=\"column\">\n\t\t\t<div class=\"elementor-widget-wrap elementor-element-populated\">\n\t\t\t\t\t\t<div class=\"elementor-element elementor-element-44d2c6d9 elementor-widget elementor-widget-text-editor\" data-id=\"44d2c6d9\" data-element_type=\"widget\" data-widget_type=\"text-editor.default\">\n\t\t\t\t<div class=\"elementor-widget-container\">\n\t\t\t\t\t\t\t<p><!-- wp:tadv\/classic-paragraph --><\/p>\n<p>Para restaurar uma disciplina no Moodle a partir de um backup, siga estes passos:<\/p>\n<p>Fa\u00e7a login no Moodle e acesse a disciplina espec\u00edfica que voc\u00ea deseja restaurar a partir do backup.<\/p>\n<p><\/p>\n<p>2. Dentro da disciplina, clique na engrenagem no canto superior direito, localize e clique no item &#8220;Restaurar&#8221; .<\/p>\n<p><img fetchpriority=\"high\" decoding=\"async\" class=\"aligncenter wp-image-7682 size-large\" src=\"https:\/\/www.ufsm.br\/app\/uploads\/sites\/358\/2024\/03\/1-4-1024x101.png\" alt=\"\" width=\"1024\" height=\"101\" srcset=\"https:\/\/www.ufsm.br\/app\/uploads\/sites\/358\/2024\/03\/1-4-1024x101.png 1024w, https:\/\/www.ufsm.br\/app\/uploads\/sites\/358\/2024\/03\/1-4-300x29.png 300w, https:\/\/www.ufsm.br\/app\/uploads\/sites\/358\/2024\/03\/1-4-768x75.png 768w, https:\/\/www.ufsm.br\/app\/uploads\/sites\/358\/2024\/03\/1-4-1536x151.png 1536w, https:\/\/www.ufsm.br\/app\/uploads\/sites\/358\/2024\/03\/1-4.png 1578w\" sizes=\"(max-width: 1024px) 100vw, 1024px\" \/><\/p>\n<p><img decoding=\"async\" class=\"size-medium wp-image-7683 aligncenter\" src=\"https:\/\/www.ufsm.br\/app\/uploads\/sites\/358\/2024\/03\/2-3-300x294.png\" alt=\"\" width=\"300\" height=\"294\" srcset=\"https:\/\/www.ufsm.br\/app\/uploads\/sites\/358\/2024\/03\/2-3-300x294.png 300w, https:\/\/www.ufsm.br\/app\/uploads\/sites\/358\/2024\/03\/2-3.png 314w\" sizes=\"(max-width: 300px) 100vw, 300px\" \/><\/p>\n<p>3. Na tela que abrir, note que na parte inferior da tela pode existir backup(s) anterior(es), possibilitando realizar a restaura\u00e7\u00e3o de maneira direta.<\/p>\n<p><img decoding=\"async\" class=\"aligncenter wp-image-7684 size-large\" src=\"https:\/\/www.ufsm.br\/app\/uploads\/sites\/358\/2024\/03\/3-3-1024x538.png\" alt=\"\" width=\"1024\" height=\"538\" srcset=\"https:\/\/www.ufsm.br\/app\/uploads\/sites\/358\/2024\/03\/3-3-1024x538.png 1024w, https:\/\/www.ufsm.br\/app\/uploads\/sites\/358\/2024\/03\/3-3-300x158.png 300w, https:\/\/www.ufsm.br\/app\/uploads\/sites\/358\/2024\/03\/3-3-768x403.png 768w, https:\/\/www.ufsm.br\/app\/uploads\/sites\/358\/2024\/03\/3-3-1536x807.png 1536w, https:\/\/www.ufsm.br\/app\/uploads\/sites\/358\/2024\/03\/3-3.png 1565w\" sizes=\"(max-width: 1024px) 100vw, 1024px\" \/><\/p>\n<p>4. Sen\u00e3o, clique em &#8220;escolha um arquivo&#8221; ou arraste o arquivo do backup salvo\/recebido.<\/p>\n<p><img loading=\"lazy\" decoding=\"async\" class=\"aligncenter wp-image-7686 size-large\" src=\"https:\/\/www.ufsm.br\/app\/uploads\/sites\/358\/2024\/03\/5-3-1024x220.png\" alt=\"\" width=\"1024\" height=\"220\" srcset=\"https:\/\/www.ufsm.br\/app\/uploads\/sites\/358\/2024\/03\/5-3-1024x220.png 1024w, https:\/\/www.ufsm.br\/app\/uploads\/sites\/358\/2024\/03\/5-3-300x64.png 300w, https:\/\/www.ufsm.br\/app\/uploads\/sites\/358\/2024\/03\/5-3-768x165.png 768w, https:\/\/www.ufsm.br\/app\/uploads\/sites\/358\/2024\/03\/5-3-1536x329.png 1536w, https:\/\/www.ufsm.br\/app\/uploads\/sites\/358\/2024\/03\/5-3.png 1562w\" sizes=\"(max-width: 1024px) 100vw, 1024px\" \/><\/p>\n<p><img loading=\"lazy\" decoding=\"async\" class=\"aligncenter wp-image-7685 size-large\" src=\"https:\/\/www.ufsm.br\/app\/uploads\/sites\/358\/2024\/03\/4-3-1024x216.png\" alt=\"\" width=\"1024\" height=\"216\" srcset=\"https:\/\/www.ufsm.br\/app\/uploads\/sites\/358\/2024\/03\/4-3-1024x216.png 1024w, https:\/\/www.ufsm.br\/app\/uploads\/sites\/358\/2024\/03\/4-3-300x63.png 300w, https:\/\/www.ufsm.br\/app\/uploads\/sites\/358\/2024\/03\/4-3-768x162.png 768w, https:\/\/www.ufsm.br\/app\/uploads\/sites\/358\/2024\/03\/4-3-1536x324.png 1536w, https:\/\/www.ufsm.br\/app\/uploads\/sites\/358\/2024\/03\/4-3.png 1546w\" sizes=\"(max-width: 1024px) 100vw, 1024px\" \/><\/p>\n<p style=\"text-align: center\"><strong><span style=\"color: #ff0000\">OBS.: Se optar por arrastar o arquivo, pule para a etapa 8.<\/span><\/strong><\/p>\n<p>5. Na janela de sele\u00e7\u00e3o de arquivo, clique em &#8220;Escolher arquivo&#8221;.<\/p>\n<p><img loading=\"lazy\" decoding=\"async\" class=\"aligncenter wp-image-7687 size-full\" src=\"https:\/\/www.ufsm.br\/app\/uploads\/sites\/358\/2024\/03\/6-3.png\" alt=\"\" width=\"874\" height=\"597\" srcset=\"https:\/\/www.ufsm.br\/app\/uploads\/sites\/358\/2024\/03\/6-3.png 874w, https:\/\/www.ufsm.br\/app\/uploads\/sites\/358\/2024\/03\/6-3-300x205.png 300w, https:\/\/www.ufsm.br\/app\/uploads\/sites\/358\/2024\/03\/6-3-768x525.png 768w\" sizes=\"(max-width: 874px) 100vw, 874px\" \/><\/p>\n<p>6. Localize o arquivo de backup no local salvo e clique em &#8220;Abrir&#8221;.<\/p>\n<p><img loading=\"lazy\" decoding=\"async\" class=\"aligncenter wp-image-7688 size-full\" src=\"https:\/\/www.ufsm.br\/app\/uploads\/sites\/358\/2024\/03\/7-3.png\" alt=\"\" width=\"937\" height=\"528\" srcset=\"https:\/\/www.ufsm.br\/app\/uploads\/sites\/358\/2024\/03\/7-3.png 937w, https:\/\/www.ufsm.br\/app\/uploads\/sites\/358\/2024\/03\/7-3-300x169.png 300w, https:\/\/www.ufsm.br\/app\/uploads\/sites\/358\/2024\/03\/7-3-768x433.png 768w\" sizes=\"(max-width: 937px) 100vw, 937px\" \/><\/p>\n<p>7. Observe que o nome de seu arquivo est\u00e1 dispon\u00edvel para confirma\u00e7\u00e3o. Estando de acordo, clique em &#8220;Enviar este arquivo.<\/p>\n<p><img loading=\"lazy\" decoding=\"async\" class=\"aligncenter wp-image-7689 size-full\" src=\"https:\/\/www.ufsm.br\/app\/uploads\/sites\/358\/2024\/03\/8-4.png\" alt=\"\" width=\"875\" height=\"597\" srcset=\"https:\/\/www.ufsm.br\/app\/uploads\/sites\/358\/2024\/03\/8-4.png 875w, https:\/\/www.ufsm.br\/app\/uploads\/sites\/358\/2024\/03\/8-4-300x205.png 300w, https:\/\/www.ufsm.br\/app\/uploads\/sites\/358\/2024\/03\/8-4-768x524.png 768w\" sizes=\"(max-width: 875px) 100vw, 875px\" \/><\/p>\n<p><\/p>\n<p>8. Agora, seu arquivo estar\u00e1 pronto para configurar a restaura\u00e7\u00e3o. Logo, clique em &#8220;Restaurar&#8221;.<\/p>\n<p><img loading=\"lazy\" decoding=\"async\" class=\"aligncenter wp-image-7690 size-full\" src=\"https:\/\/www.ufsm.br\/app\/uploads\/sites\/358\/2024\/03\/9.png\" alt=\"\" width=\"593\" height=\"282\" srcset=\"https:\/\/www.ufsm.br\/app\/uploads\/sites\/358\/2024\/03\/9.png 593w, https:\/\/www.ufsm.br\/app\/uploads\/sites\/358\/2024\/03\/9-300x143.png 300w\" sizes=\"(max-width: 593px) 100vw, 593px\" \/><\/p>\n<p>9. Verifique os detalhes do backup e os itens das se\u00e7\u00f5es e clique me &#8220;Continuar&#8221;.<\/p>\n<p><img loading=\"lazy\" decoding=\"async\" class=\"aligncenter wp-image-7691 size-full\" src=\"https:\/\/www.ufsm.br\/app\/uploads\/sites\/358\/2024\/03\/10.png\" alt=\"\" width=\"810\" height=\"449\" srcset=\"https:\/\/www.ufsm.br\/app\/uploads\/sites\/358\/2024\/03\/10.png 810w, https:\/\/www.ufsm.br\/app\/uploads\/sites\/358\/2024\/03\/10-300x166.png 300w, https:\/\/www.ufsm.br\/app\/uploads\/sites\/358\/2024\/03\/10-768x426.png 768w\" sizes=\"(max-width: 810px) 100vw, 810px\" \/><\/p>\n<p><img loading=\"lazy\" decoding=\"async\" class=\"aligncenter wp-image-7692 size-large\" src=\"https:\/\/www.ufsm.br\/app\/uploads\/sites\/358\/2024\/03\/11-1024x535.png\" alt=\"\" width=\"1024\" height=\"535\" srcset=\"https:\/\/www.ufsm.br\/app\/uploads\/sites\/358\/2024\/03\/11-1024x535.png 1024w, https:\/\/www.ufsm.br\/app\/uploads\/sites\/358\/2024\/03\/11-300x157.png 300w, https:\/\/www.ufsm.br\/app\/uploads\/sites\/358\/2024\/03\/11-768x401.png 768w, https:\/\/www.ufsm.br\/app\/uploads\/sites\/358\/2024\/03\/11.png 1484w\" sizes=\"(max-width: 1024px) 100vw, 1024px\" \/><\/p>\n<p>10. Na p\u00e1gina que abrir, localize a caixa para &#8220;Restaurar neste curso&#8221;, marque &#8220;Mesclar o conte\u00fado do backup com este curso&#8221; ou &#8220;Excluir o conte\u00fado deste curso e restaurar backup&#8221; e clique em &#8220;Continuar&#8221;.<\/p>\n<p><img loading=\"lazy\" decoding=\"async\" class=\"aligncenter wp-image-7676 size-full\" src=\"https:\/\/www.ufsm.br\/app\/uploads\/sites\/358\/2024\/03\/12.png\" alt=\"\" width=\"502\" height=\"149\" srcset=\"https:\/\/www.ufsm.br\/app\/uploads\/sites\/358\/2024\/03\/12.png 502w, https:\/\/www.ufsm.br\/app\/uploads\/sites\/358\/2024\/03\/12-300x89.png 300w\" sizes=\"(max-width: 502px) 100vw, 502px\" \/><\/p>\n<p>11. Informa\u00e7\u00f5es de restaura\u00e7\u00e3o de configura\u00e7\u00f5es ser\u00e3o exibidas. Clique em &#8220;Pr\u00f3ximo&#8221;.<\/p>\n<p><img loading=\"lazy\" decoding=\"async\" class=\"aligncenter wp-image-7677 size-full\" src=\"https:\/\/www.ufsm.br\/app\/uploads\/sites\/358\/2024\/03\/13.png\" alt=\"\" width=\"591\" height=\"776\" srcset=\"https:\/\/www.ufsm.br\/app\/uploads\/sites\/358\/2024\/03\/13.png 591w, https:\/\/www.ufsm.br\/app\/uploads\/sites\/358\/2024\/03\/13-228x300.png 228w\" sizes=\"(max-width: 591px) 100vw, 591px\" \/><\/p>\n<p>12. Agora ser\u00e3o exibidas informa\u00e7\u00f5es referentes ao conte\u00fado da disciplina. Clique em &#8220;Pr\u00f3ximo&#8221;.<\/p>\n<p><img loading=\"lazy\" decoding=\"async\" class=\"aligncenter wp-image-7678 size-large\" src=\"https:\/\/www.ufsm.br\/app\/uploads\/sites\/358\/2024\/03\/14-1024x658.png\" alt=\"\" width=\"1024\" height=\"658\" srcset=\"https:\/\/www.ufsm.br\/app\/uploads\/sites\/358\/2024\/03\/14-1024x658.png 1024w, https:\/\/www.ufsm.br\/app\/uploads\/sites\/358\/2024\/03\/14-300x193.png 300w, https:\/\/www.ufsm.br\/app\/uploads\/sites\/358\/2024\/03\/14-768x494.png 768w, https:\/\/www.ufsm.br\/app\/uploads\/sites\/358\/2024\/03\/14.png 1206w\" sizes=\"(max-width: 1024px) 100vw, 1024px\" \/><\/p>\n<p>13. Depois de revisar e configurar as op\u00e7\u00f5es de restaura\u00e7\u00e3o, inicie o processo de restaura\u00e7\u00e3o clicando em &#8220;Executar a restaura\u00e7\u00e3o&#8221;.<\/p>\n<p><img loading=\"lazy\" decoding=\"async\" class=\"aligncenter wp-image-7679 size-large\" src=\"https:\/\/www.ufsm.br\/app\/uploads\/sites\/358\/2024\/03\/15-1024x240.png\" alt=\"\" width=\"1024\" height=\"240\" srcset=\"https:\/\/www.ufsm.br\/app\/uploads\/sites\/358\/2024\/03\/15-1024x240.png 1024w, https:\/\/www.ufsm.br\/app\/uploads\/sites\/358\/2024\/03\/15-300x70.png 300w, https:\/\/www.ufsm.br\/app\/uploads\/sites\/358\/2024\/03\/15-768x180.png 768w, https:\/\/www.ufsm.br\/app\/uploads\/sites\/358\/2024\/03\/15.png 1124w\" sizes=\"(max-width: 1024px) 100vw, 1024px\" \/><\/p>\n<p>14. Aguarde at\u00e9 que o processo de restaura\u00e7\u00e3o seja conclu\u00eddo e clique em &#8220;Continuar&#8221;. Isso pode levar algum tempo, dependendo do tamanho da disciplina e da quantidade de dados a serem restaurados.<\/p>\n<p><img loading=\"lazy\" decoding=\"async\" class=\"aligncenter wp-image-7680 size-full\" src=\"https:\/\/www.ufsm.br\/app\/uploads\/sites\/358\/2024\/03\/16.png\" alt=\"\" width=\"905\" height=\"146\" srcset=\"https:\/\/www.ufsm.br\/app\/uploads\/sites\/358\/2024\/03\/16.png 905w, https:\/\/www.ufsm.br\/app\/uploads\/sites\/358\/2024\/03\/16-300x48.png 300w, https:\/\/www.ufsm.br\/app\/uploads\/sites\/358\/2024\/03\/16-768x124.png 768w\" sizes=\"(max-width: 905px) 100vw, 905px\" \/><\/p>\n<p>15. Ap\u00f3s a restaura\u00e7\u00e3o ser conclu\u00edda, ser\u00e3o exibidos os dados restaurados para que verifique. Fa\u00e7a testes para garantir que tudo esteja funcionando como esperado.<\/p>\n<p><img loading=\"lazy\" decoding=\"async\" class=\"aligncenter wp-image-7681 size-full\" src=\"https:\/\/www.ufsm.br\/app\/uploads\/sites\/358\/2024\/03\/17.jpg\" alt=\"\" width=\"291\" height=\"536\" srcset=\"https:\/\/www.ufsm.br\/app\/uploads\/sites\/358\/2024\/03\/17.jpg 291w, https:\/\/www.ufsm.br\/app\/uploads\/sites\/358\/2024\/03\/17-163x300.jpg 163w\" sizes=\"(max-width: 291px) 100vw, 291px\" \/><\/p>\n<p>Seguindo esses passos, voc\u00ea poder\u00e1 restaurar uma disciplina no Moodle a partir de um backup de forma eficiente e segura.<\/p>\n<p>Boas aulas!<\/p>\n<p><!-- \/wp:tadv\/classic-paragraph --><\/p>\t\t\t\t\t\t<\/div>\n\t\t\t\t<\/div>\n\t\t\t\t<div class=\"elementor-element elementor-element-6acc84f elementor-widget elementor-widget-button\" data-id=\"6acc84f\" data-element_type=\"widget\" data-widget_type=\"button.default\">\n\t\t\t\t<div class=\"elementor-widget-container\">\n\t\t\t\t\t\t\t<div class=\"elementor-button-wrapper\">\n\t\t\t\t\t<a class=\"elementor-button elementor-button-link elementor-size-sm\" href=\"https:\/\/www.ufsm.br\/pro-reitorias\/prograd\/cte\/faq-suporte-moodle\">\n\t\t\t\t\t\t<span class=\"elementor-button-content-wrapper\">\n\t\t\t\t\t\t\t\t\t<span class=\"elementor-button-text\">Voltar<\/span>\n\t\t\t\t\t<\/span>\n\t\t\t\t\t<\/a>\n\t\t\t\t<\/div>\n\t\t\t\t\t\t<\/div>\n\t\t\t\t<\/div>\n\t\t\t\t\t<\/div>\n\t\t<\/div>\n\t\t\t\t\t<\/div>\n\t\t<\/section>\n\t\t\t\t<\/div>\n\t\t","protected":false},"excerpt":{"rendered":"<p>Para restaurar uma disciplina no Moodle a partir de um backup, siga estes passos: Fa\u00e7a login no Moodle e acesse a disciplina espec\u00edfica que voc\u00ea deseja restaurar a partir do backup. 2. Dentro da disciplina, clique na engrenagem no canto superior direito, localize e clique no item &#8220;Restaurar&#8221; . 3. Na tela que abrir, note [&hellip;]<\/p>\n","protected":false},"author":6976,"featured_media":0,"parent":0,"menu_order":0,"comment_status":"closed","ping_status":"closed","template":"","meta":{"episode_type":"","audio_file":"","cover_image":"","cover_image_id":"","duration":"","filesize":"","date_recorded":"","explicit":"","block":"","filesize_raw":"","footnotes":""},"categories":[],"tags":[],"class_list":["post-7658","page","type-page","status-publish","hentry"],"acf":[],"_links":{"self":[{"href":"https:\/\/www.ufsm.br\/pro-reitorias\/prograd\/cte\/wp-json\/wp\/v2\/pages\/7658","targetHints":{"allow":["GET"]}}],"collection":[{"href":"https:\/\/www.ufsm.br\/pro-reitorias\/prograd\/cte\/wp-json\/wp\/v2\/pages"}],"about":[{"href":"https:\/\/www.ufsm.br\/pro-reitorias\/prograd\/cte\/wp-json\/wp\/v2\/types\/page"}],"author":[{"embeddable":true,"href":"https:\/\/www.ufsm.br\/pro-reitorias\/prograd\/cte\/wp-json\/wp\/v2\/users\/6976"}],"replies":[{"embeddable":true,"href":"https:\/\/www.ufsm.br\/pro-reitorias\/prograd\/cte\/wp-json\/wp\/v2\/comments?post=7658"}],"version-history":[{"count":0,"href":"https:\/\/www.ufsm.br\/pro-reitorias\/prograd\/cte\/wp-json\/wp\/v2\/pages\/7658\/revisions"}],"wp:attachment":[{"href":"https:\/\/www.ufsm.br\/pro-reitorias\/prograd\/cte\/wp-json\/wp\/v2\/media?parent=7658"}],"wp:term":[{"taxonomy":"category","embeddable":true,"href":"https:\/\/www.ufsm.br\/pro-reitorias\/prograd\/cte\/wp-json\/wp\/v2\/categories?post=7658"},{"taxonomy":"post_tag","embeddable":true,"href":"https:\/\/www.ufsm.br\/pro-reitorias\/prograd\/cte\/wp-json\/wp\/v2\/tags?post=7658"}],"curies":[{"name":"wp","href":"https:\/\/api.w.org\/{rel}","templated":true}]}}