{"id":12,"date":"2018-12-18T15:21:40","date_gmt":"2018-12-18T17:21:40","guid":{"rendered":"https:\/\/www.ufsm.br\/pro-reitorias\/prograd\/pet\/?page_id=12"},"modified":"2021-07-06T11:13:55","modified_gmt":"2021-07-06T14:13:55","slug":"interpet","status":"publish","type":"page","link":"https:\/\/www.ufsm.br\/pro-reitorias\/prograd\/pet\/interpet","title":{"rendered":"InterPET"},"content":{"rendered":"\t\t<div data-elementor-type=\"wp-page\" data-elementor-id=\"12\" class=\"elementor elementor-12\">\n\t\t\t\t\t\t<section class=\"elementor-section elementor-top-section elementor-element elementor-element-69f2de38 elementor-section-boxed elementor-section-height-default elementor-section-height-default\" data-id=\"69f2de38\" data-element_type=\"section\">\n\t\t\t\t\t\t<div class=\"elementor-container elementor-column-gap-default\">\n\t\t\t\t\t<div class=\"elementor-column elementor-col-100 elementor-top-column elementor-element elementor-element-6303779b\" data-id=\"6303779b\" data-element_type=\"column\">\n\t\t\t<div class=\"elementor-widget-wrap elementor-element-populated\">\n\t\t\t\t\t\t<div class=\"elementor-element elementor-element-1dccdcea elementor-widget elementor-widget-text-editor\" data-id=\"1dccdcea\" data-element_type=\"widget\" data-widget_type=\"text-editor.default\">\n\t\t\t\t<div class=\"elementor-widget-container\">\n\t\t\t\t\t\t\t<p><!-- wp:tadv\/classic-paragraph --><\/p>\n<p>O InterPET \u00e9 uma reuni\u00e3o mensal entre todos os grupos PET da UFSM. A organiza\u00e7\u00e3o de cada reuni\u00e3o fica a cargo de um dos grupos, seguindo um cronograma de pautas pr\u00e9-definido entre todos os grupos. Al\u00e9m disso, cabe ao grupo PET organizador do evento, realizar uma palestra com tema atual relacionado \u00e0 sua \u00e1rea. Essas palestras propiciam a amplia\u00e7\u00e3o de conhecimentos e a discuss\u00e3o de temas das diversas \u00e1reas. Propiciam, al\u00e9m da integra\u00e7\u00e3o entre os grupos PETs da UFSM, a discuss\u00e3o de assuntos de relev\u00e2ncia ao PET. Desse modo o InterPET \u00e9 um espa\u00e7o destinado \u00e0 discuss\u00e3o e planejamento de todas as atividades integradoras tais como SuperInterPET, AcamPET, ArrastaPET. Tamb\u00e9m \u00e9 uma atividade preparat\u00f3ria para o SULPET e para o ENAPET.<\/p>\n<p>O primeiro registro oficial do InterPET encontra-se no Livro Ata das Reuni\u00f5es datado em 11 de janeiro de 2003, com a presen\u00e7a dos PETs Agronomia, Ci\u00eancias Biol\u00f3gicas, Ci\u00eancia da Computa\u00e7\u00e3o, Comunica\u00e7\u00e3o Social, Engenharia El\u00e9trica, F\u00edsica e Matem\u00e1tica, sendo que o PET organizador foi o PET Agronomia.<\/p>\n<p>Desde ent\u00e3o todas as discuss\u00f5es sobre assuntos pertinentes aos Grupos PETs \/UFSM e seus respectivos encaminhamentos est\u00e3o mensalmente registradas nessa Ata.As reuni\u00f5es e encontros ocorrer\u00e3o sempre com aviso antecipado aos grupos desta universidade e denominar-se-\u00e3o de InterPETs, servindo este livro Ata como prova das delibera\u00e7\u00f5es tomadas nos referidos encontros. (Termo de abertura)Embora o InterPET, com o formato atual, inicie oficialmente nessa data os InterPETs anteriores eram realizados com menor freq\u00fc\u00eancia e tinham o objetivo de confraternizar atrav\u00e9s de um almo\u00e7o e de atividades esportivas. Mesmo informalmente eram realizadas discuss\u00f5es acerca dos destinos do programa na UFSM. Por volta de 1995 os PETs costumavam promover atividades recreativas de integra\u00e7\u00e3o e confraterniza\u00e7\u00e3o, que j\u00e1 denominavam-se InterPETs, o que de certa forma originou o nome para as reuni\u00f5es que a partir de 2003 tornaram-se formais e com periodicidade mensal. Havia tamb\u00e9m reuni\u00f5es junto \u00e0 PROGRAD com a representa\u00e7\u00e3o de um bolsista de cada PET e os tutores.<\/p>\n<p>Encontros regionais eram realizados e contavam com a representa\u00e7\u00e3o dos PETS da UFSM, tais como o 1\u00ba Encontro Estadual de Grupos PET \u2013 ENESPET, realizado em Rio Grande, em 1992, no qual houve a representa\u00e7\u00e3o dos seis grupos PETs da \u00e9poca (Agronomia, Ci\u00eancias Biol\u00f3gicas, Comunica\u00e7\u00e3o Social, F\u00edsica, Matem\u00e1tica e Qu\u00edmica Industrial).<br \/>Em 1995, esse mesmo encontro foi realizado em Santa Maria sendo organizado pelos PETs da UFSM \u2013 III ENESPET.<\/p>\n<p>Em 1998 ocorreu na UFSM o 5\u00ba ENESPET, e concomitantemente a ele realizou-se o 1\u00ba SULPET \u2013 Encontro Sul-Brasileiro de Grupos PET. Ambos organizados pelos grupos: Agronomia, Ci\u00eancias Biol\u00f3gicas, Ci\u00eancia da Computa\u00e7\u00e3o, Comunica\u00e7\u00e3o Social, Engenharia El\u00e9trica, F\u00edsica e Matem\u00e1tica.<\/p>\n<p>Entre 1996 e 1999, o Programa estava passando por graves crises junto ao poder p\u00fablico, e esteve prestes a ser extinto. Houve uma grande mobiliza\u00e7\u00e3o e uni\u00e3o entre tutores e bolsistas dos PETs de todo Brasil, inclusive da UFSM, promovendo manifesta\u00e7\u00f5es contr\u00e1rias \u00e0 extin\u00e7\u00e3o do programa. Nesse per\u00edodo tutores e bolsistas continuaram trabalhando mesmo sem receber bolsas, segundo relato do Professor Felipe Martins Muller, atual Reitor da Universidade Federal de Santa Maria e tutor do PET Ci\u00eancia da Computa\u00e7\u00e3o na \u00e9poca. Com a emin\u00eancia de extin\u00e7\u00e3o criou-se uma comiss\u00e3o de defesa do programa formada por professores tutores dos estados do Rio Grande do Sul, Goi\u00e1s e Paran\u00e1 dentre os quais podemos citar Professores Felipe Martins Muller (UFSM), Dante Barone (UFRGS) e Marcos Danhoni (UEM). Gra\u00e7as \u00e0 uni\u00e3o, resist\u00eancia e mobiliza\u00e7\u00e3o foi poss\u00edvel a preserva\u00e7\u00e3o do programa.<\/p>\n<p><!-- \/wp:tadv\/classic-paragraph --><\/p>\t\t\t\t\t\t<\/div>\n\t\t\t\t<\/div>\n\t\t\t\t\t<\/div>\n\t\t<\/div>\n\t\t\t\t\t<\/div>\n\t\t<\/section>\n\t\t\t\t<\/div>\n\t\t","protected":false},"excerpt":{"rendered":"<p>O InterPET \u00e9 uma reuni\u00e3o mensal entre todos os grupos PET da UFSM. A organiza\u00e7\u00e3o de cada reuni\u00e3o fica a cargo de um dos grupos, seguindo um cronograma de pautas pr\u00e9-definido entre todos os grupos. Al\u00e9m disso, cabe ao grupo PET organizador do evento, realizar uma palestra com tema atual relacionado \u00e0 sua \u00e1rea. Essas [&hellip;]<\/p>\n","protected":false},"author":74,"featured_media":0,"parent":0,"menu_order":0,"comment_status":"closed","ping_status":"closed","template":"","meta":{"footnotes":""},"categories":[],"tags":[],"class_list":["post-12","page","type-page","status-publish","hentry"],"acf":[],"_links":{"self":[{"href":"https:\/\/www.ufsm.br\/pro-reitorias\/prograd\/pet\/wp-json\/wp\/v2\/pages\/12","targetHints":{"allow":["GET"]}}],"collection":[{"href":"https:\/\/www.ufsm.br\/pro-reitorias\/prograd\/pet\/wp-json\/wp\/v2\/pages"}],"about":[{"href":"https:\/\/www.ufsm.br\/pro-reitorias\/prograd\/pet\/wp-json\/wp\/v2\/types\/page"}],"author":[{"embeddable":true,"href":"https:\/\/www.ufsm.br\/pro-reitorias\/prograd\/pet\/wp-json\/wp\/v2\/users\/74"}],"replies":[{"embeddable":true,"href":"https:\/\/www.ufsm.br\/pro-reitorias\/prograd\/pet\/wp-json\/wp\/v2\/comments?post=12"}],"version-history":[{"count":0,"href":"https:\/\/www.ufsm.br\/pro-reitorias\/prograd\/pet\/wp-json\/wp\/v2\/pages\/12\/revisions"}],"wp:attachment":[{"href":"https:\/\/www.ufsm.br\/pro-reitorias\/prograd\/pet\/wp-json\/wp\/v2\/media?parent=12"}],"wp:term":[{"taxonomy":"category","embeddable":true,"href":"https:\/\/www.ufsm.br\/pro-reitorias\/prograd\/pet\/wp-json\/wp\/v2\/categories?post=12"},{"taxonomy":"post_tag","embeddable":true,"href":"https:\/\/www.ufsm.br\/pro-reitorias\/prograd\/pet\/wp-json\/wp\/v2\/tags?post=12"}],"curies":[{"name":"wp","href":"https:\/\/api.w.org\/{rel}","templated":true}]}}