{"id":33,"date":"2018-12-18T15:55:57","date_gmt":"2018-12-18T17:55:57","guid":{"rendered":"https:\/\/www.ufsm.br\/pro-reitorias\/prograd\/pet\/?page_id=33"},"modified":"2018-12-18T15:56:00","modified_gmt":"2018-12-18T17:56:00","slug":"enapet-2","status":"publish","type":"page","link":"https:\/\/www.ufsm.br\/pro-reitorias\/prograd\/pet\/enapet-2","title":{"rendered":"EnaPET"},"content":{"rendered":"\n<p><strong>XI Encontro Nacional dos Grupos PET \u2013 Organiza\u00e7\u00e3o e reorienta\u00e7\u00e3o para a\u00e7\u00f5es interdisciplinaresXI Encontro Nacional dos Grupos PET<\/strong><br \/><strong>Data: de 16 a 21 de Julho de 2006<\/strong><br \/><strong>Local: Universidade Federal de Santa Catarina (UFSC) \u2013 Florian\u00f3polis \u2013 SC<\/strong><\/p>\n<p>O ENAPET \u00e9 a reuni\u00e3o anual dos grupos do Programa de Educa\u00e7\u00e3o Tutorial \u2013 PET, e tem o intuito de discutir temas relevantes \u00e0 manuten\u00e7\u00e3o e ao desenvolvimento do programa; apresentar sua produ\u00e7\u00e3o acad\u00eamica, no \u00e2mbito da tr\u00edade ensino, pesquisa e extens\u00e3o; e colaborar com o desenvolvimento social atrav\u00e9s do pensar coletivo de temas de import\u00e2ncia reconhecida para a sociedade. Historicamente, o ENAPET vem sendo realizado concomitantemente \u00e0 Reuni\u00e3o Anual da Sociedade Brasileira para o Progresso da Ci\u00eancia \u2013 SBPC, estando a partir da 55\u00aa Reuni\u00e3o Anual inserido oficialmente em sua programa\u00e7\u00e3o.<\/p>\n<p>Em 2006, o ENAPET chega \u00e0 sua d\u00e9cima primeira edi\u00e7\u00e3o, sendo reconhecidamente palco das mais importantes decis\u00f5es para o PET e espa\u00e7o de a\u00e7\u00f5es e discuss\u00f5es. \u00c9 importante destacar o car\u00e1ter estatuinte desta edi\u00e7\u00e3o, onde foram discutidos os principais t\u00f3picos referentes ao projeto de Estatuto da Comiss\u00e3o Executiva do PET \u2013 CENAPET, bem como a nova portaria que regulamenta o Programa.<\/p>\n<p>Contato: enapet@inf.ufsc.br<br \/>Maiores informa\u00e7\u00f5es: http:\/\/www.enapet.ufsc.br\/index.php<\/p>\n<hr \/>\n<p><strong>XII Encontro Nacional dos Grupos PET \u2013 Educa\u00e7\u00e3o Tutorial como Instrumento da Forma\u00e7\u00e3o Acad\u00eamica<\/strong><br \/><strong>Data: de 09 a 13 de julho de 2007<\/strong><br \/><strong>Local: Escola Tenente Rego Barros (ETRB) \u2013 Bel\u00e9m \u2013 PA<\/strong><\/p>\n<p>O XII Encontro Nacional de Grupos PET (XII ENAPET) teve como tema central \u201cA Educa\u00e7\u00e3o Tutorial como Instrumento de Forma\u00e7\u00e3o Acad\u00eamica\u201d, objetivando proporcionar uma troca generalizada de conhecimentos dentro dessa tem\u00e1tica, buscando estimular as pr\u00e1ticas pertinentes ao desenvolvimento nacional levando em considera\u00e7\u00e3o as quest\u00f5es cient\u00edficas, tecnol\u00f3gicas, sociais, p\u00fablicas, econ\u00f4micas e ambientais, introduzindo o PET como tamb\u00e9m agente do processo de desenvolvimento.<br \/>O evento foi promovido pela SESu\/MEC, UFPA e UFRA, sendo organizado pelos Grupos PET do Estado do Par\u00e1. Aconteceu na Escola Tenente Rego Barros (ETRB), em Bel\u00e9m do Par\u00e1, entre os dias 09 e 13 de julho de 2007, e estimou-se a presen\u00e7a de aproximadamente 800 participantes, dentre os quais estiveram presentes Reitores, Diretores e Pr\u00f3-Reitores das Institui\u00e7\u00f5es de Ensino Superior (IES), docentes tutores e n\u00e3o tutores, discentes, pesquisadores, educadores, organiza\u00e7\u00f5es governamentais e n\u00e3o governamentais, empresas, profissionais liberais e institui\u00e7\u00f5es que estavam desenvolvendo atividades afins, com o mesmo objetivo, de qualquer estado brasileiro ou de outro pa\u00eds, e outros interessados na tem\u00e1tica.<br \/>O Torneio Esportivo Nacional do PET \u2013 TENPET 2007 \u2013 teve por objetivo possibilitar e aumentar a participa\u00e7\u00e3o em atividades esportivas em todas as Institui\u00e7\u00f5es de Ensino Superior \u2013 IES \u2013 do territ\u00f3rio nacional, promover a ampla mobiliza\u00e7\u00e3o da juventude universit\u00e1ria brasileira em torno do esporte, bem como identificar talentos no cen\u00e1rio esportivo nacional, desenvolver o interc\u00e2mbio s\u00f3cio-cultural e desportivo entre os estudantes universit\u00e1rios, estimular o congra\u00e7amento dos universit\u00e1rios brasileiros, estimulando a pr\u00e1tica do esporte, visando o desenvolvimento da personalidade integral do jovem.<\/p>\n<p>Contato: portaldopet@ufpa.br<br \/>Maiores informa\u00e7\u00f5es: http:\/\/www.deec.ufpa.br\/~enapet2007\/index.html<\/p>\n<hr \/>\n<p><strong>XIII Encontro Nacional dos Grupos PET \u2013 PET e a responsabilidade social<\/strong><br \/><strong>Data: de 14 a 18 de julho de 2008<\/strong><br \/><strong>Local: Pontif\u00edcia Universidade Cat\u00f3lica (PUC) \u2013 Campinas \u2013 SP<\/strong><\/p>\n<p>O XIII ENAPET aconteceu nos 14, 15, 16, 17 e 18 de Julho de 2008, na cidade de Campinas, sob a coordena\u00e7\u00e3o dos tr\u00eas grupos PET da PUC\/Campinas: Biologia, Enfermagem e Arquitetura.<br \/>Tamb\u00e9m fizeram parte da equipe organizadora os grupos PET:<br \/>\u2022 Administra\u00e7\u00e3o (USP\/S\u00e3o Paulo)<br \/>\u2022 Biotecnologia Agr\u00edcola (USP\/Piracicaba)<br \/>\u2022 Ci\u00eancias de Computa\u00e7\u00e3o (USP\/S\u00e3o Carlos)<br \/>\u2022 Ecologia (USP\/Piracicaba)<br \/>\u2022 Engenharia Agron\u00f4mica (UNESP\/Jaboticabal)<br \/>\u2022 Farm\u00e1cia (UNESP\/Araraquara)<br \/>\u2022 Geologia (UNESP\/Rio Claro)<br \/>\u2022 Letras (UNESP\/Araraquara)<br \/>\u2022 Matem\u00e1tica (UNESP\/Rio Claro)<br \/>\u2022 Psicologia (PUC\/S\u00e3o Paulo)<br \/>\u2022 Veterin\u00e1ria (UNESP\/Jaboticabal)<br \/>\u2022 Zootecnia (UNESP\/Jaboticabal)<br \/>\u2022 Zootecnia (USP\/Pirassununga)<\/p>\n<p>Foi de extrema import\u00e2ncia que os grupos participassem do evento j\u00e1 tendo lido e estudado as portarias e manuais que instituem o programa. O objetivo da discuss\u00e3o pr\u00e9via era o de que os alunos n\u00e3o participassem das discuss\u00f5es dos GT\u2019s, GD\u2019s e Assembl\u00e9ia Geral sem nenhum conhecimento sobre o assunto. Todos esses documentos podem ser encontrados no site do Programa.<\/p>\n<p>O ENAPET (Encontro Nacional dos Grupos PET) tradicionalmente \u00e9 organizado com o intuito de discutir temas relevantes \u00e0 manuten\u00e7\u00e3o e desenvolvimento do programa; apresentar sua produ\u00e7\u00e3o acad\u00eamica, no \u00e2mbito da tr\u00edade ensino, pesquisa e extens\u00e3o; e colaborar com o desenvolvimento social por meio de exposi\u00e7\u00e3o e discuss\u00e3o conjunta de temas de import\u00e2ncia reconhecida para a sociedade.<br \/>Neste ano de 2008, o tema central escolhido foi a Responsabilidade Social. Optou-se tamb\u00e9m pela realiza\u00e7\u00e3o do evento com algumas inova\u00e7\u00f5es, de forma que fosse poss\u00edvel alcan\u00e7ar os mesmos objetivos propostos nos anos anteriores, mas de uma forma diferenciada. Com isso, foram introduzidos Simp\u00f3sios, Sess\u00f5es Coordenadas e Oficinas, atividades que permitem aos petianos e tutores expor e discutir suas produ\u00e7\u00f5es acad\u00eamicas e assuntos relevantes \u00e0 sua forma\u00e7\u00e3o, oferecendo maior oportunidade de intera\u00e7\u00e3o aos participantes, para que tivessem mais possibilidade de dialogar com professores e estudantes da mesma \u00e1rea de conhecimento e\/ou de \u00e1reas afins.<br \/>Outra contribui\u00e7\u00e3o pensada com o intuito de enriquecer o encontro foi n\u00e3o somente a introdu\u00e7\u00e3o de espa\u00e7os para discuss\u00e3o n\u00e3o apenas de quest\u00f5es estruturais do programa, mas tamb\u00e9m de temas relevantes da atualidade, com uma vertente inter e multidisciplinar para as quest\u00f5es que afligem a nossa sociedade. As atividades foram distribu\u00eddas durante os cinco dias de evento de forma a contemplar hor\u00e1rios para apresenta\u00e7\u00e3o de trabalhos acad\u00eamicos, discuss\u00f5es coletivas do andamento do programa nas mais diferentes regi\u00f5es do pa\u00eds, eventos sociais e culturais, trocas de informa\u00e7\u00f5es, al\u00e9m de per\u00edodos para participa\u00e7\u00e3o na Reuni\u00e3o Anual da SBPC, considerando que os eventos ocorrem concomitantemente e s\u00e3o valiosos para nosso crescimento acad\u00eamico, s\u00f3cio-cultural e profissional.<br \/>Assim, esperou-se a constru\u00e7\u00e3o com \u00eaxito mais uma p\u00e1gina da hist\u00f3ria do Programa de Educa\u00e7\u00e3o Tutorial (PET), com o intuito de contribuir para os avan\u00e7os da produ\u00e7\u00e3o acad\u00eamica na gradua\u00e7\u00e3o e motivar os petianos a realizar grandes e not\u00f3rios trabalhos, que se desdobrem em futuras contribui\u00e7\u00f5es sociais.<\/p>\n<p>Contato: programacao.enapet2008@gmail.com<br \/>Maiores informa\u00e7\u00f5es: http:\/\/pet.icmc.usp.br\/enapet2008\/informacoes<\/p>\n<hr \/>\n<p><strong>XIV Encontro Nacional dos Grupos PET \u2013 Consci\u00eancia S\u00f3cio-Ambiental, Biodiversidade, Biotecnologia e Estatuinte<\/strong><br \/><strong>Data: de 13 a 17 de julho de 2009<\/strong><br \/><strong>Local: Ainda a definir \u2013 Manaus \u2013 AM<\/strong><\/p>\n<p>O evento ocorreu de 13 a 17 de julho de 2009, concomitantemente \u00e0 SBPC, a qual come\u00e7ou dia 12 de julho. A programa\u00e7\u00e3o do ENAPET ocorreu \u00e0 tarde, enquanto a SBPC durante a manh\u00e3. A participa\u00e7\u00e3o na SBPC foi facultativa.<\/p>\n","protected":false},"excerpt":{"rendered":"<p>XI Encontro Nacional dos Grupos PET \u2013 Organiza\u00e7\u00e3o e reorienta\u00e7\u00e3o para a\u00e7\u00f5es interdisciplinaresXI Encontro Nacional dos Grupos PETData: de 16 a 21 de Julho de 2006Local: Universidade Federal de Santa Catarina (UFSC) \u2013 Florian\u00f3polis \u2013 SC O ENAPET \u00e9 a reuni\u00e3o anual dos grupos do Programa de Educa\u00e7\u00e3o Tutorial \u2013 PET, e tem o intuito [&hellip;]<\/p>\n","protected":false},"author":74,"featured_media":0,"parent":0,"menu_order":0,"comment_status":"closed","ping_status":"closed","template":"","meta":{"footnotes":""},"categories":[],"tags":[],"class_list":["post-33","page","type-page","status-publish","hentry"],"acf":[],"_links":{"self":[{"href":"https:\/\/www.ufsm.br\/pro-reitorias\/prograd\/pet\/wp-json\/wp\/v2\/pages\/33","targetHints":{"allow":["GET"]}}],"collection":[{"href":"https:\/\/www.ufsm.br\/pro-reitorias\/prograd\/pet\/wp-json\/wp\/v2\/pages"}],"about":[{"href":"https:\/\/www.ufsm.br\/pro-reitorias\/prograd\/pet\/wp-json\/wp\/v2\/types\/page"}],"author":[{"embeddable":true,"href":"https:\/\/www.ufsm.br\/pro-reitorias\/prograd\/pet\/wp-json\/wp\/v2\/users\/74"}],"replies":[{"embeddable":true,"href":"https:\/\/www.ufsm.br\/pro-reitorias\/prograd\/pet\/wp-json\/wp\/v2\/comments?post=33"}],"version-history":[{"count":0,"href":"https:\/\/www.ufsm.br\/pro-reitorias\/prograd\/pet\/wp-json\/wp\/v2\/pages\/33\/revisions"}],"wp:attachment":[{"href":"https:\/\/www.ufsm.br\/pro-reitorias\/prograd\/pet\/wp-json\/wp\/v2\/media?parent=33"}],"wp:term":[{"taxonomy":"category","embeddable":true,"href":"https:\/\/www.ufsm.br\/pro-reitorias\/prograd\/pet\/wp-json\/wp\/v2\/categories?post=33"},{"taxonomy":"post_tag","embeddable":true,"href":"https:\/\/www.ufsm.br\/pro-reitorias\/prograd\/pet\/wp-json\/wp\/v2\/tags?post=33"}],"curies":[{"name":"wp","href":"https:\/\/api.w.org\/{rel}","templated":true}]}}