{"id":250,"date":"2019-06-08T21:35:37","date_gmt":"2019-06-09T00:35:37","guid":{"rendered":"https:\/\/www.ufsm.br\/pro-reitorias\/prograd\/sisu\/?page_id=250"},"modified":"2019-06-08T21:35:44","modified_gmt":"2019-06-09T00:35:44","slug":"lista-de-espera-do-sisu","status":"publish","type":"page","link":"https:\/\/www.ufsm.br\/pro-reitorias\/prograd\/sisu\/lista-de-espera-do-sisu","title":{"rendered":"Lista de Espera do SiSU"},"content":{"rendered":"\n<p>\u00a0<\/p>\n<p>As vagas remanescentes ao final da Chamada Regular do SiSU 2019-2 ser\u00e3o disponibilizadas para as Chamadas Orais da Lista de Espera. De <strong>11 a 17 de junho<\/strong>, o Minist\u00e9rio da Educa\u00e7\u00e3o dever\u00e1 reabrir o sistema em\u00a0<a href=\"http:\/\/sisu.mec.gov.br\/\" target=\"_blank\" rel=\"noopener noreferrer\"><strong>www.sisu.mec.gov.br<\/strong><\/a>\u00a0para os candidatos manifestarem formalmente seu interesse na vaga. Os candidatos que foram selecionados em sua primeira ou segunda op\u00e7\u00e3o de curso na Chamada Regular\u00a0<strong>n\u00e3o<\/strong>\u00a0poder\u00e3o participar de Lista de Espera, mesmo que n\u00e3o tenham realizado a matr\u00edcula.<br \/><br \/>\u00c9 responsabilidade do candidato acompanhar periodicamente adendos, erratas, retifica\u00e7\u00f5es, homologa\u00e7\u00f5es e convoca\u00e7\u00f5es, referentes \u00e0 sele\u00e7\u00e3o, atrav\u00e9s do\u00a0<em>site<\/em>\u00a0<a href=\"http:\/\/www.ufsm.br\/sisu\"><strong>www.ufsm.br\/sisu<\/strong><\/a>. Outras informa\u00e7\u00f5es s\u00e3o obtidas atrav\u00e9s do email\u00a0<a href=\"mailto:copa.sisu@ufsm.br\"><strong>copa.sisu@ufsm.br<\/strong><\/a>, do telefone (55) 3220-8187 e da p\u00e1gina\u00a0<a href=\"https:\/\/www.facebook.com\/confirmacaodevagaUFSM\/\" target=\"_blank\" rel=\"noopener noreferrer\"><strong>Confirma\u00e7\u00e3o de Vaga-UFSM<\/strong><\/a>\u00a0no Facebook.<\/p>\n","protected":false},"excerpt":{"rendered":"<p>\u00a0 As vagas remanescentes ao final da Chamada Regular do SiSU 2019-2 ser\u00e3o disponibilizadas para as Chamadas Orais da Lista de Espera. De 11 a 17 de junho, o Minist\u00e9rio da Educa\u00e7\u00e3o dever\u00e1 reabrir o sistema em\u00a0www.sisu.mec.gov.br\u00a0para os candidatos manifestarem formalmente seu interesse na vaga. Os candidatos que foram selecionados em sua primeira ou segunda [&hellip;]<\/p>\n","protected":false},"author":95,"featured_media":0,"parent":0,"menu_order":0,"comment_status":"closed","ping_status":"closed","template":"","meta":{"footnotes":""},"categories":[],"tags":[],"class_list":["post-250","page","type-page","status-publish","hentry"],"acf":[],"_links":{"self":[{"href":"https:\/\/www.ufsm.br\/pro-reitorias\/prograd\/sisu\/wp-json\/wp\/v2\/pages\/250","targetHints":{"allow":["GET"]}}],"collection":[{"href":"https:\/\/www.ufsm.br\/pro-reitorias\/prograd\/sisu\/wp-json\/wp\/v2\/pages"}],"about":[{"href":"https:\/\/www.ufsm.br\/pro-reitorias\/prograd\/sisu\/wp-json\/wp\/v2\/types\/page"}],"author":[{"embeddable":true,"href":"https:\/\/www.ufsm.br\/pro-reitorias\/prograd\/sisu\/wp-json\/wp\/v2\/users\/95"}],"replies":[{"embeddable":true,"href":"https:\/\/www.ufsm.br\/pro-reitorias\/prograd\/sisu\/wp-json\/wp\/v2\/comments?post=250"}],"version-history":[{"count":0,"href":"https:\/\/www.ufsm.br\/pro-reitorias\/prograd\/sisu\/wp-json\/wp\/v2\/pages\/250\/revisions"}],"wp:attachment":[{"href":"https:\/\/www.ufsm.br\/pro-reitorias\/prograd\/sisu\/wp-json\/wp\/v2\/media?parent=250"}],"wp:term":[{"taxonomy":"category","embeddable":true,"href":"https:\/\/www.ufsm.br\/pro-reitorias\/prograd\/sisu\/wp-json\/wp\/v2\/categories?post=250"},{"taxonomy":"post_tag","embeddable":true,"href":"https:\/\/www.ufsm.br\/pro-reitorias\/prograd\/sisu\/wp-json\/wp\/v2\/tags?post=250"}],"curies":[{"name":"wp","href":"https:\/\/api.w.org\/{rel}","templated":true}]}}