{"id":215,"date":"2020-06-05T13:36:33","date_gmt":"2020-06-05T16:36:33","guid":{"rendered":"https:\/\/www.ufsm.br\/pro-reitorias\/prograd\/ufsm-em-rede\/?page_id=215"},"modified":"2020-06-19T16:31:39","modified_gmt":"2020-06-19T19:31:39","slug":"ferramentas-de-webinar","status":"publish","type":"page","link":"https:\/\/www.ufsm.br\/pro-reitorias\/prograd\/ufsm-em-rede\/interacao\/ferramentas-de-webinar","title":{"rendered":"Ferramentas de Webinar"},"content":{"rendered":"\t\t<div data-elementor-type=\"wp-page\" data-elementor-id=\"215\" class=\"elementor elementor-215\">\n\t\t\t\t\t\t<section class=\"elementor-section elementor-top-section elementor-element elementor-element-89624a7 elementor-section-boxed elementor-section-height-default elementor-section-height-default\" data-id=\"89624a7\" data-element_type=\"section\">\n\t\t\t\t\t\t<div class=\"elementor-container elementor-column-gap-default\">\n\t\t\t\t\t<div class=\"elementor-column elementor-col-100 elementor-top-column elementor-element elementor-element-bfc5230\" data-id=\"bfc5230\" data-element_type=\"column\">\n\t\t\t<div class=\"elementor-widget-wrap elementor-element-populated\">\n\t\t\t\t\t\t<div class=\"elementor-element elementor-element-6f6246b elementor-widget elementor-widget-heading\" data-id=\"6f6246b\" data-element_type=\"widget\" data-widget_type=\"heading.default\">\n\t\t\t\t<div class=\"elementor-widget-container\">\n\t\t\t<h5 class=\"elementor-heading-title elementor-size-default\">Introdu\u00e7\u00e3o<\/h5>\t\t<\/div>\n\t\t\t\t<\/div>\n\t\t\t\t\t<\/div>\n\t\t<\/div>\n\t\t\t\t\t<\/div>\n\t\t<\/section>\n\t\t\t\t<section class=\"elementor-section elementor-top-section elementor-element elementor-element-bd3112d elementor-section-boxed elementor-section-height-default elementor-section-height-default\" data-id=\"bd3112d\" data-element_type=\"section\">\n\t\t\t\t\t\t<div class=\"elementor-container elementor-column-gap-default\">\n\t\t\t\t\t<div class=\"elementor-column elementor-col-100 elementor-top-column elementor-element elementor-element-4dcdaf3\" data-id=\"4dcdaf3\" data-element_type=\"column\">\n\t\t\t<div class=\"elementor-widget-wrap elementor-element-populated\">\n\t\t\t\t\t\t<div class=\"elementor-element elementor-element-5de29f5 elementor-widget elementor-widget-text-editor\" data-id=\"5de29f5\" data-element_type=\"widget\" data-widget_type=\"text-editor.default\">\n\t\t\t\t<div class=\"elementor-widget-container\">\n\t\t\t\t\t\t\t<p>O webinar \u00e9 um\u00a0formato de distribui\u00e7\u00e3o de conte\u00fado atrav\u00e9s de uma transmiss\u00e3o ao vivo, online e interativa, que possibilita aos professores uma forma mais din\u00e2mica e atrativa de ministrar aulas em tempos de distanciamento social, ou at\u00e9 mesmo de entrevistar alunos. A maioria das plataformas disp\u00f5e do recurso de chat, que permite a intera\u00e7\u00e3o com o p\u00fablico.<\/p>\t\t\t\t\t\t<\/div>\n\t\t\t\t<\/div>\n\t\t\t\t\t<\/div>\n\t\t<\/div>\n\t\t\t\t\t<\/div>\n\t\t<\/section>\n\t\t\t\t<section class=\"elementor-section elementor-top-section elementor-element elementor-element-2ae43a7 elementor-section-boxed elementor-section-height-default elementor-section-height-default\" data-id=\"2ae43a7\" data-element_type=\"section\">\n\t\t\t\t\t\t<div class=\"elementor-container elementor-column-gap-default\">\n\t\t\t\t\t<div class=\"elementor-column elementor-col-100 elementor-top-column elementor-element elementor-element-294ba8b\" data-id=\"294ba8b\" data-element_type=\"column\">\n\t\t\t<div class=\"elementor-widget-wrap elementor-element-populated\">\n\t\t\t\t\t\t<div class=\"elementor-element elementor-element-9596572 elementor-widget elementor-widget-heading\" data-id=\"9596572\" data-element_type=\"widget\" data-widget_type=\"heading.default\">\n\t\t\t\t<div class=\"elementor-widget-container\">\n\t\t\t<h5 class=\"elementor-heading-title elementor-size-default\">Ferramentas<\/h5>\t\t<\/div>\n\t\t\t\t<\/div>\n\t\t\t\t\t<\/div>\n\t\t<\/div>\n\t\t\t\t\t<\/div>\n\t\t<\/section>\n\t\t\t\t<section class=\"elementor-section elementor-top-section elementor-element elementor-element-59366fc elementor-section-boxed elementor-section-height-default elementor-section-height-default\" data-id=\"59366fc\" data-element_type=\"section\">\n\t\t\t\t\t\t<div class=\"elementor-container elementor-column-gap-default\">\n\t\t\t\t\t<div class=\"elementor-column elementor-col-50 elementor-top-column elementor-element elementor-element-4c12710\" data-id=\"4c12710\" data-element_type=\"column\">\n\t\t\t<div class=\"elementor-widget-wrap elementor-element-populated\">\n\t\t\t\t\t\t<div class=\"elementor-element elementor-element-ae3afc7 elementor-widget elementor-widget-image\" data-id=\"ae3afc7\" data-element_type=\"widget\" data-widget_type=\"image.default\">\n\t\t\t\t<div class=\"elementor-widget-container\">\n\t\t\t\t\t\t\t\t\t\t<figure class=\"wp-caption\">\n\t\t\t\t\t\t\t\t\t\t<img decoding=\"async\" width=\"192\" height=\"192\" src=\"https:\/\/www.ufsm.br\/app\/uploads\/sites\/822\/2020\/05\/meet_96dp.png\" class=\"attachment-large size-large wp-image-169\" alt=\"Meet\" srcset=\"https:\/\/www.ufsm.br\/app\/uploads\/sites\/822\/2020\/05\/meet_96dp.png 192w, https:\/\/www.ufsm.br\/app\/uploads\/sites\/822\/2020\/05\/meet_96dp-150x150.png 150w\" sizes=\"(max-width: 192px) 100vw, 192px\" \/>\t\t\t\t\t\t\t\t\t\t\t<figcaption class=\"widget-image-caption wp-caption-text\">Google Meet<\/figcaption>\n\t\t\t\t\t\t\t\t\t\t<\/figure>\n\t\t\t\t\t\t\t<\/div>\n\t\t\t\t<\/div>\n\t\t\t\t\t<\/div>\n\t\t<\/div>\n\t\t\t\t<div class=\"elementor-column elementor-col-50 elementor-top-column elementor-element elementor-element-8f57693\" data-id=\"8f57693\" data-element_type=\"column\">\n\t\t\t<div class=\"elementor-widget-wrap elementor-element-populated\">\n\t\t\t\t\t\t<div class=\"elementor-element elementor-element-2020646 elementor-widget elementor-widget-text-editor\" data-id=\"2020646\" data-element_type=\"widget\" data-widget_type=\"text-editor.default\">\n\t\t\t\t<div class=\"elementor-widget-container\">\n\t\t\t\t\t\t\t<p>GOOGLE MEET \u00e9 uma plataforma da Google que permite a realiza\u00e7\u00e3o de v\u00eddeo chamadas e assim, v\u00eddeo aulas e reuni\u00f5es online para discuss\u00e3o e apresenta\u00e7\u00e3o de conte\u00fados.\u00a0<span style=\"font-family: Roboto, arial, sans-serif;color: #545454;font-size: 18px\">As videochamadas do Meet s\u00e3o\u00a0<\/span><a style=\"font-family: Roboto, arial, sans-serif;font-size: 18px;background: 0px 0px #ffffff;color: #448aff;cursor: pointer\" href=\"https:\/\/support.google.com\/a\/answer\/7582940?hl=pt-BR\" target=\"_blank\" rel=\"noopener\" data-g-action=\"text link\" data-g-event=\"G Suite: Meet: Features\" data-g-label=\"encryption\">criptografadas<\/a><span style=\"font-family: Roboto, arial, sans-serif;color: #545454;font-size: 18px\">\u00a0em tr\u00e2nsito, o que garante a seguran\u00e7a dos dados.<\/span><\/p><p><span style=\"font-family: Roboto, arial, sans-serif;color: #545454;font-size: 18px\">Uma das grandes vantagens \u00e9 que o Meet pode ser integrado a outras ferramentas da Google como o Google Sala de Aula.<\/span><\/p>\t\t\t\t\t\t<\/div>\n\t\t\t\t<\/div>\n\t\t\t\t\t<\/div>\n\t\t<\/div>\n\t\t\t\t\t<\/div>\n\t\t<\/section>\n\t\t\t\t<section class=\"elementor-section elementor-top-section elementor-element elementor-element-78f6eb7 elementor-section-boxed elementor-section-height-default elementor-section-height-default\" data-id=\"78f6eb7\" data-element_type=\"section\">\n\t\t\t\t\t\t<div class=\"elementor-container elementor-column-gap-default\">\n\t\t\t\t\t<div class=\"elementor-column elementor-col-100 elementor-top-column elementor-element elementor-element-f008280\" data-id=\"f008280\" data-element_type=\"column\">\n\t\t\t<div class=\"elementor-widget-wrap elementor-element-populated\">\n\t\t\t\t\t\t<div class=\"elementor-element elementor-element-5bdccfa elementor-widget-divider--view-line elementor-widget elementor-widget-divider\" data-id=\"5bdccfa\" data-element_type=\"widget\" data-widget_type=\"divider.default\">\n\t\t\t\t<div class=\"elementor-widget-container\">\n\t\t\t\t\t<div class=\"elementor-divider\">\n\t\t\t<span class=\"elementor-divider-separator\">\n\t\t\t\t\t\t<\/span>\n\t\t<\/div>\n\t\t\t\t<\/div>\n\t\t\t\t<\/div>\n\t\t\t\t\t<\/div>\n\t\t<\/div>\n\t\t\t\t\t<\/div>\n\t\t<\/section>\n\t\t\t\t<section class=\"elementor-section elementor-top-section elementor-element elementor-element-43d867d elementor-section-boxed elementor-section-height-default elementor-section-height-default\" data-id=\"43d867d\" data-element_type=\"section\">\n\t\t\t\t\t\t<div class=\"elementor-container elementor-column-gap-default\">\n\t\t\t\t\t<div class=\"elementor-column elementor-col-50 elementor-top-column elementor-element elementor-element-44132cb\" data-id=\"44132cb\" data-element_type=\"column\">\n\t\t\t<div class=\"elementor-widget-wrap elementor-element-populated\">\n\t\t\t\t\t\t<div class=\"elementor-element elementor-element-c940867 elementor-widget elementor-widget-image\" data-id=\"c940867\" data-element_type=\"widget\" data-widget_type=\"image.default\">\n\t\t\t\t<div class=\"elementor-widget-container\">\n\t\t\t\t\t\t\t\t\t\t<figure class=\"wp-caption\">\n\t\t\t\t\t\t\t\t\t\t<img decoding=\"async\" width=\"150\" height=\"150\" src=\"https:\/\/www.ufsm.br\/app\/uploads\/sites\/822\/2020\/06\/zoom-150x150.png\" class=\"attachment-thumbnail size-thumbnail wp-image-225\" alt=\"Zoom\" srcset=\"https:\/\/www.ufsm.br\/app\/uploads\/sites\/822\/2020\/06\/zoom-150x150.png 150w, https:\/\/www.ufsm.br\/app\/uploads\/sites\/822\/2020\/06\/zoom-300x300.png 300w, https:\/\/www.ufsm.br\/app\/uploads\/sites\/822\/2020\/06\/zoom.png 512w\" sizes=\"(max-width: 150px) 100vw, 150px\" \/>\t\t\t\t\t\t\t\t\t\t\t<figcaption class=\"widget-image-caption wp-caption-text\">Zoom<\/figcaption>\n\t\t\t\t\t\t\t\t\t\t<\/figure>\n\t\t\t\t\t\t\t<\/div>\n\t\t\t\t<\/div>\n\t\t\t\t\t<\/div>\n\t\t<\/div>\n\t\t\t\t<div class=\"elementor-column elementor-col-50 elementor-top-column elementor-element elementor-element-bc7e177\" data-id=\"bc7e177\" data-element_type=\"column\">\n\t\t\t<div class=\"elementor-widget-wrap elementor-element-populated\">\n\t\t\t\t\t\t<div class=\"elementor-element elementor-element-aaba743 elementor-widget elementor-widget-text-editor\" data-id=\"aaba743\" data-element_type=\"widget\" data-widget_type=\"text-editor.default\">\n\t\t\t\t<div class=\"elementor-widget-container\">\n\t\t\t\t\t\t\t<p style=\"text-align: justify\">O ZOOM \u00e9<span style=\"color: #384257;font-family: poppins, lato, sans-serif;font-size: 18px\">\u00a0uma plataforma simples e econ\u00f4mica para\u00a0 realiza\u00e7\u00e3o de semin\u00e1rios e aulas online. A principal desvantagem \u00e9 que a plataforma na vers\u00e3o gratuita tem um limite de tempo, sendo necess\u00e1rio reconectar assim que este tempo \u00e9 atingido.<\/span><\/p><div><span style=\"color: #384257;font-family: poppins, lato, sans-serif;font-size: 18px\">\u00a0<\/span><\/div>\t\t\t\t\t\t<\/div>\n\t\t\t\t<\/div>\n\t\t\t\t\t<\/div>\n\t\t<\/div>\n\t\t\t\t\t<\/div>\n\t\t<\/section>\n\t\t\t\t<section class=\"elementor-section elementor-top-section elementor-element elementor-element-20ca67b elementor-section-boxed elementor-section-height-default elementor-section-height-default\" data-id=\"20ca67b\" data-element_type=\"section\">\n\t\t\t\t\t\t<div class=\"elementor-container elementor-column-gap-default\">\n\t\t\t\t\t<div class=\"elementor-column elementor-col-100 elementor-top-column elementor-element elementor-element-eaa468e\" data-id=\"eaa468e\" data-element_type=\"column\">\n\t\t\t<div class=\"elementor-widget-wrap elementor-element-populated\">\n\t\t\t\t\t\t<div class=\"elementor-element elementor-element-7d41c56 elementor-widget-divider--view-line elementor-widget elementor-widget-divider\" data-id=\"7d41c56\" data-element_type=\"widget\" data-widget_type=\"divider.default\">\n\t\t\t\t<div class=\"elementor-widget-container\">\n\t\t\t\t\t<div class=\"elementor-divider\">\n\t\t\t<span class=\"elementor-divider-separator\">\n\t\t\t\t\t\t<\/span>\n\t\t<\/div>\n\t\t\t\t<\/div>\n\t\t\t\t<\/div>\n\t\t\t\t\t<\/div>\n\t\t<\/div>\n\t\t\t\t\t<\/div>\n\t\t<\/section>\n\t\t\t\t<section class=\"elementor-section elementor-top-section elementor-element elementor-element-9e33dfe elementor-section-boxed elementor-section-height-default elementor-section-height-default\" data-id=\"9e33dfe\" data-element_type=\"section\">\n\t\t\t\t\t\t<div class=\"elementor-container elementor-column-gap-default\">\n\t\t\t\t\t<div class=\"elementor-column elementor-col-50 elementor-top-column elementor-element elementor-element-f59793e\" data-id=\"f59793e\" data-element_type=\"column\">\n\t\t\t<div class=\"elementor-widget-wrap elementor-element-populated\">\n\t\t\t\t\t\t<div class=\"elementor-element elementor-element-e0d61c5 elementor-widget elementor-widget-image\" data-id=\"e0d61c5\" data-element_type=\"widget\" data-widget_type=\"image.default\">\n\t\t\t\t<div class=\"elementor-widget-container\">\n\t\t\t\t\t\t\t\t\t\t<figure class=\"wp-caption\">\n\t\t\t\t\t\t\t\t\t\t<img decoding=\"async\" width=\"192\" height=\"192\" src=\"https:\/\/www.ufsm.br\/app\/uploads\/sites\/822\/2020\/06\/org.jitsi_.meet_.202030.png\" class=\"attachment-large size-large wp-image-226\" alt=\"jitsi\" srcset=\"https:\/\/www.ufsm.br\/app\/uploads\/sites\/822\/2020\/06\/org.jitsi_.meet_.202030.png 192w, https:\/\/www.ufsm.br\/app\/uploads\/sites\/822\/2020\/06\/org.jitsi_.meet_.202030-150x150.png 150w\" sizes=\"(max-width: 192px) 100vw, 192px\" \/>\t\t\t\t\t\t\t\t\t\t\t<figcaption class=\"widget-image-caption wp-caption-text\">Jitsi<\/figcaption>\n\t\t\t\t\t\t\t\t\t\t<\/figure>\n\t\t\t\t\t\t\t<\/div>\n\t\t\t\t<\/div>\n\t\t\t\t\t<\/div>\n\t\t<\/div>\n\t\t\t\t<div class=\"elementor-column elementor-col-50 elementor-top-column elementor-element elementor-element-5afc166\" data-id=\"5afc166\" data-element_type=\"column\">\n\t\t\t<div class=\"elementor-widget-wrap elementor-element-populated\">\n\t\t\t\t\t\t<div class=\"elementor-element elementor-element-6534cff elementor-widget elementor-widget-text-editor\" data-id=\"6534cff\" data-element_type=\"widget\" data-widget_type=\"text-editor.default\">\n\t\t\t\t<div class=\"elementor-widget-container\">\n\t\t\t\t\t\t\t<p style=\"text-align: justify\">O JITSI \u00e9 uma plataforma Open Source, com criptografia de ponta a ponta que confere seguran\u00e7a de dados.<\/p><p style=\"text-align: justify\"><span style=\"font-family: 'Open Sans', sans-serif;color: #222222;font-size: 16px;text-align: left\">Ao contr\u00e1rio dos demais, os usu\u00e1rios n\u00e3o precisam baixar\u00a0 nenhum pacote da internet para utiliz\u00e1-lo. Ele funciona\u00a0<\/span><span style=\"color: black;font-size: 1rem;text-align: left\">diretamente no navegador<\/span><span style=\"font-family: 'Open Sans', sans-serif;color: #222222;font-size: 16px;text-align: left\">\u00a0e tamb\u00e9m conta com vers\u00f5es mobile para\u00a0<\/span><span style=\"color: black;font-size: 1rem;text-align: left\">Android<\/span><span style=\"font-family: 'Open Sans', sans-serif;color: #222222;font-size: 16px;text-align: left\">\u00a0e\u00a0<\/span><span style=\"color: black;font-size: 1rem;text-align: left\">iOS<\/span><span style=\"font-family: 'Open Sans', sans-serif;color: #222222;font-size: 16px;text-align: left\">.<\/span><\/p>\t\t\t\t\t\t<\/div>\n\t\t\t\t<\/div>\n\t\t\t\t\t<\/div>\n\t\t<\/div>\n\t\t\t\t\t<\/div>\n\t\t<\/section>\n\t\t\t\t<section class=\"elementor-section elementor-top-section elementor-element elementor-element-38a89b1 elementor-section-boxed elementor-section-height-default elementor-section-height-default\" data-id=\"38a89b1\" data-element_type=\"section\">\n\t\t\t\t\t\t<div class=\"elementor-container elementor-column-gap-default\">\n\t\t\t\t\t<div class=\"elementor-column elementor-col-100 elementor-top-column elementor-element elementor-element-21fc616\" data-id=\"21fc616\" data-element_type=\"column\">\n\t\t\t<div class=\"elementor-widget-wrap elementor-element-populated\">\n\t\t\t\t\t\t<div class=\"elementor-element elementor-element-8e6acf2 elementor-widget-divider--view-line elementor-widget elementor-widget-divider\" data-id=\"8e6acf2\" data-element_type=\"widget\" data-widget_type=\"divider.default\">\n\t\t\t\t<div class=\"elementor-widget-container\">\n\t\t\t\t\t<div class=\"elementor-divider\">\n\t\t\t<span class=\"elementor-divider-separator\">\n\t\t\t\t\t\t<\/span>\n\t\t<\/div>\n\t\t\t\t<\/div>\n\t\t\t\t<\/div>\n\t\t\t\t\t<\/div>\n\t\t<\/div>\n\t\t\t\t\t<\/div>\n\t\t<\/section>\n\t\t\t\t<\/div>\n\t\t","protected":false},"excerpt":{"rendered":"<p>Introdu\u00e7\u00e3o O webinar \u00e9 um\u00a0formato de distribui\u00e7\u00e3o de conte\u00fado atrav\u00e9s de uma transmiss\u00e3o ao vivo, online e interativa, que possibilita aos professores uma forma mais din\u00e2mica e atrativa de ministrar aulas em tempos de distanciamento social, ou at\u00e9 mesmo de entrevistar alunos. A maioria das plataformas disp\u00f5e do recurso de chat, que permite a intera\u00e7\u00e3o [&hellip;]<\/p>\n","protected":false},"author":324,"featured_media":0,"parent":188,"menu_order":0,"comment_status":"closed","ping_status":"closed","template":"","meta":{"footnotes":""},"categories":[],"tags":[],"class_list":["post-215","page","type-page","status-publish","hentry"],"acf":[],"_links":{"self":[{"href":"https:\/\/www.ufsm.br\/pro-reitorias\/prograd\/ufsm-em-rede\/wp-json\/wp\/v2\/pages\/215","targetHints":{"allow":["GET"]}}],"collection":[{"href":"https:\/\/www.ufsm.br\/pro-reitorias\/prograd\/ufsm-em-rede\/wp-json\/wp\/v2\/pages"}],"about":[{"href":"https:\/\/www.ufsm.br\/pro-reitorias\/prograd\/ufsm-em-rede\/wp-json\/wp\/v2\/types\/page"}],"author":[{"embeddable":true,"href":"https:\/\/www.ufsm.br\/pro-reitorias\/prograd\/ufsm-em-rede\/wp-json\/wp\/v2\/users\/324"}],"replies":[{"embeddable":true,"href":"https:\/\/www.ufsm.br\/pro-reitorias\/prograd\/ufsm-em-rede\/wp-json\/wp\/v2\/comments?post=215"}],"version-history":[{"count":0,"href":"https:\/\/www.ufsm.br\/pro-reitorias\/prograd\/ufsm-em-rede\/wp-json\/wp\/v2\/pages\/215\/revisions"}],"up":[{"embeddable":true,"href":"https:\/\/www.ufsm.br\/pro-reitorias\/prograd\/ufsm-em-rede\/wp-json\/wp\/v2\/pages\/188"}],"wp:attachment":[{"href":"https:\/\/www.ufsm.br\/pro-reitorias\/prograd\/ufsm-em-rede\/wp-json\/wp\/v2\/media?parent=215"}],"wp:term":[{"taxonomy":"category","embeddable":true,"href":"https:\/\/www.ufsm.br\/pro-reitorias\/prograd\/ufsm-em-rede\/wp-json\/wp\/v2\/categories?post=215"},{"taxonomy":"post_tag","embeddable":true,"href":"https:\/\/www.ufsm.br\/pro-reitorias\/prograd\/ufsm-em-rede\/wp-json\/wp\/v2\/tags?post=215"}],"curies":[{"name":"wp","href":"https:\/\/api.w.org\/{rel}","templated":true}]}}