{"id":268,"date":"2020-06-10T09:52:02","date_gmt":"2020-06-10T12:52:02","guid":{"rendered":"https:\/\/www.ufsm.br\/pro-reitorias\/prograd\/ufsm-em-rede\/?page_id=268"},"modified":"2020-09-05T10:22:04","modified_gmt":"2020-09-05T13:22:04","slug":"avaliacoes-nas-redes-sociais","status":"publish","type":"page","link":"https:\/\/www.ufsm.br\/pro-reitorias\/prograd\/ufsm-em-rede\/avaliacao\/avaliacoes-nas-redes-sociais","title":{"rendered":"Avalia\u00e7\u00f5es nas Redes Sociais"},"content":{"rendered":"\t\t<div data-elementor-type=\"wp-page\" data-elementor-id=\"268\" class=\"elementor elementor-268\">\n\t\t\t\t\t\t<section class=\"elementor-section elementor-top-section elementor-element elementor-element-809a90b elementor-section-boxed elementor-section-height-default elementor-section-height-default\" data-id=\"809a90b\" data-element_type=\"section\">\n\t\t\t\t\t\t<div class=\"elementor-container elementor-column-gap-default\">\n\t\t\t\t\t<div class=\"elementor-column elementor-col-100 elementor-top-column elementor-element elementor-element-bdaf5b5\" data-id=\"bdaf5b5\" data-element_type=\"column\">\n\t\t\t<div class=\"elementor-widget-wrap elementor-element-populated\">\n\t\t\t\t\t\t<div class=\"elementor-element elementor-element-66afccb elementor-widget elementor-widget-heading\" data-id=\"66afccb\" data-element_type=\"widget\" data-widget_type=\"heading.default\">\n\t\t\t\t<div class=\"elementor-widget-container\">\n\t\t\t<h5 class=\"elementor-heading-title elementor-size-default\">Introdu\u00e7\u00e3o<\/h5>\t\t<\/div>\n\t\t\t\t<\/div>\n\t\t\t\t\t<\/div>\n\t\t<\/div>\n\t\t\t\t\t<\/div>\n\t\t<\/section>\n\t\t\t\t<section class=\"elementor-section elementor-top-section elementor-element elementor-element-bf16fbd elementor-section-boxed elementor-section-height-default elementor-section-height-default\" data-id=\"bf16fbd\" data-element_type=\"section\">\n\t\t\t\t\t\t<div class=\"elementor-container elementor-column-gap-default\">\n\t\t\t\t\t<div class=\"elementor-column elementor-col-100 elementor-top-column elementor-element elementor-element-b338ca7\" data-id=\"b338ca7\" data-element_type=\"column\">\n\t\t\t<div class=\"elementor-widget-wrap elementor-element-populated\">\n\t\t\t\t\t\t<div class=\"elementor-element elementor-element-63f720d elementor-widget elementor-widget-text-editor\" data-id=\"63f720d\" data-element_type=\"widget\" data-widget_type=\"text-editor.default\">\n\t\t\t\t<div class=\"elementor-widget-container\">\n\t\t\t\t\t\t\t<p style=\"text-align: justify\">As redes sociais v\u00eam ganhando espa\u00e7o no contexto educativo, sobretudo neste momento de distanciamento social, seja como forma de\u00a0<span style=\"color: #000000;font-size: 16px\">facilitar a comunica\u00e7\u00e3o ou<\/span>\u00a0<span style=\"color: #000000;font-size: 16px\">de promover a aproxima\u00e7\u00e3o com os estudantes. Para al\u00e9m disso, as redes sociais tamb\u00e9m podem ser utilizadas, de forma intencional e pedagogicamente planejada, no processo de ensino-aprendizagem.<\/span><\/p><p style=\"text-align: justify\">A seguir, apresentamos algumas das redes sociais mais populares, que podem tamb\u00e9m ser utilizadas no contexto avaliativo.<\/p>\t\t\t\t\t\t<\/div>\n\t\t\t\t<\/div>\n\t\t\t\t\t<\/div>\n\t\t<\/div>\n\t\t\t\t\t<\/div>\n\t\t<\/section>\n\t\t\t\t<section class=\"elementor-section elementor-top-section elementor-element elementor-element-6023c9c elementor-section-boxed elementor-section-height-default elementor-section-height-default\" data-id=\"6023c9c\" data-element_type=\"section\">\n\t\t\t\t\t\t<div class=\"elementor-container elementor-column-gap-default\">\n\t\t\t\t\t<div class=\"elementor-column elementor-col-100 elementor-top-column elementor-element elementor-element-c5f1428\" data-id=\"c5f1428\" data-element_type=\"column\">\n\t\t\t<div class=\"elementor-widget-wrap elementor-element-populated\">\n\t\t\t\t\t\t<div class=\"elementor-element elementor-element-0bb7f75 elementor-widget elementor-widget-heading\" data-id=\"0bb7f75\" data-element_type=\"widget\" data-widget_type=\"heading.default\">\n\t\t\t\t<div class=\"elementor-widget-container\">\n\t\t\t<h5 class=\"elementor-heading-title elementor-size-default\">Ferramentas<\/h5>\t\t<\/div>\n\t\t\t\t<\/div>\n\t\t\t\t\t<\/div>\n\t\t<\/div>\n\t\t\t\t\t<\/div>\n\t\t<\/section>\n\t\t\t\t<section class=\"elementor-section elementor-top-section elementor-element elementor-element-1843186 elementor-section-boxed elementor-section-height-default elementor-section-height-default\" data-id=\"1843186\" data-element_type=\"section\">\n\t\t\t\t\t\t<div class=\"elementor-container elementor-column-gap-default\">\n\t\t\t\t\t<div class=\"elementor-column elementor-col-33 elementor-top-column elementor-element elementor-element-83dbea8\" data-id=\"83dbea8\" data-element_type=\"column\">\n\t\t\t<div class=\"elementor-widget-wrap elementor-element-populated\">\n\t\t\t\t\t\t<div class=\"elementor-element elementor-element-cf005e0 elementor-widget elementor-widget-image\" data-id=\"cf005e0\" data-element_type=\"widget\" data-widget_type=\"image.default\">\n\t\t\t\t<div class=\"elementor-widget-container\">\n\t\t\t\t\t\t\t\t\t\t\t\t\t<img decoding=\"async\" src=\"https:\/\/www.ufsm.br\/app\/uploads\/sites\/822\/elementor\/thumbs\/facebook-logo-oqmiwtetxned5czsxdqzzje6z6tnz1f5jtg37asr40.png\" title=\"facebook-logo\" alt=\"facebook-logo\" loading=\"lazy\" \/>\t\t\t\t\t\t\t\t\t\t\t\t\t<\/div>\n\t\t\t\t<\/div>\n\t\t\t\t\t<\/div>\n\t\t<\/div>\n\t\t\t\t<div class=\"elementor-column elementor-col-33 elementor-top-column elementor-element elementor-element-52ef57a\" data-id=\"52ef57a\" data-element_type=\"column\">\n\t\t\t<div class=\"elementor-widget-wrap elementor-element-populated\">\n\t\t\t\t\t\t<div class=\"elementor-element elementor-element-d8df668 elementor-widget elementor-widget-text-editor\" data-id=\"d8df668\" data-element_type=\"widget\" data-widget_type=\"text-editor.default\">\n\t\t\t\t<div class=\"elementor-widget-container\">\n\t\t\t\t\t\t\t<p style=\"text-align: justify\">O Facebook \u00e9 uma das redes sociais mais populares e seu uso no contexto educativo tem sido discutido e difundido por diversos pesquisadores.<\/p><p style=\"text-align: justify\"><span style=\"color: black;font-size: 1rem;text-align: left\">Uma das vantagens desta rede social \u00e9 que a maioria dos usu\u00e1rios est\u00e3o familiarizados com as suas funcionalidades, facilitando a media\u00e7\u00e3o do professor no processo de ensino-aprendizagem por meio do\u00a0<\/span><span style=\"text-align: left\">compartilhamento de materiais, exerc\u00edcios, acompanhamento e avalia\u00e7\u00e3o trabalhos realizados, publica\u00e7\u00e3o das produ\u00e7\u00f5es dos estudantes, etc.<\/span><\/p><p style=\"text-align: justify\">Leia mais sobre o uso Facebook como recurso did\u00e1tico acessando o Guia\u00a0&#8220;Curtir, compartilhar, aprender e ensinar: um guia de orienta\u00e7\u00f5es para uso do Facebook como recurso did\u00e1tico no IFRS, desenvolvido no \u00e2mbito do PPGTER\/UFSM por Mari\u00e2ngela Barichello Baratto.<\/p><p style=\"text-align: justify\">\u00a0<\/p>\t\t\t\t\t\t<\/div>\n\t\t\t\t<\/div>\n\t\t\t\t\t<\/div>\n\t\t<\/div>\n\t\t\t\t<div class=\"elementor-column elementor-col-33 elementor-top-column elementor-element elementor-element-2ded6b4\" data-id=\"2ded6b4\" data-element_type=\"column\">\n\t\t\t<div class=\"elementor-widget-wrap elementor-element-populated\">\n\t\t\t\t\t\t<div class=\"elementor-element elementor-element-13f6820 elementor-widget elementor-widget-image\" data-id=\"13f6820\" data-element_type=\"widget\" data-widget_type=\"image.default\">\n\t\t\t\t<div class=\"elementor-widget-container\">\n\t\t\t\t\t\t\t\t\t\t\t\t\t\t<a href=\"https:\/\/drive.google.com\/file\/d\/1h73jMigHRYUdqSEww3ZQV7r5eb1kWN0A\/view?fbclid=IwAR13YzPUsOmMIHVmrJQGWmymTqnwFuA5twhzqLtj_fHU2R9kS3dqD226zV8\" target=\"_blank\">\n\t\t\t\t\t\t\t<img fetchpriority=\"high\" decoding=\"async\" width=\"396\" height=\"466\" src=\"https:\/\/www.ufsm.br\/app\/uploads\/sites\/822\/2020\/06\/Guia_Facebook.jpg\" class=\"attachment-medium_large size-medium_large wp-image-319\" alt=\"\" srcset=\"https:\/\/www.ufsm.br\/app\/uploads\/sites\/822\/2020\/06\/Guia_Facebook.jpg 396w, https:\/\/www.ufsm.br\/app\/uploads\/sites\/822\/2020\/06\/Guia_Facebook-255x300.jpg 255w\" sizes=\"(max-width: 396px) 100vw, 396px\" \/>\t\t\t\t\t\t\t\t<\/a>\n\t\t\t\t\t\t\t\t\t\t\t\t\t<\/div>\n\t\t\t\t<\/div>\n\t\t\t\t\t<\/div>\n\t\t<\/div>\n\t\t\t\t\t<\/div>\n\t\t<\/section>\n\t\t\t\t<section class=\"elementor-section elementor-top-section elementor-element elementor-element-7530adc elementor-section-boxed elementor-section-height-default elementor-section-height-default\" data-id=\"7530adc\" data-element_type=\"section\">\n\t\t\t\t\t\t<div class=\"elementor-container elementor-column-gap-default\">\n\t\t\t\t\t<div class=\"elementor-column elementor-col-100 elementor-top-column elementor-element elementor-element-c6c2ce6\" data-id=\"c6c2ce6\" data-element_type=\"column\">\n\t\t\t<div class=\"elementor-widget-wrap elementor-element-populated\">\n\t\t\t\t\t\t<div class=\"elementor-element elementor-element-c319dce elementor-widget-divider--view-line elementor-widget elementor-widget-divider\" data-id=\"c319dce\" data-element_type=\"widget\" data-widget_type=\"divider.default\">\n\t\t\t\t<div class=\"elementor-widget-container\">\n\t\t\t\t\t<div class=\"elementor-divider\">\n\t\t\t<span class=\"elementor-divider-separator\">\n\t\t\t\t\t\t<\/span>\n\t\t<\/div>\n\t\t\t\t<\/div>\n\t\t\t\t<\/div>\n\t\t\t\t\t<\/div>\n\t\t<\/div>\n\t\t\t\t\t<\/div>\n\t\t<\/section>\n\t\t\t\t<section class=\"elementor-section elementor-top-section elementor-element elementor-element-9d825a1 elementor-section-boxed elementor-section-height-default elementor-section-height-default\" data-id=\"9d825a1\" data-element_type=\"section\">\n\t\t\t\t\t\t<div class=\"elementor-container elementor-column-gap-default\">\n\t\t\t\t\t<div class=\"elementor-column elementor-col-33 elementor-top-column elementor-element elementor-element-c894669\" data-id=\"c894669\" data-element_type=\"column\">\n\t\t\t<div class=\"elementor-widget-wrap elementor-element-populated\">\n\t\t\t\t\t\t<div class=\"elementor-element elementor-element-1d0c649 elementor-widget elementor-widget-image\" data-id=\"1d0c649\" data-element_type=\"widget\" data-widget_type=\"image.default\">\n\t\t\t\t<div class=\"elementor-widget-container\">\n\t\t\t\t\t\t\t\t\t\t\t\t\t<img decoding=\"async\" src=\"https:\/\/www.ufsm.br\/app\/uploads\/sites\/822\/elementor\/thumbs\/\u2014Pngtree\u2014whatsapp-icon-whatsapp-logo-whatsapp_3584845-oqmggdrhfburhapq37y2qsbbe2e48wmkqtol7o42j4.png\" title=\"\u2014Pngtree\u2014whatsapp icon whatsapp logo whatsapp_3584845\" alt=\"\u2014Pngtree\u2014whatsapp icon whatsapp logo whatsapp_3584845\" loading=\"lazy\" \/>\t\t\t\t\t\t\t\t\t\t\t\t\t<\/div>\n\t\t\t\t<\/div>\n\t\t\t\t\t<\/div>\n\t\t<\/div>\n\t\t\t\t<div class=\"elementor-column elementor-col-33 elementor-top-column elementor-element elementor-element-ab6acba\" data-id=\"ab6acba\" data-element_type=\"column\">\n\t\t\t<div class=\"elementor-widget-wrap elementor-element-populated\">\n\t\t\t\t\t\t<div class=\"elementor-element elementor-element-81f5a49 elementor-widget elementor-widget-text-editor\" data-id=\"81f5a49\" data-element_type=\"widget\" data-widget_type=\"text-editor.default\">\n\t\t\t\t<div class=\"elementor-widget-container\">\n\t\t\t\t\t\t\t<p style=\"text-align: justify\">O WhatsApp \u00e9 um aplicativo de mensagens que pode ser utilizado no celular ou sincronizado com o navegador web.\u00a0<\/p><p style=\"text-align: justify\">Permite o envio de mensagens de texto e voz,\u00a0 compartilhamento de documentos, v\u00eddeos, imagens e \u00e1udios de forma individual ou por meio de<span style=\"color: #000000;font-size: 16px\">\u00a0grupos, possibilitando a explora\u00e7\u00e3o destes recursos de forma did\u00e1tica pelo professor, seja no pr\u00f3prio app ou por meio\u00a0<\/span><span style=\"color: #000000;font-size: 16px\">de produ\u00e7\u00f5es mais elaboradas, utilizando f<\/span><span style=\"color: #000000;font-size: 16px\">erramentas externas.<\/span><\/p><p style=\"text-align: justify\"><span style=\"color: #000000;font-size: 16px\">Fonte:\u00a0<\/span><span style=\"font-size: 1rem;text-align: left\"><a href=\"https:\/\/box.novaescola.org.br\/etapa\/3\/educacao-fundamental-2\/caixa\/98\/whatsapp-va-alem-das-mensagens\/conteudo\/19036\">Nova Escola<\/a><\/span><\/p>\t\t\t\t\t\t<\/div>\n\t\t\t\t<\/div>\n\t\t\t\t\t<\/div>\n\t\t<\/div>\n\t\t\t\t<div class=\"elementor-column elementor-col-33 elementor-top-column elementor-element elementor-element-0e50804\" data-id=\"0e50804\" data-element_type=\"column\">\n\t\t\t<div class=\"elementor-widget-wrap elementor-element-populated\">\n\t\t\t\t\t\t<div class=\"elementor-element elementor-element-54076bb elementor-widget elementor-widget-video\" data-id=\"54076bb\" data-element_type=\"widget\" data-settings=\"{&quot;youtube_url&quot;:&quot;https:\\\/\\\/www.youtube.com\\\/watch?v=mFqZ5Vu7G7s&amp;list=PLFzkEpkFIWT7oytCpRqKatjCKP53pMmnd&amp;index=26&quot;,&quot;video_type&quot;:&quot;youtube&quot;,&quot;controls&quot;:&quot;yes&quot;}\" data-widget_type=\"video.default\">\n\t\t\t\t<div class=\"elementor-widget-container\">\n\t\t\t\t\t<div class=\"elementor-wrapper elementor-open-inline\">\n\t\t\t<div class=\"elementor-video\"><\/div>\t\t<\/div>\n\t\t\t\t<\/div>\n\t\t\t\t<\/div>\n\t\t\t\t<div class=\"elementor-element elementor-element-d61ca91 elementor-widget elementor-widget-heading\" data-id=\"d61ca91\" data-element_type=\"widget\" data-widget_type=\"heading.default\">\n\t\t\t\t<div class=\"elementor-widget-container\">\n\t\t\t<h6 class=\"elementor-heading-title elementor-size-default\">Como enviar documentos no Whatsapp<\/h6>\t\t<\/div>\n\t\t\t\t<\/div>\n\t\t\t\t\t<\/div>\n\t\t<\/div>\n\t\t\t\t\t<\/div>\n\t\t<\/section>\n\t\t\t\t<section class=\"elementor-section elementor-top-section elementor-element elementor-element-e8c9534 elementor-section-boxed elementor-section-height-default elementor-section-height-default\" data-id=\"e8c9534\" data-element_type=\"section\">\n\t\t\t\t\t\t<div class=\"elementor-container elementor-column-gap-default\">\n\t\t\t\t\t<div class=\"elementor-column elementor-col-100 elementor-top-column elementor-element elementor-element-0ccca8f\" data-id=\"0ccca8f\" data-element_type=\"column\">\n\t\t\t<div class=\"elementor-widget-wrap elementor-element-populated\">\n\t\t\t\t\t\t<div class=\"elementor-element elementor-element-712d6f2 elementor-widget-divider--view-line elementor-widget elementor-widget-divider\" data-id=\"712d6f2\" data-element_type=\"widget\" data-widget_type=\"divider.default\">\n\t\t\t\t<div class=\"elementor-widget-container\">\n\t\t\t\t\t<div class=\"elementor-divider\">\n\t\t\t<span class=\"elementor-divider-separator\">\n\t\t\t\t\t\t<\/span>\n\t\t<\/div>\n\t\t\t\t<\/div>\n\t\t\t\t<\/div>\n\t\t\t\t\t<\/div>\n\t\t<\/div>\n\t\t\t\t\t<\/div>\n\t\t<\/section>\n\t\t\t\t<section class=\"elementor-section elementor-top-section elementor-element elementor-element-f565cba elementor-section-boxed elementor-section-height-default elementor-section-height-default\" data-id=\"f565cba\" data-element_type=\"section\">\n\t\t\t\t\t\t<div class=\"elementor-container elementor-column-gap-default\">\n\t\t\t\t\t<div class=\"elementor-column elementor-col-33 elementor-top-column elementor-element elementor-element-3de8068\" data-id=\"3de8068\" data-element_type=\"column\">\n\t\t\t<div class=\"elementor-widget-wrap elementor-element-populated\">\n\t\t\t\t\t\t<div class=\"elementor-element elementor-element-7e0e6d6 elementor-widget elementor-widget-image\" data-id=\"7e0e6d6\" data-element_type=\"widget\" data-widget_type=\"image.default\">\n\t\t\t\t<div class=\"elementor-widget-container\">\n\t\t\t\t\t\t\t\t\t\t\t\t\t<img decoding=\"async\" src=\"https:\/\/www.ufsm.br\/app\/uploads\/sites\/822\/elementor\/thumbs\/Telegram-or7j4f4b5s7tfwto37su9h16qzzq8avpai1hg26q6g.jpg\" title=\"Telegram\" alt=\"Telegram\" loading=\"lazy\" \/>\t\t\t\t\t\t\t\t\t\t\t\t\t<\/div>\n\t\t\t\t<\/div>\n\t\t\t\t\t<\/div>\n\t\t<\/div>\n\t\t\t\t<div class=\"elementor-column elementor-col-33 elementor-top-column elementor-element elementor-element-5e4782a\" data-id=\"5e4782a\" data-element_type=\"column\">\n\t\t\t<div class=\"elementor-widget-wrap elementor-element-populated\">\n\t\t\t\t\t\t<div class=\"elementor-element elementor-element-a799151 elementor-widget elementor-widget-text-editor\" data-id=\"a799151\" data-element_type=\"widget\" data-widget_type=\"text-editor.default\">\n\t\t\t\t<div class=\"elementor-widget-container\">\n\t\t\t\t\t\t\t<p style=\"text-align: justify\">O Telegram \u00e9 outra op\u00e7\u00e3o de aplicativo de mensagens que permite o envio de texto, arquivos, \u00e1udio, v\u00eddeo e fotos.\u00a0<\/p><p style=\"text-align: justify\">Dentre as funcionalidades deste app com potencial pedag\u00f3gico, destacam-se a possibilidade de criar canais de conte\u00fado p\u00fablicos ou privados com seguidores ilimitados, acessar canais p\u00fablicos com conte\u00fados educacionais, criar\u00a0<span style=\"color: #000000;font-size: 16px\">grupos com at\u00e9 200.000 pessoas,\u00a0 <\/span>compartilhar arquivos com at\u00e9 1,5 GB, configurar para n\u00e3o permitir <span style=\"color: #000000;font-size: 16px\">acesso ao n\u00famero do telefone, al\u00e9m de contar\u00a0<\/span><span style=\"color: #000000;font-size: 16px\">com rob\u00f4s (bots) que interagem com os usu\u00e1rios.<\/span><\/p>\t\t\t\t\t\t<\/div>\n\t\t\t\t<\/div>\n\t\t\t\t\t<\/div>\n\t\t<\/div>\n\t\t\t\t<div class=\"elementor-column elementor-col-33 elementor-top-column elementor-element elementor-element-8d017ce\" data-id=\"8d017ce\" data-element_type=\"column\">\n\t\t\t<div class=\"elementor-widget-wrap elementor-element-populated\">\n\t\t\t\t\t\t<div class=\"elementor-element elementor-element-bf67412 elementor-widget elementor-widget-video\" data-id=\"bf67412\" data-element_type=\"widget\" data-settings=\"{&quot;youtube_url&quot;:&quot;https:\\\/\\\/youtu.be\\\/IbexW_Tb4qw&quot;,&quot;video_type&quot;:&quot;youtube&quot;,&quot;controls&quot;:&quot;yes&quot;}\" data-widget_type=\"video.default\">\n\t\t\t\t<div class=\"elementor-widget-container\">\n\t\t\t\t\t<div class=\"elementor-wrapper elementor-open-inline\">\n\t\t\t<div class=\"elementor-video\"><\/div>\t\t<\/div>\n\t\t\t\t<\/div>\n\t\t\t\t<\/div>\n\t\t\t\t<div class=\"elementor-element elementor-element-8ff4917 elementor-widget elementor-widget-heading\" data-id=\"8ff4917\" data-element_type=\"widget\" data-widget_type=\"heading.default\">\n\t\t\t\t<div class=\"elementor-widget-container\">\n\t\t\t<h6 class=\"elementor-heading-title elementor-size-default\">Como usar o Telegram para dar aulas<\/h6>\t\t<\/div>\n\t\t\t\t<\/div>\n\t\t\t\t\t<\/div>\n\t\t<\/div>\n\t\t\t\t\t<\/div>\n\t\t<\/section>\n\t\t\t\t<section class=\"elementor-section elementor-top-section elementor-element elementor-element-59b6316 elementor-section-boxed elementor-section-height-default elementor-section-height-default\" data-id=\"59b6316\" data-element_type=\"section\">\n\t\t\t\t\t\t<div class=\"elementor-container elementor-column-gap-default\">\n\t\t\t\t\t<div class=\"elementor-column elementor-col-100 elementor-top-column elementor-element elementor-element-4f96f74\" data-id=\"4f96f74\" data-element_type=\"column\">\n\t\t\t<div class=\"elementor-widget-wrap elementor-element-populated\">\n\t\t\t\t\t\t<div class=\"elementor-element elementor-element-8b16773 elementor-widget-divider--view-line elementor-widget elementor-widget-divider\" data-id=\"8b16773\" data-element_type=\"widget\" data-widget_type=\"divider.default\">\n\t\t\t\t<div class=\"elementor-widget-container\">\n\t\t\t\t\t<div class=\"elementor-divider\">\n\t\t\t<span class=\"elementor-divider-separator\">\n\t\t\t\t\t\t<\/span>\n\t\t<\/div>\n\t\t\t\t<\/div>\n\t\t\t\t<\/div>\n\t\t\t\t\t<\/div>\n\t\t<\/div>\n\t\t\t\t\t<\/div>\n\t\t<\/section>\n\t\t\t\t<section class=\"elementor-section elementor-top-section elementor-element elementor-element-889f64f elementor-section-boxed elementor-section-height-default elementor-section-height-default\" data-id=\"889f64f\" data-element_type=\"section\">\n\t\t\t\t\t\t<div class=\"elementor-container elementor-column-gap-default\">\n\t\t\t\t\t<div class=\"elementor-column elementor-col-33 elementor-top-column elementor-element elementor-element-1960ffd\" data-id=\"1960ffd\" data-element_type=\"column\">\n\t\t\t<div class=\"elementor-widget-wrap elementor-element-populated\">\n\t\t\t\t\t\t<div class=\"elementor-element elementor-element-5d288dc elementor-widget elementor-widget-image\" data-id=\"5d288dc\" data-element_type=\"widget\" data-widget_type=\"image.default\">\n\t\t\t\t<div class=\"elementor-widget-container\">\n\t\t\t\t\t\t\t\t\t\t\t\t\t<img decoding=\"async\" width=\"150\" height=\"150\" src=\"https:\/\/www.ufsm.br\/app\/uploads\/sites\/822\/2020\/06\/tik-tok-1-150x150.png\" class=\"attachment-thumbnail size-thumbnail wp-image-208\" alt=\"\" srcset=\"https:\/\/www.ufsm.br\/app\/uploads\/sites\/822\/2020\/06\/tik-tok-1-150x150.png 150w, https:\/\/www.ufsm.br\/app\/uploads\/sites\/822\/2020\/06\/tik-tok-1-300x300.png 300w, https:\/\/www.ufsm.br\/app\/uploads\/sites\/822\/2020\/06\/tik-tok-1.png 512w\" sizes=\"(max-width: 150px) 100vw, 150px\" \/>\t\t\t\t\t\t\t\t\t\t\t\t\t<\/div>\n\t\t\t\t<\/div>\n\t\t\t\t\t<\/div>\n\t\t<\/div>\n\t\t\t\t<div class=\"elementor-column elementor-col-33 elementor-top-column elementor-element elementor-element-900c0ad\" data-id=\"900c0ad\" data-element_type=\"column\">\n\t\t\t<div class=\"elementor-widget-wrap elementor-element-populated\">\n\t\t\t\t\t\t<div class=\"elementor-element elementor-element-af989ec elementor-widget elementor-widget-text-editor\" data-id=\"af989ec\" data-element_type=\"widget\" data-widget_type=\"text-editor.default\">\n\t\t\t\t<div class=\"elementor-widget-container\">\n\t\t\t\t\t\t\t<p style=\"text-align: justify\"><span style=\"font-family: Rubik, Arial, Helvetica, sans-serif;font-size: 17.0001px\">O&nbsp;<\/span>Tik Tok \u00e9 uma rede social que permite a cria\u00e7\u00e3o e o compartilhamento de v\u00eddeos curtos.&nbsp;<\/p>\n<p style=\"text-align: justify\">A plataforma possui uma estrutura audiovisual e disponibiliza diversos efeitos especiais e filtros,&nbsp;<span style=\"color: #000000;font-size: 16px\">podendo ser uma alternativa ao professor como estrat\u00e9gia avaliativa, explorando a criatividade dos estudantes na produ\u00e7\u00e3o de conte\u00fado a partir dos conceitos estudados e incentivando o engajamento.<\/span><\/p>\n<p style=\"text-align: justify\"><span style=\"color: #000000;font-size: 16px\">Confira ao lado um v\u00eddeo produzido<\/span><span style=\"color: #000000;font-size: 16px\">&nbsp;pela Prof\u00aa Cl\u00e1udia Barin, Coordenadora do PPGEPT\/UFSM, exemplificando uma atividade de produ\u00e7\u00e3o de v\u00eddeo no Tik Tok que pode ser solicitada aos alunos sobre determinado conte\u00fado abordado.<\/span><\/p>\n<p style=\"text-align: justify\"><span style=\"color: #000000;font-size: 16px\">&nbsp;<\/span><\/p>\t\t\t\t\t\t<\/div>\n\t\t\t\t<\/div>\n\t\t\t\t\t<\/div>\n\t\t<\/div>\n\t\t\t\t<div class=\"elementor-column elementor-col-33 elementor-top-column elementor-element elementor-element-173184e\" data-id=\"173184e\" data-element_type=\"column\">\n\t\t\t<div class=\"elementor-widget-wrap elementor-element-populated\">\n\t\t\t\t\t\t<div class=\"elementor-element elementor-element-746475b elementor-widget elementor-widget-image\" data-id=\"746475b\" data-element_type=\"widget\" data-widget_type=\"image.default\">\n\t\t\t\t<div class=\"elementor-widget-container\">\n\t\t\t\t\t\t\t\t\t\t\t\t\t\t<a href=\"https:\/\/video.wixstatic.com\/video\/58b94f_d6599541cca74367af648e28ea7065c5\/360p\/mp4\/file.mp4\" target=\"_blank\">\n\t\t\t\t\t\t\t<img decoding=\"async\" src=\"https:\/\/www.ufsm.br\/app\/uploads\/sites\/822\/elementor\/thumbs\/Tik_tok2-oreknmkknduo6erq7cp9jo3dlzrvpqh4igs5xib7s0.jpeg\" title=\"Tik_tok2\" alt=\"Tik_tok2\" loading=\"lazy\" \/>\t\t\t\t\t\t\t\t<\/a>\n\t\t\t\t\t\t\t\t\t\t\t\t\t<\/div>\n\t\t\t\t<\/div>\n\t\t\t\t<div class=\"elementor-element elementor-element-03add77 elementor-widget elementor-widget-heading\" data-id=\"03add77\" data-element_type=\"widget\" data-widget_type=\"heading.default\">\n\t\t\t\t<div class=\"elementor-widget-container\">\n\t\t\t<h6 class=\"elementor-heading-title elementor-size-default\">Apresentando conceitos de Qu\u00edmica<br>por meio do Tik Tok<\/h6>\t\t<\/div>\n\t\t\t\t<\/div>\n\t\t\t\t\t<\/div>\n\t\t<\/div>\n\t\t\t\t\t<\/div>\n\t\t<\/section>\n\t\t\t\t<\/div>\n\t\t","protected":false},"excerpt":{"rendered":"<p>Introdu\u00e7\u00e3o As redes sociais v\u00eam ganhando espa\u00e7o no contexto educativo, sobretudo neste momento de distanciamento social, seja como forma de\u00a0facilitar a comunica\u00e7\u00e3o ou\u00a0de promover a aproxima\u00e7\u00e3o com os estudantes. Para al\u00e9m disso, as redes sociais tamb\u00e9m podem ser utilizadas, de forma intencional e pedagogicamente planejada, no processo de ensino-aprendizagem. A seguir, apresentamos algumas das redes [&hellip;]<\/p>\n","protected":false},"author":606,"featured_media":0,"parent":165,"menu_order":0,"comment_status":"closed","ping_status":"closed","template":"","meta":{"footnotes":""},"categories":[],"tags":[],"class_list":["post-268","page","type-page","status-publish","hentry"],"acf":[],"_links":{"self":[{"href":"https:\/\/www.ufsm.br\/pro-reitorias\/prograd\/ufsm-em-rede\/wp-json\/wp\/v2\/pages\/268","targetHints":{"allow":["GET"]}}],"collection":[{"href":"https:\/\/www.ufsm.br\/pro-reitorias\/prograd\/ufsm-em-rede\/wp-json\/wp\/v2\/pages"}],"about":[{"href":"https:\/\/www.ufsm.br\/pro-reitorias\/prograd\/ufsm-em-rede\/wp-json\/wp\/v2\/types\/page"}],"author":[{"embeddable":true,"href":"https:\/\/www.ufsm.br\/pro-reitorias\/prograd\/ufsm-em-rede\/wp-json\/wp\/v2\/users\/606"}],"replies":[{"embeddable":true,"href":"https:\/\/www.ufsm.br\/pro-reitorias\/prograd\/ufsm-em-rede\/wp-json\/wp\/v2\/comments?post=268"}],"version-history":[{"count":0,"href":"https:\/\/www.ufsm.br\/pro-reitorias\/prograd\/ufsm-em-rede\/wp-json\/wp\/v2\/pages\/268\/revisions"}],"up":[{"embeddable":true,"href":"https:\/\/www.ufsm.br\/pro-reitorias\/prograd\/ufsm-em-rede\/wp-json\/wp\/v2\/pages\/165"}],"wp:attachment":[{"href":"https:\/\/www.ufsm.br\/pro-reitorias\/prograd\/ufsm-em-rede\/wp-json\/wp\/v2\/media?parent=268"}],"wp:term":[{"taxonomy":"category","embeddable":true,"href":"https:\/\/www.ufsm.br\/pro-reitorias\/prograd\/ufsm-em-rede\/wp-json\/wp\/v2\/categories?post=268"},{"taxonomy":"post_tag","embeddable":true,"href":"https:\/\/www.ufsm.br\/pro-reitorias\/prograd\/ufsm-em-rede\/wp-json\/wp\/v2\/tags?post=268"}],"curies":[{"name":"wp","href":"https:\/\/api.w.org\/{rel}","templated":true}]}}