{"id":17603,"date":"2021-06-15T13:53:38","date_gmt":"2021-06-15T16:53:38","guid":{"rendered":"https:\/\/www.ufsm.br\/pro-reitorias\/prograd\/?page_id=17603"},"modified":"2026-01-14T10:48:10","modified_gmt":"2026-01-14T13:48:10","slug":"nucleo-de-avaliacao-externa-e-regulacao","status":"publish","type":"page","link":"https:\/\/www.ufsm.br\/pro-reitorias\/prograd\/nucleo-de-avaliacao-externa-e-regulacao","title":{"rendered":"N\u00facleo de Avalia\u00e7\u00e3o Externa e Regula\u00e7\u00e3o"},"content":{"rendered":"\t\t<div data-elementor-type=\"wp-page\" data-elementor-id=\"17603\" class=\"elementor elementor-17603\">\n\t\t\t\t\t\t<section class=\"elementor-section elementor-top-section elementor-element elementor-element-6dc5e8c elementor-section-boxed elementor-section-height-default elementor-section-height-default\" data-id=\"6dc5e8c\" data-element_type=\"section\" data-settings=\"{&quot;background_background&quot;:&quot;classic&quot;}\">\n\t\t\t\t\t\t<div class=\"elementor-container elementor-column-gap-default\">\n\t\t\t\t\t<div class=\"elementor-column elementor-col-100 elementor-top-column elementor-element elementor-element-c85699d\" data-id=\"c85699d\" data-element_type=\"column\">\n\t\t\t<div class=\"elementor-widget-wrap elementor-element-populated\">\n\t\t\t\t\t\t<div class=\"elementor-element elementor-element-818ae24 elementor-widget elementor-widget-heading\" data-id=\"818ae24\" data-element_type=\"widget\" data-widget_type=\"heading.default\">\n\t\t\t\t<div class=\"elementor-widget-container\">\n\t\t\t<h1 class=\"elementor-heading-title elementor-size-default\">N\u00facleo de Avalia\u00e7\u00e3o Externa e Regula\u00e7\u00e3o<\/h1>\t\t<\/div>\n\t\t\t\t<\/div>\n\t\t\t\t\t<\/div>\n\t\t<\/div>\n\t\t\t\t\t<\/div>\n\t\t<\/section>\n\t\t\t\t<section class=\"elementor-section elementor-top-section elementor-element elementor-element-a83655c elementor-section-boxed elementor-section-height-default elementor-section-height-default\" data-id=\"a83655c\" data-element_type=\"section\">\n\t\t\t\t\t\t<div class=\"elementor-container elementor-column-gap-default\">\n\t\t\t\t\t<div class=\"elementor-column elementor-col-100 elementor-top-column elementor-element elementor-element-a428fd1\" data-id=\"a428fd1\" data-element_type=\"column\">\n\t\t\t<div class=\"elementor-widget-wrap elementor-element-populated\">\n\t\t\t\t\t\t<div class=\"elementor-element elementor-element-0dfa9a0 elementor-widget elementor-widget-text-editor\" data-id=\"0dfa9a0\" data-element_type=\"widget\" data-widget_type=\"text-editor.default\">\n\t\t\t\t<div class=\"elementor-widget-container\">\n\t\t\t\t\t\t\t<p><span style=\"font-weight: 400\">O N\u00facleo de Avalia\u00e7\u00e3o Externa e Regula\u00e7\u00e3o (NAER-PROGRAD) possu\u00ed como atribui\u00e7\u00e3o principal\u00a0 coordenar e operacionalizar os processos de avalia\u00e7\u00e3o externa, regula\u00e7\u00e3o e supervis\u00e3o de cursos de gradua\u00e7\u00e3o no \u00e2mbito da UFSM.<\/span><\/p><p><span style=\"font-weight: 400\">O n\u00facleo est\u00e1 sob chefia do Procurador Educacional Institucional (PEI), o qual atua na interlocu\u00e7\u00e3o entre a Institui\u00e7\u00e3o e o Minist\u00e9rio da Educa\u00e7\u00e3o para as fun\u00e7\u00f5es de Regula\u00e7\u00e3o, Supervis\u00e3o e Avalia\u00e7\u00e3o do Ensino Superior no \u00e2mbito do Sistema Nacional de Avalia\u00e7\u00e3o da Educa\u00e7\u00e3o Superior (SINAES).<\/span><\/p>\t\t\t\t\t\t<\/div>\n\t\t\t\t<\/div>\n\t\t\t\t\t<\/div>\n\t\t<\/div>\n\t\t\t\t\t<\/div>\n\t\t<\/section>\n\t\t\t\t<section class=\"elementor-section elementor-top-section elementor-element elementor-element-eca1768 elementor-section-boxed elementor-section-height-default elementor-section-height-default\" data-id=\"eca1768\" data-element_type=\"section\" data-settings=\"{&quot;background_background&quot;:&quot;classic&quot;}\">\n\t\t\t\t\t\t<div class=\"elementor-container elementor-column-gap-default\">\n\t\t\t\t\t<div class=\"elementor-column elementor-col-100 elementor-top-column elementor-element elementor-element-bd83c4b\" data-id=\"bd83c4b\" data-element_type=\"column\">\n\t\t\t<div class=\"elementor-widget-wrap elementor-element-populated\">\n\t\t\t\t\t\t<div class=\"elementor-element elementor-element-1c795c9 elementor-widget elementor-widget-heading\" data-id=\"1c795c9\" data-element_type=\"widget\" data-widget_type=\"heading.default\">\n\t\t\t\t<div class=\"elementor-widget-container\">\n\t\t\t<h2 class=\"elementor-heading-title elementor-size-default\">Atribui\u00e7\u00f5es<\/h2>\t\t<\/div>\n\t\t\t\t<\/div>\n\t\t\t\t\t<\/div>\n\t\t<\/div>\n\t\t\t\t\t<\/div>\n\t\t<\/section>\n\t\t\t\t<section class=\"elementor-section elementor-top-section elementor-element elementor-element-7395cba elementor-section-boxed elementor-section-height-default elementor-section-height-default\" data-id=\"7395cba\" data-element_type=\"section\">\n\t\t\t\t\t\t<div class=\"elementor-container elementor-column-gap-default\">\n\t\t\t\t\t<div class=\"elementor-column elementor-col-100 elementor-top-column elementor-element elementor-element-916ae9f\" data-id=\"916ae9f\" data-element_type=\"column\">\n\t\t\t<div class=\"elementor-widget-wrap elementor-element-populated\">\n\t\t\t\t\t\t<div class=\"elementor-element elementor-element-923304e elementor-widget elementor-widget-text-editor\" data-id=\"923304e\" data-element_type=\"widget\" data-widget_type=\"text-editor.default\">\n\t\t\t\t<div class=\"elementor-widget-container\">\n\t\t\t\t\t\t\t<p><span style=\"font-weight: 400\">O NAER \u00e9 respons\u00e1vel por prestar as informa\u00e7\u00f5es no sistema e-MEC, relativas \u00e0s atualiza\u00e7\u00f5es cadastrais e \u00e0 tramita\u00e7\u00e3o de processos regulat\u00f3rios e de supervis\u00e3o de cursos e institucional, bem como pelos elementos de avalia\u00e7\u00e3o externa, inclu\u00eddas as informa\u00e7\u00f5es necess\u00e1rias \u00e0 realiza\u00e7\u00e3o do Exame Nacional de Desempenho de Estudantes (ENADE).<\/span><\/p><p><span style=\"font-weight: 400\">1. Regula\u00e7\u00e3o, Supervis\u00e3o e Avalia\u00e7\u00e3o<\/span><\/p><ul><li style=\"font-weight: 400\"><span style=\"font-weight: 400\">Manter atualizados, no Sistema de Regula\u00e7\u00e3o do Ensino Superior (Sistema e-MEC), os dados gerais da institui\u00e7\u00e3o:<\/span><ul><li style=\"font-weight: 400\"><span style=\"font-weight: 400\">Dados cadastrais dos dirigentes (reitor, vice-reitor, pr\u00f3-reitores e diretores de unidade);<\/span><\/li><li style=\"font-weight: 400\"><span style=\"font-weight: 400\">Instala\u00e7\u00f5es f\u00edsicas;<\/span><\/li><li style=\"font-weight: 400\"><span style=\"font-weight: 400\">Cadastro dos docentes;\u00a0<\/span><\/li><li style=\"font-weight: 400\"><span style=\"font-weight: 400\">Coordenadores de curso de gradua\u00e7\u00e3o;<\/span><\/li><li style=\"font-weight: 400\"><span style=\"font-weight: 400\">Membros da Comiss\u00e3o Pr\u00f3pria de Avalia\u00e7\u00e3o (CPA);<\/span><\/li><li style=\"font-weight: 400\"><span style=\"font-weight: 400\">Atualiza\u00e7\u00e3o anual do relat\u00f3rio de autoavalia\u00e7\u00e3o institucional;<\/span><\/li><li style=\"font-weight: 400\"><span style=\"font-weight: 400\">Atualiza\u00e7\u00e3o dos projetos pedag\u00f3gicos dos cursos de gradua\u00e7\u00e3o;<\/span><\/li><li style=\"font-weight: 400\"><span style=\"font-weight: 400\">Atualiza\u00e7\u00e3o do Plano de Desenvolvimento Institucional (PDI) e Regimento interno;<\/span><\/li><li style=\"font-weight: 400\"><span style=\"font-weight: 400\">Dados dos cursos de gradua\u00e7\u00e3o presenciais e \u00e0 dist\u00e2ncia;<\/span><\/li><li style=\"font-weight: 400\"><span style=\"font-weight: 400\">Locais de ofertas dos cursos;<\/span><\/li><li style=\"font-weight: 400\"><span style=\"font-weight: 400\">Quaisquer outras informa\u00e7\u00f5es demandadas via MEC.<\/span><\/li><\/ul><\/li><\/ul><ul><li style=\"font-weight: 400\"><span style=\"font-weight: 400\">Instruir, protocolar e acompanhar os autos dos processos referentes \u00e0 autoriza\u00e7\u00e3o, reconhecimento e renova\u00e7\u00e3o de reconhecimento dos cursos de gradua\u00e7\u00e3o, bem como poss\u00edveis aditamentos;<\/span><\/li><li style=\"font-weight: 400\"><span style=\"font-weight: 400\">Realizar impugna\u00e7\u00f5es e ou contrarraz\u00f5es de relat\u00f3rios de visitas de avalia\u00e7\u00e3o externa;<\/span><\/li><li style=\"font-weight: 400\"><span style=\"font-weight: 400\">Preencher formul\u00e1rios referentes a Protocolos e Termos de Compromisso;<\/span><\/li><li style=\"font-weight: 400\"><span style=\"font-weight: 400\">Atender aos processos referentes \u00e0 Medidas Cautelares, Termos de Saneamento e Processos Administrativos;<\/span><\/li><li style=\"font-weight: 400\"><span style=\"font-weight: 400\">Acompanhar e validar os resultados de avalia\u00e7\u00f5es externas e seus indicadores;<\/span><\/li><li style=\"font-weight: 400\"><span style=\"font-weight: 400\">Preencher formul\u00e1rios eletr\u00f4nicos de avalia\u00e7\u00e3o;<\/span><\/li><li style=\"font-weight: 400\"><span style=\"font-weight: 400\">Responder \u00e0s dilig\u00eancias de processos;<\/span><\/li><li style=\"font-weight: 400\"><span style=\"font-weight: 400\">Instruir, protocolar e acompanhar os autos dos processos referentes recredenciamento presencial e recredenciamento EAD da institui\u00e7\u00e3o, bem como poss\u00edveis aditamentos;<\/span><\/li><li style=\"font-weight: 400\"><span style=\"font-weight: 400\">Acompanhar avalia\u00e7\u00f5es externas institucionais e de curso;<\/span><\/li><\/ul><p>2.\u00a0Responder pelo gerenciamento e operacionaliza\u00e7\u00e3o do sistema do Exame Nacional de Desempenho de Estudantes (ENADE);\u00a0<\/p><ul><li><span style=\"font-weight: 400\">Acompanhar integralmente o processo de ENADE;<\/span><\/li><li style=\"font-weight: 400\"><span style=\"font-weight: 400\">Acompanhar a legisla\u00e7\u00e3o e as quest\u00f5es regulat\u00f3rias (Portaria, Diretrizes de prova e Edital);<\/span><\/li><li style=\"font-weight: 400\"><span style=\"font-weight: 400\">Realizar atividades de enquadramento dos cursos avaliados;<\/span><\/li><li style=\"font-weight: 400\"><span style=\"font-weight: 400\">Acompanhar e orientar o cadastro das inscri\u00e7\u00f5es dos estudantes habilitados;<\/span><\/li><li style=\"font-weight: 400\"><span style=\"font-weight: 400\">Acompanhar o orientar o preenchimento dos question\u00e1rios do Estudante e do Coordenador;<\/span><\/li><li style=\"font-weight: 400\"><span style=\"font-weight: 400\">Acompanhar e orientar a realiza\u00e7\u00e3o das regulariza\u00e7\u00f5es e dispensa de estudantes;<\/span><\/li><li style=\"font-weight: 400\"><span style=\"font-weight: 400\">Acompanhar e realizar internamente a divulga\u00e7\u00e3o dos relat\u00f3rios dos cursos e da IES, bem como dos resultados.<\/span><\/li><\/ul><p><span style=\"font-weight: 400\">3. Validar e divulgar informa\u00e7\u00f5es sobre insumos e indicadores (CPC, ENADE, IDD e IGC);<\/span><\/p><p><span style=\"font-weight: 400\">4. Manter o cadastro dos cursos de p\u00f3s-gradua\u00e7\u00e3o<\/span><i><span style=\"font-weight: 400\"> lato-sensu<\/span><\/i><span style=\"font-weight: 400\"> no sistema e-MEC;\u00a0<\/span><\/p><p><span style=\"font-weight: 400\">5. Responder pelo gerenciamento\u00a0 do cadastro do Sistema Educacional Brasileiro (SEB).<\/span><\/p>\t\t\t\t\t\t<\/div>\n\t\t\t\t<\/div>\n\t\t\t\t\t<\/div>\n\t\t<\/div>\n\t\t\t\t\t<\/div>\n\t\t<\/section>\n\t\t\t\t<section class=\"elementor-section elementor-top-section elementor-element elementor-element-acb037f elementor-section-boxed elementor-section-height-default elementor-section-height-default\" data-id=\"acb037f\" data-element_type=\"section\" data-settings=\"{&quot;background_background&quot;:&quot;classic&quot;}\">\n\t\t\t\t\t\t<div class=\"elementor-container elementor-column-gap-default\">\n\t\t\t\t\t<div class=\"elementor-column elementor-col-100 elementor-top-column elementor-element elementor-element-af8eae9\" data-id=\"af8eae9\" data-element_type=\"column\">\n\t\t\t<div class=\"elementor-widget-wrap elementor-element-populated\">\n\t\t\t\t\t\t<div class=\"elementor-element elementor-element-1447ec2 elementor-widget elementor-widget-heading\" data-id=\"1447ec2\" data-element_type=\"widget\" data-widget_type=\"heading.default\">\n\t\t\t\t<div class=\"elementor-widget-container\">\n\t\t\t<h2 class=\"elementor-heading-title elementor-size-default\">Equipe<\/h2>\t\t<\/div>\n\t\t\t\t<\/div>\n\t\t\t\t\t<\/div>\n\t\t<\/div>\n\t\t\t\t\t<\/div>\n\t\t<\/section>\n\t\t\t\t<section class=\"elementor-section elementor-top-section elementor-element elementor-element-09b3756 elementor-section-boxed elementor-section-height-default elementor-section-height-default\" data-id=\"09b3756\" data-element_type=\"section\">\n\t\t\t\t\t\t<div class=\"elementor-container elementor-column-gap-default\">\n\t\t\t\t\t<div class=\"elementor-column elementor-col-100 elementor-top-column elementor-element elementor-element-b578cb5\" data-id=\"b578cb5\" data-element_type=\"column\">\n\t\t\t<div class=\"elementor-widget-wrap elementor-element-populated\">\n\t\t\t\t\t\t<div class=\"elementor-element elementor-element-f450d09 elementor-widget elementor-widget-text-editor\" data-id=\"f450d09\" data-element_type=\"widget\" data-widget_type=\"text-editor.default\">\n\t\t\t\t<div class=\"elementor-widget-container\">\n\t\t\t\t\t\t\t<p><span style=\"font-weight: 400\">Douglas Flores de Almeida &#8211; Procurador Educacional Institucional<\/span><\/p><p>Nadia Beatriz Casani Belinazo\u00a0<\/p>\t\t\t\t\t\t<\/div>\n\t\t\t\t<\/div>\n\t\t\t\t\t<\/div>\n\t\t<\/div>\n\t\t\t\t\t<\/div>\n\t\t<\/section>\n\t\t\t\t<section class=\"elementor-section elementor-top-section elementor-element elementor-element-54a93e0 elementor-section-boxed elementor-section-height-default elementor-section-height-default\" data-id=\"54a93e0\" data-element_type=\"section\" data-settings=\"{&quot;background_background&quot;:&quot;classic&quot;}\">\n\t\t\t\t\t\t<div class=\"elementor-container elementor-column-gap-default\">\n\t\t\t\t\t<div class=\"elementor-column elementor-col-100 elementor-top-column elementor-element elementor-element-2a8ebd3\" data-id=\"2a8ebd3\" data-element_type=\"column\">\n\t\t\t<div class=\"elementor-widget-wrap elementor-element-populated\">\n\t\t\t\t\t\t<div class=\"elementor-element elementor-element-0d194ae elementor-widget elementor-widget-heading\" data-id=\"0d194ae\" data-element_type=\"widget\" data-widget_type=\"heading.default\">\n\t\t\t\t<div class=\"elementor-widget-container\">\n\t\t\t<h3 class=\"elementor-heading-title elementor-size-default\">Links Importantes<\/h3>\t\t<\/div>\n\t\t\t\t<\/div>\n\t\t\t\t\t<\/div>\n\t\t<\/div>\n\t\t\t\t\t<\/div>\n\t\t<\/section>\n\t\t\t\t<section class=\"elementor-section elementor-top-section elementor-element elementor-element-4435ebe elementor-section-boxed elementor-section-height-default elementor-section-height-default\" data-id=\"4435ebe\" data-element_type=\"section\">\n\t\t\t\t\t\t<div class=\"elementor-container elementor-column-gap-default\">\n\t\t\t\t\t<div class=\"elementor-column elementor-col-20 elementor-top-column elementor-element elementor-element-68412cb\" data-id=\"68412cb\" data-element_type=\"column\">\n\t\t\t<div class=\"elementor-widget-wrap elementor-element-populated\">\n\t\t\t\t\t\t<div class=\"elementor-element elementor-element-139a222 elementor-view-default elementor-position-top elementor-mobile-position-top elementor-widget elementor-widget-icon-box\" data-id=\"139a222\" data-element_type=\"widget\" data-widget_type=\"icon-box.default\">\n\t\t\t\t<div class=\"elementor-widget-container\">\n\t\t\t\t\t<div class=\"elementor-icon-box-wrapper\">\n\n\t\t\t\t\t\t<div class=\"elementor-icon-box-icon\">\n\t\t\t\t<a href=\"https:\/\/www.ufsm.br\/pro-reitorias\/prograd\/nucleo-de-avaliacao-externa-e-regulacao\/enade-na-ufsm\" target=\"_blank\" class=\"elementor-icon elementor-animation-\" tabindex=\"-1\">\n\t\t\t\t<i aria-hidden=\"true\" class=\"fas fa-chart-line\"><\/i>\t\t\t\t<\/a>\n\t\t\t<\/div>\n\t\t\t\n\t\t\t\t\t\t<div class=\"elementor-icon-box-content\">\n\n\t\t\t\t\t\t\t\t\t<h3 class=\"elementor-icon-box-title\">\n\t\t\t\t\t\t<a href=\"https:\/\/www.ufsm.br\/pro-reitorias\/prograd\/nucleo-de-avaliacao-externa-e-regulacao\/enade-na-ufsm\" target=\"_blank\" >\n\t\t\t\t\t\t\tEnade\t\t\t\t\t\t<\/a>\n\t\t\t\t\t<\/h3>\n\t\t\t\t\n\t\t\t\t\n\t\t\t<\/div>\n\t\t\t\n\t\t<\/div>\n\t\t\t\t<\/div>\n\t\t\t\t<\/div>\n\t\t\t\t\t<\/div>\n\t\t<\/div>\n\t\t\t\t<div class=\"elementor-column elementor-col-20 elementor-top-column elementor-element elementor-element-ac74250\" data-id=\"ac74250\" data-element_type=\"column\">\n\t\t\t<div class=\"elementor-widget-wrap elementor-element-populated\">\n\t\t\t\t\t\t<div class=\"elementor-element elementor-element-e7e6bab elementor-view-default elementor-position-top elementor-mobile-position-top elementor-widget elementor-widget-icon-box\" data-id=\"e7e6bab\" data-element_type=\"widget\" data-widget_type=\"icon-box.default\">\n\t\t\t\t<div class=\"elementor-widget-container\">\n\t\t\t\t\t<div class=\"elementor-icon-box-wrapper\">\n\n\t\t\t\t\t\t<div class=\"elementor-icon-box-icon\">\n\t\t\t\t<a href=\"https:\/\/www.ufsm.br\/pro-reitorias\/prograd\/avaliacao-externa-de-cursos\" target=\"_blank\" class=\"elementor-icon elementor-animation-\" tabindex=\"-1\">\n\t\t\t\t<i aria-hidden=\"true\" class=\"fas fa-check\"><\/i>\t\t\t\t<\/a>\n\t\t\t<\/div>\n\t\t\t\n\t\t\t\t\t\t<div class=\"elementor-icon-box-content\">\n\n\t\t\t\t\t\t\t\t\t<h3 class=\"elementor-icon-box-title\">\n\t\t\t\t\t\t<a href=\"https:\/\/www.ufsm.br\/pro-reitorias\/prograd\/avaliacao-externa-de-cursos\" target=\"_blank\" >\n\t\t\t\t\t\t\tAvalia\u00e7\u00e3o Externa de Cursos\t\t\t\t\t\t<\/a>\n\t\t\t\t\t<\/h3>\n\t\t\t\t\n\t\t\t\t\t\t\t\t\t<p class=\"elementor-icon-box-description\">\n\t\t\t\t\t\t.\t\t\t\t\t<\/p>\n\t\t\t\t\n\t\t\t<\/div>\n\t\t\t\n\t\t<\/div>\n\t\t\t\t<\/div>\n\t\t\t\t<\/div>\n\t\t\t\t\t<\/div>\n\t\t<\/div>\n\t\t\t\t<div class=\"elementor-column elementor-col-20 elementor-top-column elementor-element elementor-element-a482c8c\" data-id=\"a482c8c\" data-element_type=\"column\">\n\t\t\t<div class=\"elementor-widget-wrap elementor-element-populated\">\n\t\t\t\t\t\t<div class=\"elementor-element elementor-element-c16a36a elementor-view-default elementor-position-top elementor-mobile-position-top elementor-widget elementor-widget-icon-box\" data-id=\"c16a36a\" data-element_type=\"widget\" data-widget_type=\"icon-box.default\">\n\t\t\t\t<div class=\"elementor-widget-container\">\n\t\t\t\t\t<div class=\"elementor-icon-box-wrapper\">\n\n\t\t\t\t\t\t<div class=\"elementor-icon-box-icon\">\n\t\t\t\t<a href=\"https:\/\/www.ufsm.br\/reitoria\/avaliacao\/\" target=\"_blank\" class=\"elementor-icon elementor-animation-\" tabindex=\"-1\">\n\t\t\t\t<i aria-hidden=\"true\" class=\"fas fa-clipboard-check\"><\/i>\t\t\t\t<\/a>\n\t\t\t<\/div>\n\t\t\t\n\t\t\t\t\t\t<div class=\"elementor-icon-box-content\">\n\n\t\t\t\t\t\t\t\t\t<h3 class=\"elementor-icon-box-title\">\n\t\t\t\t\t\t<a href=\"https:\/\/www.ufsm.br\/reitoria\/avaliacao\/\" target=\"_blank\" >\n\t\t\t\t\t\t\tAvalia\u00e7\u00e3o Institucional\t\t\t\t\t\t<\/a>\n\t\t\t\t\t<\/h3>\n\t\t\t\t\n\t\t\t\t\n\t\t\t<\/div>\n\t\t\t\n\t\t<\/div>\n\t\t\t\t<\/div>\n\t\t\t\t<\/div>\n\t\t\t\t\t<\/div>\n\t\t<\/div>\n\t\t\t\t<div class=\"elementor-column elementor-col-20 elementor-top-column elementor-element elementor-element-b3c0837\" data-id=\"b3c0837\" data-element_type=\"column\">\n\t\t\t<div class=\"elementor-widget-wrap elementor-element-populated\">\n\t\t\t\t\t\t<div class=\"elementor-element elementor-element-0dfae9b elementor-view-default elementor-position-top elementor-mobile-position-top elementor-widget elementor-widget-icon-box\" data-id=\"0dfae9b\" data-element_type=\"widget\" data-widget_type=\"icon-box.default\">\n\t\t\t\t<div class=\"elementor-widget-container\">\n\t\t\t\t\t<div class=\"elementor-icon-box-wrapper\">\n\n\t\t\t\t\t\t<div class=\"elementor-icon-box-icon\">\n\t\t\t\t<a href=\"https:\/\/www.ufsm.br\/pro-reitorias\/prograd\/nucleo-de-avaliacao-externa-e-regulacao\/legislacao-naer\/\" target=\"_blank\" class=\"elementor-icon elementor-animation-\" tabindex=\"-1\">\n\t\t\t\t<i aria-hidden=\"true\" class=\"far fa-file-alt\"><\/i>\t\t\t\t<\/a>\n\t\t\t<\/div>\n\t\t\t\n\t\t\t\t\t\t<div class=\"elementor-icon-box-content\">\n\n\t\t\t\t\t\t\t\t\t<h3 class=\"elementor-icon-box-title\">\n\t\t\t\t\t\t<a href=\"https:\/\/www.ufsm.br\/pro-reitorias\/prograd\/nucleo-de-avaliacao-externa-e-regulacao\/legislacao-naer\/\" target=\"_blank\" >\n\t\t\t\t\t\t\tLegisla\u00e7\u00e3o\t\t\t\t\t\t<\/a>\n\t\t\t\t\t<\/h3>\n\t\t\t\t\n\t\t\t\t\n\t\t\t<\/div>\n\t\t\t\n\t\t<\/div>\n\t\t\t\t<\/div>\n\t\t\t\t<\/div>\n\t\t\t\t\t<\/div>\n\t\t<\/div>\n\t\t\t\t<div class=\"elementor-column elementor-col-20 elementor-top-column elementor-element elementor-element-b56ed74\" data-id=\"b56ed74\" data-element_type=\"column\">\n\t\t\t<div class=\"elementor-widget-wrap elementor-element-populated\">\n\t\t\t\t\t\t<div class=\"elementor-element elementor-element-2a4514e elementor-view-default elementor-position-top elementor-mobile-position-top elementor-widget elementor-widget-icon-box\" data-id=\"2a4514e\" data-element_type=\"widget\" data-widget_type=\"icon-box.default\">\n\t\t\t\t<div class=\"elementor-widget-container\">\n\t\t\t\t\t<div class=\"elementor-icon-box-wrapper\">\n\n\t\t\t\t\t\t<div class=\"elementor-icon-box-icon\">\n\t\t\t\t<a href=\"https:\/\/www.ufsm.br\/pro-reitorias\/prograd\/nucleo-de-avaliacao-externa-e-regulacao\/recredenciamento-institucional\/\" target=\"_blank\" class=\"elementor-icon elementor-animation-\" tabindex=\"-1\">\n\t\t\t\t<i aria-hidden=\"true\" class=\"far fa-building\"><\/i>\t\t\t\t<\/a>\n\t\t\t<\/div>\n\t\t\t\n\t\t\t\t\t\t<div class=\"elementor-icon-box-content\">\n\n\t\t\t\t\t\t\t\t\t<h3 class=\"elementor-icon-box-title\">\n\t\t\t\t\t\t<a href=\"https:\/\/www.ufsm.br\/pro-reitorias\/prograd\/nucleo-de-avaliacao-externa-e-regulacao\/recredenciamento-institucional\/\" target=\"_blank\" >\n\t\t\t\t\t\t\tRecredenciamento Institucional\t\t\t\t\t\t<\/a>\n\t\t\t\t\t<\/h3>\n\t\t\t\t\n\t\t\t\t\n\t\t\t<\/div>\n\t\t\t\n\t\t<\/div>\n\t\t\t\t<\/div>\n\t\t\t\t<\/div>\n\t\t\t\t\t<\/div>\n\t\t<\/div>\n\t\t\t\t\t<\/div>\n\t\t<\/section>\n\t\t\t\t<section class=\"elementor-section elementor-top-section elementor-element elementor-element-1b05d7f elementor-section-boxed elementor-section-height-default elementor-section-height-default\" data-id=\"1b05d7f\" data-element_type=\"section\" data-settings=\"{&quot;background_background&quot;:&quot;classic&quot;}\">\n\t\t\t\t\t\t<div class=\"elementor-container elementor-column-gap-default\">\n\t\t\t\t\t<div class=\"elementor-column elementor-col-100 elementor-top-column elementor-element elementor-element-e87dad0\" data-id=\"e87dad0\" data-element_type=\"column\">\n\t\t\t<div class=\"elementor-widget-wrap elementor-element-populated\">\n\t\t\t\t\t\t<div class=\"elementor-element elementor-element-033c33e elementor-widget elementor-widget-heading\" data-id=\"033c33e\" data-element_type=\"widget\" data-widget_type=\"heading.default\">\n\t\t\t\t<div class=\"elementor-widget-container\">\n\t\t\t<h3 class=\"elementor-heading-title elementor-size-default\">Contato<\/h3>\t\t<\/div>\n\t\t\t\t<\/div>\n\t\t\t\t\t<\/div>\n\t\t<\/div>\n\t\t\t\t\t<\/div>\n\t\t<\/section>\n\t\t\t\t<section class=\"elementor-section elementor-top-section elementor-element elementor-element-5b9b136 elementor-section-boxed elementor-section-height-default elementor-section-height-default\" data-id=\"5b9b136\" data-element_type=\"section\">\n\t\t\t\t\t\t<div class=\"elementor-container elementor-column-gap-default\">\n\t\t\t\t\t<div class=\"elementor-column elementor-col-100 elementor-top-column elementor-element elementor-element-db0e570\" data-id=\"db0e570\" data-element_type=\"column\">\n\t\t\t<div class=\"elementor-widget-wrap elementor-element-populated\">\n\t\t\t\t\t\t<div class=\"elementor-element elementor-element-59362bb elementor-widget elementor-widget-text-editor\" data-id=\"59362bb\" data-element_type=\"widget\" data-widget_type=\"text-editor.default\">\n\t\t\t\t<div class=\"elementor-widget-container\">\n\t\t\t\t\t\t\t<p><b>Contatos<\/b><\/p><p><span style=\"font-weight: 400\">\u00a0pi@ufsm.br<\/span><\/p><p><span style=\"font-weight: 400\">(55) 3220 8280<\/span><\/p><p><span style=\"font-weight: 400\">Sala 204 &#8211; 2\u00ba andar &#8211; Pr\u00e9dio 48-D- PROGRAD<\/span><\/p>\t\t\t\t\t\t<\/div>\n\t\t\t\t<\/div>\n\t\t\t\t\t<\/div>\n\t\t<\/div>\n\t\t\t\t\t<\/div>\n\t\t<\/section>\n\t\t\t\t<\/div>\n\t\t","protected":false},"excerpt":{"rendered":"<p>N\u00facleo de Avalia\u00e7\u00e3o Externa e Regula\u00e7\u00e3o O N\u00facleo de Avalia\u00e7\u00e3o Externa e Regula\u00e7\u00e3o (NAER-PROGRAD) possu\u00ed como atribui\u00e7\u00e3o principal\u00a0 coordenar e operacionalizar os processos de avalia\u00e7\u00e3o externa, regula\u00e7\u00e3o e supervis\u00e3o de cursos de gradua\u00e7\u00e3o no \u00e2mbito da UFSM. O n\u00facleo est\u00e1 sob chefia do Procurador Educacional Institucional (PEI), o qual atua na interlocu\u00e7\u00e3o entre a Institui\u00e7\u00e3o [&hellip;]<\/p>\n","protected":false},"author":278,"featured_media":0,"parent":0,"menu_order":0,"comment_status":"closed","ping_status":"closed","template":"","meta":{"footnotes":""},"categories":[],"tags":[],"class_list":["post-17603","page","type-page","status-publish","hentry"],"acf":[],"_links":{"self":[{"href":"https:\/\/www.ufsm.br\/pro-reitorias\/prograd\/wp-json\/wp\/v2\/pages\/17603","targetHints":{"allow":["GET"]}}],"collection":[{"href":"https:\/\/www.ufsm.br\/pro-reitorias\/prograd\/wp-json\/wp\/v2\/pages"}],"about":[{"href":"https:\/\/www.ufsm.br\/pro-reitorias\/prograd\/wp-json\/wp\/v2\/types\/page"}],"author":[{"embeddable":true,"href":"https:\/\/www.ufsm.br\/pro-reitorias\/prograd\/wp-json\/wp\/v2\/users\/278"}],"replies":[{"embeddable":true,"href":"https:\/\/www.ufsm.br\/pro-reitorias\/prograd\/wp-json\/wp\/v2\/comments?post=17603"}],"version-history":[{"count":0,"href":"https:\/\/www.ufsm.br\/pro-reitorias\/prograd\/wp-json\/wp\/v2\/pages\/17603\/revisions"}],"wp:attachment":[{"href":"https:\/\/www.ufsm.br\/pro-reitorias\/prograd\/wp-json\/wp\/v2\/media?parent=17603"}],"wp:term":[{"taxonomy":"category","embeddable":true,"href":"https:\/\/www.ufsm.br\/pro-reitorias\/prograd\/wp-json\/wp\/v2\/categories?post=17603"},{"taxonomy":"post_tag","embeddable":true,"href":"https:\/\/www.ufsm.br\/pro-reitorias\/prograd\/wp-json\/wp\/v2\/tags?post=17603"}],"curies":[{"name":"wp","href":"https:\/\/api.w.org\/{rel}","templated":true}]}}