{"id":17621,"date":"2021-06-22T11:04:51","date_gmt":"2021-06-22T14:04:51","guid":{"rendered":"https:\/\/www.ufsm.br\/pro-reitorias\/prograd\/?page_id=17621"},"modified":"2026-04-07T15:32:37","modified_gmt":"2026-04-07T18:32:37","slug":"tutoriais","status":"publish","type":"page","link":"https:\/\/www.ufsm.br\/pro-reitorias\/prograd\/tutoriais","title":{"rendered":"Tutoriais"},"content":{"rendered":"\t\t<div data-elementor-type=\"wp-page\" data-elementor-id=\"17621\" class=\"elementor elementor-17621\">\n\t\t\t\t\t\t<section class=\"elementor-section elementor-top-section elementor-element elementor-element-9e89343 elementor-section-boxed elementor-section-height-default elementor-section-height-default\" data-id=\"9e89343\" data-element_type=\"section\" data-settings=\"{&quot;background_background&quot;:&quot;classic&quot;}\">\n\t\t\t\t\t\t<div class=\"elementor-container elementor-column-gap-default\">\n\t\t\t\t\t<div class=\"elementor-column elementor-col-100 elementor-top-column elementor-element elementor-element-ddaa16b\" data-id=\"ddaa16b\" data-element_type=\"column\">\n\t\t\t<div class=\"elementor-widget-wrap elementor-element-populated\">\n\t\t\t\t\t\t<div class=\"elementor-element elementor-element-bfbe93f elementor-widget elementor-widget-heading\" data-id=\"bfbe93f\" data-element_type=\"widget\" data-widget_type=\"heading.default\">\n\t\t\t\t<div class=\"elementor-widget-container\">\n\t\t\t<h1 class=\"elementor-heading-title elementor-size-default\">Guias e Tutoriais<\/h1>\t\t<\/div>\n\t\t\t\t<\/div>\n\t\t\t\t\t<\/div>\n\t\t<\/div>\n\t\t\t\t\t<\/div>\n\t\t<\/section>\n\t\t\t\t<section class=\"elementor-section elementor-top-section elementor-element elementor-element-ed751f0 elementor-section-boxed elementor-section-height-default elementor-section-height-default\" data-id=\"ed751f0\" data-element_type=\"section\">\n\t\t\t\t\t\t<div class=\"elementor-container elementor-column-gap-default\">\n\t\t\t\t\t<div class=\"elementor-column elementor-col-100 elementor-top-column elementor-element elementor-element-5c1318a\" data-id=\"5c1318a\" data-element_type=\"column\">\n\t\t\t<div class=\"elementor-widget-wrap elementor-element-populated\">\n\t\t\t\t\t\t<div class=\"elementor-element elementor-element-f654667 elementor-icon-list--layout-inline elementor-widget__width-initial elementor-list-item-link-full_width elementor-widget elementor-widget-icon-list\" data-id=\"f654667\" data-element_type=\"widget\" data-widget_type=\"icon-list.default\">\n\t\t\t\t<div class=\"elementor-widget-container\">\n\t\t\t\t\t<ul class=\"elementor-icon-list-items elementor-inline-items\">\n\t\t\t\t\t\t\t<li class=\"elementor-icon-list-item elementor-inline-item\">\n\t\t\t\t\t\t\t\t\t\t\t<a href=\"https:\/\/www.ufsm.br\/pro-reitorias\/prograd\/guia-estudantil-ufsm\">\n\n\t\t\t\t\t\t\t\t\t\t\t\t<span class=\"elementor-icon-list-icon\">\n\t\t\t\t\t\t\t<i aria-hidden=\"true\" class=\"fas fa-check\"><\/i>\t\t\t\t\t\t<\/span>\n\t\t\t\t\t\t\t\t\t\t<span class=\"elementor-icon-list-text\">Guia Estudantil UFSM 2025<\/span>\n\t\t\t\t\t\t\t\t\t\t\t<\/a>\n\t\t\t\t\t\t\t\t\t<\/li>\n\t\t\t\t\t\t\t\t<li class=\"elementor-icon-list-item elementor-inline-item\">\n\t\t\t\t\t\t\t\t\t\t\t<a href=\"https:\/\/www.ufsm.br\/app\/uploads\/sites\/342\/2019\/06\/Guia_UFSM_2019_Finalizado_9MB-1.pdf\">\n\n\t\t\t\t\t\t\t\t\t\t\t\t<span class=\"elementor-icon-list-icon\">\n\t\t\t\t\t\t\t<i aria-hidden=\"true\" class=\"fas fa-check\"><\/i>\t\t\t\t\t\t<\/span>\n\t\t\t\t\t\t\t\t\t\t<span class=\"elementor-icon-list-text\">Guia Acad\u00eamico - 2019<\/span>\n\t\t\t\t\t\t\t\t\t\t\t<\/a>\n\t\t\t\t\t\t\t\t\t<\/li>\n\t\t\t\t\t\t\t\t<li class=\"elementor-icon-list-item elementor-inline-item\">\n\t\t\t\t\t\t\t\t\t\t\t<a href=\"https:\/\/www.ufsm.br\/app\/uploads\/sites\/342\/2020\/09\/Cartilha-Resumo-REDE.pdf\">\n\n\t\t\t\t\t\t\t\t\t\t\t\t<span class=\"elementor-icon-list-icon\">\n\t\t\t\t\t\t\t<i aria-hidden=\"true\" class=\"fas fa-check\"><\/i>\t\t\t\t\t\t<\/span>\n\t\t\t\t\t\t\t\t\t\t<span class=\"elementor-icon-list-text\">Cartilha REDE<\/span>\n\t\t\t\t\t\t\t\t\t\t\t<\/a>\n\t\t\t\t\t\t\t\t\t<\/li>\n\t\t\t\t\t\t\t\t<li class=\"elementor-icon-list-item elementor-inline-item\">\n\t\t\t\t\t\t\t\t\t\t\t<a href=\"https:\/\/www.ufsm.br\/app\/uploads\/sites\/342\/2018\/05\/guiadacoordena%C3%A7%C3%A3odocurso.pdf\">\n\n\t\t\t\t\t\t\t\t\t\t\t\t<span class=\"elementor-icon-list-icon\">\n\t\t\t\t\t\t\t<i aria-hidden=\"true\" class=\"fas fa-check\"><\/i>\t\t\t\t\t\t<\/span>\n\t\t\t\t\t\t\t\t\t\t<span class=\"elementor-icon-list-text\">Guia da Coordena\u00e7\u00e3o de Curso<\/span>\n\t\t\t\t\t\t\t\t\t\t\t<\/a>\n\t\t\t\t\t\t\t\t\t<\/li>\n\t\t\t\t\t\t\t\t<li class=\"elementor-icon-list-item elementor-inline-item\">\n\t\t\t\t\t\t\t\t\t\t\t<a href=\"https:\/\/www.ufsm.br\/manual-de-sobrevivencia-para-estudantes\/\">\n\n\t\t\t\t\t\t\t\t\t\t\t\t<span class=\"elementor-icon-list-icon\">\n\t\t\t\t\t\t\t<i aria-hidden=\"true\" class=\"fas fa-check\"><\/i>\t\t\t\t\t\t<\/span>\n\t\t\t\t\t\t\t\t\t\t<span class=\"elementor-icon-list-text\">Manual de Sobreviv\u00eancia para Estudantes - 2022<\/span>\n\t\t\t\t\t\t\t\t\t\t\t<\/a>\n\t\t\t\t\t\t\t\t\t<\/li>\n\t\t\t\t\t\t\t\t<li class=\"elementor-icon-list-item elementor-inline-item\">\n\t\t\t\t\t\t\t\t\t\t\t<a href=\"https:\/\/www.ufsm.br\/manual-de-sobrevivencia-para-estudantes\/\">\n\n\t\t\t\t\t\t\t\t\t\t\t\t<span class=\"elementor-icon-list-icon\">\n\t\t\t\t\t\t\t<i aria-hidden=\"true\" class=\"fas fa-check\"><\/i>\t\t\t\t\t\t<\/span>\n\t\t\t\t\t\t\t\t\t\t<span class=\"elementor-icon-list-text\">Manual de Sobreviv\u00eancia para Estudantes - 2022<\/span>\n\t\t\t\t\t\t\t\t\t\t\t<\/a>\n\t\t\t\t\t\t\t\t\t<\/li>\n\t\t\t\t\t\t\t\t<li class=\"elementor-icon-list-item elementor-inline-item\">\n\t\t\t\t\t\t\t\t\t\t\t<a href=\"https:\/\/www.ufsm.br\/pro-reitorias\/prograd\/cofre-corem\/solicitacao-de-cancelamento-de-curso\">\n\n\t\t\t\t\t\t\t\t\t\t\t\t<span class=\"elementor-icon-list-icon\">\n\t\t\t\t\t\t\t<i aria-hidden=\"true\" class=\"fas fa-check\"><\/i>\t\t\t\t\t\t<\/span>\n\t\t\t\t\t\t\t\t\t\t<span class=\"elementor-icon-list-text\">Cancelamento de curso<\/span>\n\t\t\t\t\t\t\t\t\t\t\t<\/a>\n\t\t\t\t\t\t\t\t\t<\/li>\n\t\t\t\t\t\t<\/ul>\n\t\t\t\t<\/div>\n\t\t\t\t<\/div>\n\t\t\t\t\t<\/div>\n\t\t<\/div>\n\t\t\t\t\t<\/div>\n\t\t<\/section>\n\t\t\t\t<section class=\"elementor-section elementor-top-section elementor-element elementor-element-7e687a5 elementor-section-boxed elementor-section-height-default elementor-section-height-default\" data-id=\"7e687a5\" data-element_type=\"section\" data-settings=\"{&quot;background_background&quot;:&quot;classic&quot;}\">\n\t\t\t\t\t\t<div class=\"elementor-container elementor-column-gap-default\">\n\t\t\t\t\t<div class=\"elementor-column elementor-col-100 elementor-top-column elementor-element elementor-element-060a10e\" data-id=\"060a10e\" data-element_type=\"column\">\n\t\t\t<div class=\"elementor-widget-wrap elementor-element-populated\">\n\t\t\t\t\t\t<div class=\"elementor-element elementor-element-1224acd elementor-widget elementor-widget-heading\" data-id=\"1224acd\" data-element_type=\"widget\" data-widget_type=\"heading.default\">\n\t\t\t\t<div class=\"elementor-widget-container\">\n\t\t\t<h2 class=\"elementor-heading-title elementor-size-default\">Tutoriais<\/h2>\t\t<\/div>\n\t\t\t\t<\/div>\n\t\t\t\t\t<\/div>\n\t\t<\/div>\n\t\t\t\t\t<\/div>\n\t\t<\/section>\n\t\t\t\t<section class=\"elementor-section elementor-top-section elementor-element elementor-element-6ea4c8b elementor-section-boxed elementor-section-height-default elementor-section-height-default\" data-id=\"6ea4c8b\" data-element_type=\"section\">\n\t\t\t\t\t\t<div class=\"elementor-container elementor-column-gap-default\">\n\t\t\t\t\t<div class=\"elementor-column elementor-col-100 elementor-top-column elementor-element elementor-element-e07f059\" data-id=\"e07f059\" data-element_type=\"column\">\n\t\t\t<div class=\"elementor-widget-wrap elementor-element-populated\">\n\t\t\t\t\t\t<div class=\"elementor-element elementor-element-e677ecd elementor-widget__width-initial elementor-widget elementor-widget-text-editor\" data-id=\"e677ecd\" data-element_type=\"widget\" data-widget_type=\"text-editor.default\">\n\t\t\t\t<div class=\"elementor-widget-container\">\n\t\t\t\t\t\t\t<p><b>TUTORIAIS PARA EXTENS\u00c3O<br \/><\/b><strong><a href=\"https:\/\/www.ufsm.br\/app\/uploads\/sites\/342\/2025\/04\/Cadastro-e-configuracoes-de-ACEX-pelo-Portal-Academico-as-Coordenacoes-de-Curso.pdf\"><u>Cadastro e configura\u00e7\u00f5es de ACEX pelo Portal Acad\u00eamico \u00e0s Coordena\u00e7\u00f5es de Curso<\/u><\/a><br \/><\/strong><u><a style=\"font-weight: bolder;color: #1a3d73\" href=\"https:\/\/www.ufsm.br\/app\/uploads\/sites\/342\/2025\/04\/Solicitacao-de-ACEX-pelo-Portal-Estudantil-1.pdf\">Solicita\u00e7\u00e3o de ACEX pelo Portal Estudantil<\/a><br \/><a style=\"font-size: 16px;font-weight: bolder;color: #204c90\" href=\"https:\/\/acrobat.adobe.com\/id\/urn:aaid:sc:us:bf46f812-2022-4b23-bc8a-df4fcdc5f1c8\">V\u00ednculo de alunos de disciplinas com carga hor\u00e1ria extensionista em Projetos de Extens\u00e3o<\/a><\/u><\/p><p style=\"font-size: 16px\"><b style=\"font-size: 16px\"><span style=\"color: #000000\"><span style=\"color: #000000\"><br \/>TUTORIAIS PARA ACG<br \/><\/span><\/span><\/b><a style=\"color: #1a3d73;font-size: 16px;font-weight: bolder\" href=\"https:\/\/www.ufsm.br\/pro-reitorias\/prograd\/cofre-corem\/solicitacao-de-registro-de-acg\/\"><u>Solicita\u00e7\u00e3o de registro de ACG<\/u><\/a><\/p><p style=\"font-size: 16px\"><span style=\"font-size: 16px;font-weight: bold\"><br \/><span style=\"color: #000000\">TUTORIAIS PARA DISPENSA DE DISCIPLINAS<br \/><\/span><\/span><b style=\"font-size: 16px\"><span style=\"font-size: 16px\"><span style=\"color: #005c8b\"><u>Tutorial de Lan\u00e7amento de Dispensa Autom\u00e1tica de Disciplinas pelos Cursos de Gradua\u00e7\u00e3o <\/u><\/span><\/span><\/b><a style=\"font-size: 16px\" href=\"https:\/\/www.ufsm.br\/pro-reitorias\/prograd\/cofre-corem\/dispensa-de-disciplinas-aluno\/\"><b><u>Dispensa de Disciplinas \u2013 Aluno<\/u><\/b><\/a><\/p><div>\u00a0<\/div><div><br \/><span style=\"color: #000000;font-size: 16px;font-weight: bold\">TUTORIAIS PARA CURR\u00cdCULO DE CURSO<\/span><\/div><p><strong><a href=\"https:\/\/www.ufsm.br\/pro-reitorias\/prograd\/code\/criacao-ajuste-e-reforma-de-de-projetos-pedagogicos-de-curso-ppc\/\">Cria\u00e7\u00e3o, ajuste e reforma de de Projetos Pedag\u00f3gicos de curso (PPC)<\/a><u><br \/><\/u><\/strong><a style=\"font-size: 16px;font-weight: bolder;color: #204c90\" href=\"https:\/\/www.ufsm.br\/pro-reitorias\/prograd\/cofre-corem\/adaptacao-curricular\/\"><u>Adapta\u00e7\u00e3o Curricular<\/u><\/a><\/p><p>\u00a0<\/p><div style=\"color: #000000;font-size: 16px\"><span style=\"color: #000000;font-size: 16px;font-weight: bold\">TUTORIAIS PARA OFERTA DE DISCIPLINAS<\/span><\/div><div><a style=\"font-size: 1rem\" href=\"https:\/\/www.ufsm.br\/pro-reitorias\/prograd\/encargos-didaticos\/\"><b>Encargos did\u00e1ticos<\/b><\/a><\/div><p><strong><a href=\"https:\/\/www.ufsm.br\/pro-reitorias\/prograd\/tutoriais\/orientacoes-portal-do-professor\/\">Orienta\u00e7\u00f5es para Portal do Professor<\/a><u><br \/><\/u><\/strong><strong style=\"color: #000000;font-size: 1rem\"><u><a href=\"https:\/\/www.ufsm.br\/pro-reitorias\/prograd\/cofre-corem\/oferta-de-disciplinas\/\">Oferta de disciplinas<\/a><br \/><\/u><\/strong><a style=\"font-size: 1rem\" href=\"https:\/\/www.ufsm.br\/pro-reitorias\/prograd\/code\/plano-de-ensino\/\"><strong>Plano de Ensino<\/strong><\/a><br \/><a style=\"font-size: 1rem\" href=\"https:\/\/www.ufsm.br\/app\/uploads\/sites\/342\/2023\/05\/Portal_Academico-Agrupamento_de_horarios_e-designacao_de_docentes.pdf\" target=\"_blank\" rel=\"noopener\"><strong>Portal Acad\u00eamico &#8211; agrupamento de hor\u00e1rios e designa\u00e7\u00e3o de docentes<\/strong><\/a><\/p><div style=\"color: #000000;font-size: 16px\"><span style=\"color: #000000;font-size: 16px;font-weight: bold\">TUTORIAIS PARA DIPLOMA DIGITAL<\/span><\/div><p><span style=\"text-decoration: underline\"><strong><a href=\"https:\/\/www.ufsm.br\/app\/uploads\/sites\/342\/2024\/07\/Manual-do-Diploma-Digital-da-UFSM-para-Coordenacoes-e-Secretarias-de-Curso-de-Graduacao.pdf\">Manual do Diploma Digital da UFSM para Coordena\u00e7\u00f5es e Secretarias de Curso de Gradua\u00e7\u00e3o<\/a><\/strong><\/span><\/p>\t\t\t\t\t\t<\/div>\n\t\t\t\t<\/div>\n\t\t\t\t\t<\/div>\n\t\t<\/div>\n\t\t\t\t\t<\/div>\n\t\t<\/section>\n\t\t\t\t<\/div>\n\t\t","protected":false},"excerpt":{"rendered":"<p>Guias e Tutoriais Guia Estudantil UFSM 2025 Guia Acad\u00eamico &#8211; 2019 Cartilha REDE Guia da Coordena\u00e7\u00e3o de Curso Manual de Sobreviv\u00eancia para Estudantes &#8211; 2022 Manual de Sobreviv\u00eancia para Estudantes &#8211; 2022 Cancelamento de curso Tutoriais TUTORIAIS PARA EXTENS\u00c3OCadastro e configura\u00e7\u00f5es de ACEX pelo Portal Acad\u00eamico \u00e0s Coordena\u00e7\u00f5es de CursoSolicita\u00e7\u00e3o de ACEX pelo Portal EstudantilV\u00ednculo [&hellip;]<\/p>\n","protected":false},"author":278,"featured_media":0,"parent":0,"menu_order":0,"comment_status":"closed","ping_status":"closed","template":"","meta":{"footnotes":""},"categories":[],"tags":[],"class_list":["post-17621","page","type-page","status-publish","hentry"],"acf":[],"_links":{"self":[{"href":"https:\/\/www.ufsm.br\/pro-reitorias\/prograd\/wp-json\/wp\/v2\/pages\/17621","targetHints":{"allow":["GET"]}}],"collection":[{"href":"https:\/\/www.ufsm.br\/pro-reitorias\/prograd\/wp-json\/wp\/v2\/pages"}],"about":[{"href":"https:\/\/www.ufsm.br\/pro-reitorias\/prograd\/wp-json\/wp\/v2\/types\/page"}],"author":[{"embeddable":true,"href":"https:\/\/www.ufsm.br\/pro-reitorias\/prograd\/wp-json\/wp\/v2\/users\/278"}],"replies":[{"embeddable":true,"href":"https:\/\/www.ufsm.br\/pro-reitorias\/prograd\/wp-json\/wp\/v2\/comments?post=17621"}],"version-history":[{"count":0,"href":"https:\/\/www.ufsm.br\/pro-reitorias\/prograd\/wp-json\/wp\/v2\/pages\/17621\/revisions"}],"wp:attachment":[{"href":"https:\/\/www.ufsm.br\/pro-reitorias\/prograd\/wp-json\/wp\/v2\/media?parent=17621"}],"wp:term":[{"taxonomy":"category","embeddable":true,"href":"https:\/\/www.ufsm.br\/pro-reitorias\/prograd\/wp-json\/wp\/v2\/categories?post=17621"},{"taxonomy":"post_tag","embeddable":true,"href":"https:\/\/www.ufsm.br\/pro-reitorias\/prograd\/wp-json\/wp\/v2\/tags?post=17621"}],"curies":[{"name":"wp","href":"https:\/\/api.w.org\/{rel}","templated":true}]}}