{"id":17891,"date":"2021-07-15T18:16:41","date_gmt":"2021-07-15T21:16:41","guid":{"rendered":"https:\/\/www.ufsm.br\/pro-reitorias\/prograd\/?page_id=17891"},"modified":"2024-01-24T14:07:00","modified_gmt":"2024-01-24T17:07:00","slug":"comissao-fiscal","status":"publish","type":"page","link":"https:\/\/www.ufsm.br\/pro-reitorias\/prograd\/processos-seletivos-internos\/comissao-fiscal","title":{"rendered":"Comiss\u00e3o Fiscal"},"content":{"rendered":"<h1>Comiss\u00e3o Fiscal<\/h1>\n<p>Esta sele\u00e7\u00e3o constitui, mediante sorteio eletr\u00f4nico, a Comiss\u00e3o Fiscal, formada por servidores e servidoras da UFSM, que realiza a fiscaliza\u00e7\u00e3o de processos seletivos, concursos e processos correlatos virtuais ou presenciais. \u00c0s vezes os editais s\u00e3o tamb\u00e9m direcionados a alunos(as) de gradua\u00e7\u00e3o ou de p\u00f3s-gradua\u00e7\u00e3o da UFSM.<\/p>\n<h2>Editais vigentes<\/h2>\n<p><a href=\"https:\/\/www.ufsm.br\/pro-reitorias\/prograd\/editais\/011-2024\" target=\"_blank\" rel=\"noopener\"><strong>Edital 011\/2024-Prograd<\/strong><\/a> \u2013 Sele\u00e7\u00e3o de alunos(as) ind\u00edgenas da UFSM para atua\u00e7\u00e3o como bolsistas no aux\u00edlio ao Processo Seletivo Ind\u00edgena 2024<\/p>\n<p><a href=\"https:\/\/www.ufsm.br\/pro-reitorias\/prograd\/editais\/007-2024\" target=\"_blank\" rel=\"noopener\"><strong>Edital 007\/2024-Prograd<\/strong><\/a> \u2013 Sele\u00e7\u00e3o de Colaboradores(as) para a Comiss\u00e3o de Confirma\u00e7\u00e3o de vaga no Processo Seletivo de Ingresso de Pessoas Transg\u00eanero UFSM 2024<\/p>\n<p><a href=\"https:\/\/www.ufsm.br\/pro-reitorias\/prograd\/editais\/006-2024\" target=\"_blank\" rel=\"noopener\"><strong>Edital 006\/2024-Prograd<\/strong><\/a> \u2013 Sele\u00e7\u00e3o para Comiss\u00e3o de Fiscaliza\u00e7\u00e3o do Processo Seletivo Ind\u00edgena UFSM 2024 e Processo Seletivo do Programa Especial de Gradua\u00e7\u00e3o de Forma\u00e7\u00e3o de Professores para a Educa\u00e7\u00e3o Profissional (PEG 2024\/1)<\/p>\n<p><a href=\"https:\/\/www.ufsm.br\/pro-reitorias\/prograd\/editais\/005-2024\" target=\"_blank\" rel=\"noopener\"><strong>Edital 005\/2024-Prograd<\/strong><\/a> \u2013 Sele\u00e7\u00e3o para Colaboradores(as) nas Comiss\u00f5es do Processo de Confirma\u00e7\u00e3o de Vaga dos Col\u00e9gios da UFSM 2024<\/p>\n<p><a href=\"https:\/\/www.ufsm.br\/pro-reitorias\/prograd\/editais\/003-2024\" target=\"_blank\" rel=\"noopener\"><strong>Edital 003\/2024-Prograd<\/strong><\/a> \u2013 Sele\u00e7\u00e3o de Comiss\u00e3o de Fiscaliza\u00e7\u00e3o para Concurso P\u00fablico de Cargos T\u00e9cnico-Administrativos em Educa\u00e7\u00e3o Progep<\/p>\n<p><a href=\"https:\/\/www.ufsm.br\/pro-reitorias\/prograd\/editais\/001-2024\" target=\"_blank\" rel=\"noopener\"><strong>Edital 001\/2024-Prograd<\/strong><\/a> \u2013 <strong><a href=\"https:\/\/prograd.ufsm.br\/fiscalizacao\/\">Realizar inscri\u00e7\u00e3o<\/a><\/strong> &#8211; Sele\u00e7\u00e3o de Comiss\u00e3o de Fiscaliza\u00e7\u00e3o para os Processos Seletivos Seriado 2024 e Vestibular UFSM 2024<\/p>\n<p><a href=\"https:\/\/www.ufsm.br\/pro-reitorias\/prograd\/editais\/135-2023\" target=\"_blank\" rel=\"noopener\"><strong>Edital 135\/2023-Prograd<\/strong><\/a> \u2013 Sele\u00e7\u00e3o de Comiss\u00e3o de Fiscaliza\u00e7\u00e3o para os Processos Seletivos dos Col\u00e9gios da UFSM 2024<\/p>\n<p><a href=\"https:\/\/www.ufsm.br\/pro-reitorias\/prograd\/editais\/064-2023\" target=\"_blank\" rel=\"noopener\"><strong>Edital 064\/2023-Prograd<\/strong><\/a> \u2013 Sele\u00e7\u00e3o de Alunos(as) de P\u00f3s-Gradua\u00e7\u00e3o da UFSM para atua\u00e7\u00e3o na Comiss\u00e3o Fiscal do Processo Seletivo Vestibular Extraordin\u00e1rio UFSM 2023<\/p>\n<p><a href=\"https:\/\/www.ufsm.br\/pro-reitorias\/prograd\/editais\/062-2023\" target=\"_blank\" rel=\"noopener\"><strong>Edital 062\/2023-Prograd<\/strong><\/a> \u2013 Sele\u00e7\u00e3o de Servidoras e Servidores da UFSM para a Comiss\u00e3o Fiscal do Processo Seletivo Vestibular Extraordin\u00e1rio UFSM 2023<\/p>\n<p><strong><a href=\"https:\/\/www.ufsm.br\/pro-reitorias\/prograd\/editais\/061-2022\/\" target=\"_blank\" rel=\"noopener\">Edital 061\/2022-Prograd<\/a><\/strong>\u2013 Sele\u00e7\u00e3o de servidoras e servidores para Comiss\u00e3o Fiscal das provas presenciais de processos seletivos, concursos e processos correlatos em 2023<\/p>\n<p><strong>Editais Anteriores:<\/strong><\/p>\n<p><a href=\"https:\/\/www.ufsm.br\/pro-reitorias\/prograd\/editais\/024-2023\" target=\"_blank\" rel=\"noopener\"><strong>Edital 024\/2023-Prograd<\/strong><\/a> &#8211; Sele\u00e7\u00e3o de Alunos(as) de P\u00f3s-Gradua\u00e7\u00e3o da UFSM para atua\u00e7\u00e3o na Comiss\u00e3o Fiscal de Concurso P\u00fablico para TAE<\/p>\n<p><a href=\"https:\/\/www.ufsm.br\/pro-reitorias\/prograd\/editais\/010-2023\"><strong>Edital 010\/2023-Prograd <\/strong><\/a>&#8211; Sele\u00e7\u00e3o de Comiss\u00e3o Fiscal para Concurso P\u00fablico de Cargos T\u00e9cnico-Administrativos em Educa\u00e7\u00e3o &#8211; PROGEP\/UFSM<\/p>\n","protected":false},"excerpt":{"rendered":"<p>Comiss\u00e3o Fiscal Esta sele\u00e7\u00e3o constitui, mediante sorteio eletr\u00f4nico, a Comiss\u00e3o Fiscal, formada por servidores e servidoras da UFSM, que realiza a fiscaliza\u00e7\u00e3o de processos seletivos, concursos e processos correlatos virtuais ou presenciais. \u00c0s vezes os editais s\u00e3o tamb\u00e9m direcionados a alunos(as) de gradua\u00e7\u00e3o ou de p\u00f3s-gradua\u00e7\u00e3o da UFSM. Editais vigentes Edital 011\/2024-Prograd \u2013 Sele\u00e7\u00e3o de [&hellip;]<\/p>\n","protected":false},"author":278,"featured_media":0,"parent":17882,"menu_order":0,"comment_status":"closed","ping_status":"closed","template":"","meta":{"footnotes":""},"categories":[],"tags":[],"class_list":["post-17891","page","type-page","status-publish","hentry"],"acf":[],"_links":{"self":[{"href":"https:\/\/www.ufsm.br\/pro-reitorias\/prograd\/wp-json\/wp\/v2\/pages\/17891","targetHints":{"allow":["GET"]}}],"collection":[{"href":"https:\/\/www.ufsm.br\/pro-reitorias\/prograd\/wp-json\/wp\/v2\/pages"}],"about":[{"href":"https:\/\/www.ufsm.br\/pro-reitorias\/prograd\/wp-json\/wp\/v2\/types\/page"}],"author":[{"embeddable":true,"href":"https:\/\/www.ufsm.br\/pro-reitorias\/prograd\/wp-json\/wp\/v2\/users\/278"}],"replies":[{"embeddable":true,"href":"https:\/\/www.ufsm.br\/pro-reitorias\/prograd\/wp-json\/wp\/v2\/comments?post=17891"}],"version-history":[{"count":0,"href":"https:\/\/www.ufsm.br\/pro-reitorias\/prograd\/wp-json\/wp\/v2\/pages\/17891\/revisions"}],"up":[{"embeddable":true,"href":"https:\/\/www.ufsm.br\/pro-reitorias\/prograd\/wp-json\/wp\/v2\/pages\/17882"}],"wp:attachment":[{"href":"https:\/\/www.ufsm.br\/pro-reitorias\/prograd\/wp-json\/wp\/v2\/media?parent=17891"}],"wp:term":[{"taxonomy":"category","embeddable":true,"href":"https:\/\/www.ufsm.br\/pro-reitorias\/prograd\/wp-json\/wp\/v2\/categories?post=17891"},{"taxonomy":"post_tag","embeddable":true,"href":"https:\/\/www.ufsm.br\/pro-reitorias\/prograd\/wp-json\/wp\/v2\/tags?post=17891"}],"curies":[{"name":"wp","href":"https:\/\/api.w.org\/{rel}","templated":true}]}}