{"id":21761,"date":"2023-12-01T16:13:53","date_gmt":"2023-12-01T19:13:53","guid":{"rendered":"https:\/\/www.ufsm.br\/pro-reitorias\/prograd\/?page_id=21761"},"modified":"2023-12-01T16:26:27","modified_gmt":"2023-12-01T19:26:27","slug":"nova-lei-de-cotas","status":"publish","type":"page","link":"https:\/\/www.ufsm.br\/pro-reitorias\/prograd\/ingresse-na-ufsm\/nova-lei-de-cotas","title":{"rendered":"Nova Lei de Cotas"},"content":{"rendered":"\t\t<div data-elementor-type=\"wp-page\" data-elementor-id=\"21761\" class=\"elementor elementor-21761\">\n\t\t\t\t\t\t<section class=\"elementor-section elementor-top-section elementor-element elementor-element-e34a530 elementor-section-boxed elementor-section-height-default elementor-section-height-default\" data-id=\"e34a530\" data-element_type=\"section\" data-settings=\"{&quot;background_background&quot;:&quot;classic&quot;}\">\n\t\t\t\t\t\t<div class=\"elementor-container elementor-column-gap-default\">\n\t\t\t\t\t<div class=\"elementor-column elementor-col-100 elementor-top-column elementor-element elementor-element-eb6c354\" data-id=\"eb6c354\" data-element_type=\"column\">\n\t\t\t<div class=\"elementor-widget-wrap elementor-element-populated\">\n\t\t\t\t\t\t<div class=\"elementor-element elementor-element-2280f12 elementor-widget elementor-widget-heading\" data-id=\"2280f12\" data-element_type=\"widget\" data-widget_type=\"heading.default\">\n\t\t\t\t<div class=\"elementor-widget-container\">\n\t\t\t<h2 class=\"elementor-heading-title elementor-size-default\">Nova Lei de Cotas<\/h2>\t\t<\/div>\n\t\t\t\t<\/div>\n\t\t\t\t\t<\/div>\n\t\t<\/div>\n\t\t\t\t\t<\/div>\n\t\t<\/section>\n\t\t\t\t<section class=\"elementor-section elementor-top-section elementor-element elementor-element-c2206bc elementor-section-boxed elementor-section-height-default elementor-section-height-default\" data-id=\"c2206bc\" data-element_type=\"section\">\n\t\t\t\t\t\t<div class=\"elementor-container elementor-column-gap-default\">\n\t\t\t\t\t<div class=\"elementor-column elementor-col-100 elementor-top-column elementor-element elementor-element-0c4e3b9\" data-id=\"0c4e3b9\" data-element_type=\"column\">\n\t\t\t<div class=\"elementor-widget-wrap elementor-element-populated\">\n\t\t\t\t\t\t<div class=\"elementor-element elementor-element-42f5af5 elementor-widget elementor-widget-text-editor\" data-id=\"42f5af5\" data-element_type=\"widget\" data-widget_type=\"text-editor.default\">\n\t\t\t\t<div class=\"elementor-widget-container\">\n\t\t\t\t\t\t\t<p>A Lei de Cotas foi atualizada no ano de 2023 <strong><span style=\"text-decoration: underline\"><a href=\"https:\/\/www.planalto.gov.br\/ccivil_03\/_Ato2023-2026\/2023\/Lei\/L14723.htm\">(Lei 14.723\/23)<\/a><\/span><\/strong><\/p><p>Candidatos(as) em processos seletivos: fiquem atentos \u00e0s novas siglas e altera\u00e7\u00f5es da Lei!<\/p><ul><li>Foi reduzido o valor para o teto da renda familiar para <strong><span style=\"text-decoration: underline\">um sal\u00e1rio m\u00ednimo per capita<\/span><\/strong><\/li><li>Inclus\u00e3o da cota para Quilombolas<\/li><\/ul><p>Confira abaixo as novas siglas e as suas defini\u00e7\u00f5es:<\/p>\t\t\t\t\t\t<\/div>\n\t\t\t\t<\/div>\n\t\t\t\t<div class=\"elementor-element elementor-element-0c5c1b3 elementor-widget elementor-widget-text-editor\" data-id=\"0c5c1b3\" data-element_type=\"widget\" data-widget_type=\"text-editor.default\">\n\t\t\t\t<div class=\"elementor-widget-container\">\n\t\t\t\t\t\t\t<table style=\"width: 702px\" width=\"702\"><thead><tr><td style=\"width: 117.891px;text-align: center;vertical-align: middle\"><p><strong>Ampla Concorr\u00eancia (AC)<\/strong><\/p><\/td><td style=\"width: 568.109px\"><p>Pessoa que n\u00e3o se enquadra no Sistema de Cotas ou n\u00e3o deseja participar deste processo seletivo por meio delas;<\/p><\/td><\/tr><tr><td style=\"width: 117.891px;text-align: center;vertical-align: middle\"><p><strong>Cota LB_PPI<\/strong><\/p><\/td><td style=\"width: 568.109px\"><p>Candidatos\/as autodeclarados\/as pretos, pardos ou ind\u00edgenas, com renda familiar bruta per capita igual ou inferior a 1 sal\u00e1rio m\u00ednimo e que tenham <span style=\"text-decoration: underline\">cursado integralmente o ensino m\u00e9dio em escolas p\u00fablicas<\/span><\/p><\/td><\/tr><tr><td style=\"width: 117.891px;text-align: center;vertical-align: middle\"><p><strong>Cota LB_Q<\/strong><\/p><\/td><td style=\"width: 568.109px\"><p>Candidatos\/as autodeclarados\/as quilombolas, com renda familiar bruta per capita igual ou inferior a 1 sal\u00e1rio m\u00ednimo e que tenham <span style=\"text-decoration: underline\">cursado integralmente o ensino m\u00e9dio em escolas p\u00fablicas\u00a0<\/span><\/p><\/td><\/tr><tr><td style=\"width: 117.891px;text-align: center;vertical-align: middle\"><p><strong>Cota LB_PCD<\/strong><\/p><\/td><td style=\"width: 568.109px\"><p>Candidatos\/as com defici\u00eancia (que se enquadrem no Decreto Federal n.\u00ba 3.298, de 20\/12\/1999 e na Recomenda\u00e7\u00e3o n.\u00ba 03 de 01\/12\/2012) que tenham renda familiar bruta per capita igual ou inferior a 1 sal\u00e1rio m\u00ednimo e que tenham <span style=\"text-decoration: underline\">cursado integralmente o ensino m\u00e9dio em escolas p\u00fablicas\u00a0<\/span><\/p><\/td><\/tr><tr><td style=\"width: 117.891px;text-align: center;vertical-align: middle\"><p><strong>Cota LB_EP<\/strong><\/p><\/td><td style=\"width: 568.109px\"><p>Candidatos\/as com renda familiar bruta per capita igual ou inferior a 1 sal\u00e1rio m\u00ednimo e que tenham <span style=\"text-decoration: underline\">cursado integralmente o ensino m\u00e9dio em escolas p\u00fablicas<\/span><\/p><\/td><\/tr><tr><td style=\"width: 117.891px;text-align: center;vertical-align: middle\"><p><strong>Cota LI_PPI<\/strong><\/p><\/td><td style=\"width: 568.109px\"><p>Candidatos\/as autodeclarados\/as pretos, pardos ou ind\u00edgenas, independente de renda,\u00a0 que tenham <span style=\"text-decoration: underline\">cursado integralmente o ensino m\u00e9dio em escolas p\u00fablicas\u00a0<\/span><\/p><\/td><\/tr><tr><td style=\"width: 117.891px;text-align: center;vertical-align: middle\"><p><strong>Cota LI_Q<\/strong><\/p><\/td><td style=\"width: 568.109px\"><p>Candidatos\/as autodeclarados\/as quilombolas, independente de renda, que tenham <span style=\"text-decoration: underline\">cursado integralmente o ensino m\u00e9dio em escolas p\u00fablicas\u00a0<\/span><\/p><\/td><\/tr><tr><td style=\"width: 117.891px;text-align: center;vertical-align: middle\"><p><strong>Cota LI_PCD<\/strong><\/p><\/td><td style=\"width: 568.109px\"><p>Candidatos\/as com defici\u00eancia (que se enquadrem no Decreto Federal n.\u00ba 3.298, de 20\/12\/1999 e na Recomenda\u00e7\u00e3o n.\u00ba 03 de 01\/12\/2012), independente de renda, que tenham <span style=\"text-decoration: underline\">cursado integralmente o ensino m\u00e9dio em escolas p\u00fablicas\u00a0<\/span><\/p><\/td><\/tr><tr><td style=\"width: 117.891px;text-align: center;vertical-align: middle\"><p><strong>Cota LI_EP<\/strong><\/p><\/td><td style=\"width: 568.109px\"><p>Candidatos\/as que, independente de renda, tenham <span style=\"text-decoration: underline\">cursado integralmente o ensino m\u00e9dio em escolas p\u00fablicas<\/span><\/p><\/td><\/tr><\/thead><\/table>\t\t\t\t\t\t<\/div>\n\t\t\t\t<\/div>\n\t\t\t\t\t<\/div>\n\t\t<\/div>\n\t\t\t\t\t<\/div>\n\t\t<\/section>\n\t\t\t\t<\/div>\n\t\t","protected":false},"excerpt":{"rendered":"<p>Nova Lei de Cotas A Lei de Cotas foi atualizada no ano de 2023 (Lei 14.723\/23) Candidatos(as) em processos seletivos: fiquem atentos \u00e0s novas siglas e altera\u00e7\u00f5es da Lei! Foi reduzido o valor para o teto da renda familiar para um sal\u00e1rio m\u00ednimo per capita Inclus\u00e3o da cota para Quilombolas Confira abaixo as novas siglas [&hellip;]<\/p>\n","protected":false},"author":278,"featured_media":0,"parent":17491,"menu_order":0,"comment_status":"closed","ping_status":"closed","template":"","meta":{"footnotes":""},"categories":[],"tags":[],"class_list":["post-21761","page","type-page","status-publish","hentry"],"acf":[],"_links":{"self":[{"href":"https:\/\/www.ufsm.br\/pro-reitorias\/prograd\/wp-json\/wp\/v2\/pages\/21761","targetHints":{"allow":["GET"]}}],"collection":[{"href":"https:\/\/www.ufsm.br\/pro-reitorias\/prograd\/wp-json\/wp\/v2\/pages"}],"about":[{"href":"https:\/\/www.ufsm.br\/pro-reitorias\/prograd\/wp-json\/wp\/v2\/types\/page"}],"author":[{"embeddable":true,"href":"https:\/\/www.ufsm.br\/pro-reitorias\/prograd\/wp-json\/wp\/v2\/users\/278"}],"replies":[{"embeddable":true,"href":"https:\/\/www.ufsm.br\/pro-reitorias\/prograd\/wp-json\/wp\/v2\/comments?post=21761"}],"version-history":[{"count":0,"href":"https:\/\/www.ufsm.br\/pro-reitorias\/prograd\/wp-json\/wp\/v2\/pages\/21761\/revisions"}],"up":[{"embeddable":true,"href":"https:\/\/www.ufsm.br\/pro-reitorias\/prograd\/wp-json\/wp\/v2\/pages\/17491"}],"wp:attachment":[{"href":"https:\/\/www.ufsm.br\/pro-reitorias\/prograd\/wp-json\/wp\/v2\/media?parent=21761"}],"wp:term":[{"taxonomy":"category","embeddable":true,"href":"https:\/\/www.ufsm.br\/pro-reitorias\/prograd\/wp-json\/wp\/v2\/categories?post=21761"},{"taxonomy":"post_tag","embeddable":true,"href":"https:\/\/www.ufsm.br\/pro-reitorias\/prograd\/wp-json\/wp\/v2\/tags?post=21761"}],"curies":[{"name":"wp","href":"https:\/\/api.w.org\/{rel}","templated":true}]}}