{"id":26027,"date":"2026-01-14T10:15:35","date_gmt":"2026-01-14T13:15:35","guid":{"rendered":"https:\/\/www.ufsm.br\/pro-reitorias\/prograd\/?page_id=26027"},"modified":"2026-01-14T10:16:57","modified_gmt":"2026-01-14T13:16:57","slug":"indicadores-de-qualidade-dos-cursos-de-graduacao","status":"publish","type":"page","link":"https:\/\/www.ufsm.br\/pro-reitorias\/prograd\/indicadores-de-qualidade-dos-cursos-de-graduacao","title":{"rendered":"Indicadores de Qualidade dos Cursos de Gradua\u00e7\u00e3o"},"content":{"rendered":"\t\t<div data-elementor-type=\"wp-page\" data-elementor-id=\"26027\" class=\"elementor elementor-26027\">\n\t\t\t\t\t\t<section class=\"elementor-section elementor-top-section elementor-element elementor-element-1eb4eff elementor-section-boxed elementor-section-height-default elementor-section-height-default\" data-id=\"1eb4eff\" data-element_type=\"section\">\n\t\t\t\t\t\t<div class=\"elementor-container elementor-column-gap-default\">\n\t\t\t\t\t<div class=\"elementor-column elementor-col-100 elementor-top-column elementor-element elementor-element-1ae8cff\" data-id=\"1ae8cff\" data-element_type=\"column\">\n\t\t\t<div class=\"elementor-widget-wrap elementor-element-populated\">\n\t\t\t\t\t\t<div class=\"elementor-element elementor-element-d5b550e elementor-widget elementor-widget-text-editor\" data-id=\"d5b550e\" data-element_type=\"widget\" data-widget_type=\"text-editor.default\">\n\t\t\t\t<div class=\"elementor-widget-container\">\n\t\t\t\t\t\t\t<div class=\"entry-content\"><p>Os indicadores de qualidade s\u00e3o expressos em escala cont\u00ednua e em cinco n\u00edveis, nos quais os n\u00edveis iguais ou superiores a 3 (tr\u00eas) indicam qualidade satisfat\u00f3ria. Eles servem como orientadores das avalia\u00e7\u00f5es in loco do ciclo avaliativo, sendo importantes instrumentos de avalia\u00e7\u00e3o da educa\u00e7\u00e3o superior brasileira.\u00a0<\/p><p>S\u00e3o eles:<\/p><p><strong>Enade<\/strong>\u00a0\u2013\u00a0O Conceito Enade \u00e9 um indicador de qualidade que avalia o desempenho dos estudantes a partir dos resultados obtidos no Enade, e \u00e9 divulgado anualmente para os cursos que tiveram estudantes concluintes participando do exame.<\/p><p><strong>Conceito Preliminar de Curso (CPC)<\/strong>\u00a0\u2013 \u00c9 um indicador de qualidade que avalia os cursos superiores. Ele \u00e9 calculado no ano seguinte ao da realiza\u00e7\u00e3o do Enade de cada \u00e1rea, com base na avalia\u00e7\u00e3o de desempenho de estudantes, corpo docente, infraestrutura, recursos did\u00e1tico-pedag\u00f3gicos e demais insumos, conforme orienta\u00e7\u00e3o t\u00e9cnica aprovada pela Comiss\u00e3o Nacional de Avalia\u00e7\u00e3o da Educa\u00e7\u00e3o Superior (CONAES)<\/p><p><strong>Conceito de Curso\u00a0(CC<\/strong><strong>)<\/strong>\u00a0\u2013 \u00c9 a nota final de qualidade dada pelo MEC aos\u00a0cursos\u00a0de gradua\u00e7\u00e3o das institui\u00e7\u00f5es de ensino superior no Brasil. Esse\u00a0conceito\u00a0final \u00e9 feito a partir de uma avalia\u00e7\u00e3o presencial dos\u00a0cursos\u00a0pelos t\u00e9cnicos do MEC, atrav\u00e9s de uma avalia\u00e7\u00e3o\u00a0<em>in loco<\/em>\u00a0e pode confirmar ou modificar o CPC.<\/p><p>\u00a0<\/p><p><a href=\"https:\/\/www.ufsm.br\/app\/uploads\/sites\/504\/2021\/06\/Indicadores-de-Qualidade-Cursos-Junho-de-2021.pdf\" target=\"_blank\" rel=\"noopener noreferrer\">Indicadores de Qualidade dos Cursos<\/a><\/p><p><a href=\"https:\/\/www.ufsm.br\/app\/uploads\/sites\/504\/2023\/05\/Serie-Historica-Indicadores-cursos-CPC-IDD-ENADE-IGC.xlsx\">S\u00e9rie Hist\u00f3rica dos Indicadores de Qualidade dos Cursos de Gradua\u00e7\u00e3o<\/a><\/p><\/div>\t\t\t\t\t\t<\/div>\n\t\t\t\t<\/div>\n\t\t\t\t\t<\/div>\n\t\t<\/div>\n\t\t\t\t\t<\/div>\n\t\t<\/section>\n\t\t\t\t<\/div>\n\t\t","protected":false},"excerpt":{"rendered":"<p>Os indicadores de qualidade s\u00e3o expressos em escala cont\u00ednua e em cinco n\u00edveis, nos quais os n\u00edveis iguais ou superiores a 3 (tr\u00eas) indicam qualidade satisfat\u00f3ria. Eles servem como orientadores das avalia\u00e7\u00f5es in loco do ciclo avaliativo, sendo importantes instrumentos de avalia\u00e7\u00e3o da educa\u00e7\u00e3o superior brasileira.\u00a0 S\u00e3o eles: Enade\u00a0\u2013\u00a0O Conceito Enade \u00e9 um indicador de [&hellip;]<\/p>\n","protected":false},"author":519,"featured_media":0,"parent":0,"menu_order":0,"comment_status":"closed","ping_status":"closed","template":"","meta":{"footnotes":""},"categories":[],"tags":[],"class_list":["post-26027","page","type-page","status-publish","hentry"],"acf":[],"_links":{"self":[{"href":"https:\/\/www.ufsm.br\/pro-reitorias\/prograd\/wp-json\/wp\/v2\/pages\/26027","targetHints":{"allow":["GET"]}}],"collection":[{"href":"https:\/\/www.ufsm.br\/pro-reitorias\/prograd\/wp-json\/wp\/v2\/pages"}],"about":[{"href":"https:\/\/www.ufsm.br\/pro-reitorias\/prograd\/wp-json\/wp\/v2\/types\/page"}],"author":[{"embeddable":true,"href":"https:\/\/www.ufsm.br\/pro-reitorias\/prograd\/wp-json\/wp\/v2\/users\/519"}],"replies":[{"embeddable":true,"href":"https:\/\/www.ufsm.br\/pro-reitorias\/prograd\/wp-json\/wp\/v2\/comments?post=26027"}],"version-history":[{"count":0,"href":"https:\/\/www.ufsm.br\/pro-reitorias\/prograd\/wp-json\/wp\/v2\/pages\/26027\/revisions"}],"wp:attachment":[{"href":"https:\/\/www.ufsm.br\/pro-reitorias\/prograd\/wp-json\/wp\/v2\/media?parent=26027"}],"wp:term":[{"taxonomy":"category","embeddable":true,"href":"https:\/\/www.ufsm.br\/pro-reitorias\/prograd\/wp-json\/wp\/v2\/categories?post=26027"},{"taxonomy":"post_tag","embeddable":true,"href":"https:\/\/www.ufsm.br\/pro-reitorias\/prograd\/wp-json\/wp\/v2\/tags?post=26027"}],"curies":[{"name":"wp","href":"https:\/\/api.w.org\/{rel}","templated":true}]}}