{"id":4096,"date":"2018-05-03T11:18:13","date_gmt":"2018-05-03T14:18:13","guid":{"rendered":"https:\/\/www.ufsm.br\/pro-reitorias\/prograd\/?page_id=4096"},"modified":"2021-08-09T12:59:51","modified_gmt":"2021-08-09T15:59:51","slug":"ppi-projeto-pedagogico-institucional","status":"publish","type":"page","link":"https:\/\/www.ufsm.br\/pro-reitorias\/prograd\/ppi-projeto-pedagogico-institucional","title":{"rendered":"PPI &#8211; Projeto Pedag\u00f3gico Institucional"},"content":{"rendered":"\t\t<div data-elementor-type=\"wp-page\" data-elementor-id=\"4096\" class=\"elementor elementor-4096\">\n\t\t\t\t\t\t<section class=\"elementor-section elementor-top-section elementor-element elementor-element-b9de37f elementor-section-boxed elementor-section-height-default elementor-section-height-default\" data-id=\"b9de37f\" data-element_type=\"section\" data-settings=\"{&quot;background_background&quot;:&quot;classic&quot;}\">\n\t\t\t\t\t\t<div class=\"elementor-container elementor-column-gap-default\">\n\t\t\t\t\t<div class=\"elementor-column elementor-col-100 elementor-top-column elementor-element elementor-element-f06e7a1\" data-id=\"f06e7a1\" data-element_type=\"column\">\n\t\t\t<div class=\"elementor-widget-wrap elementor-element-populated\">\n\t\t\t\t\t\t<div class=\"elementor-element elementor-element-fd2c0b6 elementor-widget elementor-widget-heading\" data-id=\"fd2c0b6\" data-element_type=\"widget\" data-widget_type=\"heading.default\">\n\t\t\t\t<div class=\"elementor-widget-container\">\n\t\t\t<h1 class=\"elementor-heading-title elementor-size-default\">Projeto Pedag\u00f3gico Institucional (PPI)<\/h1>\t\t<\/div>\n\t\t\t\t<\/div>\n\t\t\t\t\t<\/div>\n\t\t<\/div>\n\t\t\t\t\t<\/div>\n\t\t<\/section>\n\t\t\t\t<section class=\"elementor-section elementor-top-section elementor-element elementor-element-3cb44319 elementor-section-boxed elementor-section-height-default elementor-section-height-default\" data-id=\"3cb44319\" data-element_type=\"section\">\n\t\t\t\t\t\t<div class=\"elementor-container elementor-column-gap-default\">\n\t\t\t\t\t<div class=\"elementor-column elementor-col-100 elementor-top-column elementor-element elementor-element-689ed11\" data-id=\"689ed11\" data-element_type=\"column\">\n\t\t\t<div class=\"elementor-widget-wrap elementor-element-populated\">\n\t\t\t\t\t\t<div class=\"elementor-element elementor-element-5f4f388 elementor-widget elementor-widget-text-editor\" data-id=\"5f4f388\" data-element_type=\"widget\" data-widget_type=\"text-editor.default\">\n\t\t\t\t<div class=\"elementor-widget-container\">\n\t\t\t\t\t\t\t\u00c9 um instrumento pol\u00edtico, cultural e cient\u00edfico de constru\u00e7\u00e3o coletiva, que orienta as a\u00e7\u00f5es institucionais, as reformas curriculares e a cria\u00e7\u00e3o de novos cursos da institui\u00e7\u00e3o. Cabe \u00e0 PROGRAD coordenar as a\u00e7\u00f5es junto aos Cursos de Gradua\u00e7\u00e3o.\t\t\t\t\t\t<\/div>\n\t\t\t\t<\/div>\n\t\t\t\t\t<\/div>\n\t\t<\/div>\n\t\t\t\t\t<\/div>\n\t\t<\/section>\n\t\t\t\t<section class=\"elementor-section elementor-top-section elementor-element elementor-element-f628f3f elementor-section-boxed elementor-section-height-default elementor-section-height-default\" data-id=\"f628f3f\" data-element_type=\"section\" data-settings=\"{&quot;background_background&quot;:&quot;classic&quot;}\">\n\t\t\t\t\t\t<div class=\"elementor-container elementor-column-gap-default\">\n\t\t\t\t\t<div class=\"elementor-column elementor-col-100 elementor-top-column elementor-element elementor-element-99e78d2\" data-id=\"99e78d2\" data-element_type=\"column\">\n\t\t\t<div class=\"elementor-widget-wrap elementor-element-populated\">\n\t\t\t\t\t\t<div class=\"elementor-element elementor-element-6006881 elementor-widget elementor-widget-heading\" data-id=\"6006881\" data-element_type=\"widget\" data-widget_type=\"heading.default\">\n\t\t\t\t<div class=\"elementor-widget-container\">\n\t\t\t<h2 class=\"elementor-heading-title elementor-size-default\">Anexos<\/h2>\t\t<\/div>\n\t\t\t\t<\/div>\n\t\t\t\t\t<\/div>\n\t\t<\/div>\n\t\t\t\t\t<\/div>\n\t\t<\/section>\n\t\t\t\t<section class=\"elementor-section elementor-top-section elementor-element elementor-element-48282d6 elementor-section-boxed elementor-section-height-default elementor-section-height-default\" data-id=\"48282d6\" data-element_type=\"section\">\n\t\t\t\t\t\t<div class=\"elementor-container elementor-column-gap-default\">\n\t\t\t\t\t<div class=\"elementor-column elementor-col-100 elementor-top-column elementor-element elementor-element-b6de3f3\" data-id=\"b6de3f3\" data-element_type=\"column\">\n\t\t\t<div class=\"elementor-widget-wrap elementor-element-populated\">\n\t\t\t\t\t\t<div class=\"elementor-element elementor-element-ede2f22 elementor-widget elementor-widget-text-editor\" data-id=\"ede2f22\" data-element_type=\"widget\" data-widget_type=\"text-editor.default\">\n\t\t\t\t<div class=\"elementor-widget-container\">\n\t\t\t\t\t\t\t<p><a href=\"https:\/\/www.ufsm.br\/app\/uploads\/sites\/342\/2018\/05\/UFSM_PPI_Projeto_Pedagogico_Institucional.pdf\" target=\"_blank\" rel=\"noopener\"><strong><span style=\"text-decoration: underline\">PPI &#8211; Vers\u00e3o atual (aprovado em 04\/11\/2016)<\/span><\/strong><\/a><\/p><p><strong><span style=\"text-decoration: underline\"><a href=\"https:\/\/www.ufsm.br\/app\/uploads\/sites\/342\/2018\/05\/PPI-Vers%C3%A3o-Antiga.pdf\" target=\"_blank\" rel=\"noopener\">PPI &#8211; Vers\u00e3o antiga (aprovado em 20\/12\/2000)<\/a><\/span><\/strong><\/p>\t\t\t\t\t\t<\/div>\n\t\t\t\t<\/div>\n\t\t\t\t\t<\/div>\n\t\t<\/div>\n\t\t\t\t\t<\/div>\n\t\t<\/section>\n\t\t\t\t<\/div>\n\t\t","protected":false},"excerpt":{"rendered":"<p>Projeto Pedag\u00f3gico Institucional (PPI) \u00c9 um instrumento pol\u00edtico, cultural e cient\u00edfico de constru\u00e7\u00e3o coletiva, que orienta as a\u00e7\u00f5es institucionais, as reformas curriculares e a cria\u00e7\u00e3o de novos cursos da institui\u00e7\u00e3o. Cabe \u00e0 PROGRAD coordenar as a\u00e7\u00f5es junto aos Cursos de Gradua\u00e7\u00e3o. Anexos PPI &#8211; Vers\u00e3o atual (aprovado em 04\/11\/2016) PPI &#8211; Vers\u00e3o antiga (aprovado em [&hellip;]<\/p>\n","protected":false},"author":74,"featured_media":0,"parent":0,"menu_order":0,"comment_status":"closed","ping_status":"closed","template":"","meta":{"footnotes":""},"categories":[],"tags":[],"class_list":["post-4096","page","type-page","status-publish","hentry"],"acf":[],"_links":{"self":[{"href":"https:\/\/www.ufsm.br\/pro-reitorias\/prograd\/wp-json\/wp\/v2\/pages\/4096","targetHints":{"allow":["GET"]}}],"collection":[{"href":"https:\/\/www.ufsm.br\/pro-reitorias\/prograd\/wp-json\/wp\/v2\/pages"}],"about":[{"href":"https:\/\/www.ufsm.br\/pro-reitorias\/prograd\/wp-json\/wp\/v2\/types\/page"}],"author":[{"embeddable":true,"href":"https:\/\/www.ufsm.br\/pro-reitorias\/prograd\/wp-json\/wp\/v2\/users\/74"}],"replies":[{"embeddable":true,"href":"https:\/\/www.ufsm.br\/pro-reitorias\/prograd\/wp-json\/wp\/v2\/comments?post=4096"}],"version-history":[{"count":0,"href":"https:\/\/www.ufsm.br\/pro-reitorias\/prograd\/wp-json\/wp\/v2\/pages\/4096\/revisions"}],"wp:attachment":[{"href":"https:\/\/www.ufsm.br\/pro-reitorias\/prograd\/wp-json\/wp\/v2\/media?parent=4096"}],"wp:term":[{"taxonomy":"category","embeddable":true,"href":"https:\/\/www.ufsm.br\/pro-reitorias\/prograd\/wp-json\/wp\/v2\/categories?post=4096"},{"taxonomy":"post_tag","embeddable":true,"href":"https:\/\/www.ufsm.br\/pro-reitorias\/prograd\/wp-json\/wp\/v2\/tags?post=4096"}],"curies":[{"name":"wp","href":"https:\/\/api.w.org\/{rel}","templated":true}]}}