{"id":8993,"date":"2018-05-07T08:16:24","date_gmt":"2018-05-07T11:16:24","guid":{"rendered":"https:\/\/www.ufsm.br\/pro-reitorias\/prograd\/?page_id=8993"},"modified":"2024-12-12T10:13:17","modified_gmt":"2024-12-12T13:13:17","slug":"forum-dos-cursos-de-graduacao-da-ufsm","status":"publish","type":"page","link":"https:\/\/www.ufsm.br\/pro-reitorias\/prograd\/forum-dos-cursos-de-graduacao-da-ufsm","title":{"rendered":"F\u00f3rum dos Cursos de Gradua\u00e7\u00e3o da UFSM"},"content":{"rendered":"\t\t<div data-elementor-type=\"wp-page\" data-elementor-id=\"8993\" class=\"elementor elementor-8993\">\n\t\t\t\t\t\t<section class=\"elementor-section elementor-top-section elementor-element elementor-element-1e4c966 elementor-section-boxed elementor-section-height-default elementor-section-height-default\" data-id=\"1e4c966\" data-element_type=\"section\" data-settings=\"{&quot;background_background&quot;:&quot;classic&quot;}\">\n\t\t\t\t\t\t<div class=\"elementor-container elementor-column-gap-default\">\n\t\t\t\t\t<div class=\"elementor-column elementor-col-100 elementor-top-column elementor-element elementor-element-419f506\" data-id=\"419f506\" data-element_type=\"column\">\n\t\t\t<div class=\"elementor-widget-wrap elementor-element-populated\">\n\t\t\t\t\t\t<div class=\"elementor-element elementor-element-bff55fc elementor-widget elementor-widget-heading\" data-id=\"bff55fc\" data-element_type=\"widget\" data-widget_type=\"heading.default\">\n\t\t\t\t<div class=\"elementor-widget-container\">\n\t\t\t<h1 class=\"elementor-heading-title elementor-size-default\">F\u00f3rum dos Cursos de Gradua\u00e7\u00e3o<\/h1>\t\t<\/div>\n\t\t\t\t<\/div>\n\t\t\t\t\t<\/div>\n\t\t<\/div>\n\t\t\t\t\t<\/div>\n\t\t<\/section>\n\t\t\t\t<section class=\"elementor-section elementor-top-section elementor-element elementor-element-39e7278 elementor-section-boxed elementor-section-height-default elementor-section-height-default\" data-id=\"39e7278\" data-element_type=\"section\">\n\t\t\t\t\t\t<div class=\"elementor-container elementor-column-gap-default\">\n\t\t\t\t\t<div class=\"elementor-column elementor-col-100 elementor-top-column elementor-element elementor-element-d9152cb\" data-id=\"d9152cb\" data-element_type=\"column\">\n\t\t\t<div class=\"elementor-widget-wrap elementor-element-populated\">\n\t\t\t\t\t\t<div class=\"elementor-element elementor-element-3f6f01b elementor-widget elementor-widget-text-editor\" data-id=\"3f6f01b\" data-element_type=\"widget\" data-widget_type=\"text-editor.default\">\n\t\t\t\t<div class=\"elementor-widget-container\">\n\t\t\t\t\t\t\t<p>O F\u00f3rum dos Cursos de Gradua\u00e7\u00e3o \u00e9 uma estrutura consultiva e prepositiva da PROGRAD que tem como objetivo assegurar um canal de comunica\u00e7\u00e3o, de legisla\u00e7\u00e3o e de normativas, junto aos cursos de gradua\u00e7\u00e3o.\u00a0<\/p><p>As tem\u00e1ticas de debate do F\u00f3rum dos Cursos de Gradua\u00e7\u00e3o s\u00e3o exclusivamente relativas ao funcionamento dos cursos de gradua\u00e7\u00e3o, desenvolvimento de ensino, planejamento acad\u00eamico e pol\u00edticas de gradua\u00e7\u00e3o.<\/p><p>Clique aqui para acessar o <a href=\"https:\/\/portal.ufsm.br\/documentos\/publico\/documento.html?id=8110703\"><strong>Regimento do F\u00f3rum dos Cursos de Gradua\u00e7\u00e3o.<\/strong><\/a><\/p><p>Acesse a <strong><a href=\"https:\/\/portal.ufsm.br\/documentos\/publico\/documento.html?id=15287502\">INSTRU\u00c7\u00c3O NORMATIVA PROGRAD\/UFSM N. 014\/2024<\/a><\/strong>, de 09 de Dezembro de 2024, a qual Institui o F\u00f3rum dos Cursos de Gradua\u00e7\u00e3o, vinculado \u00e0 Pr\u00f3-Reitoria de Gradua\u00e7\u00e3o da UFSM.<\/p>\t\t\t\t\t\t<\/div>\n\t\t\t\t<\/div>\n\t\t\t\t\t<\/div>\n\t\t<\/div>\n\t\t\t\t\t<\/div>\n\t\t<\/section>\n\t\t\t\t<\/div>\n\t\t","protected":false},"excerpt":{"rendered":"<p>F\u00f3rum dos Cursos de Gradua\u00e7\u00e3o O F\u00f3rum dos Cursos de Gradua\u00e7\u00e3o \u00e9 uma estrutura consultiva e prepositiva da PROGRAD que tem como objetivo assegurar um canal de comunica\u00e7\u00e3o, de legisla\u00e7\u00e3o e de normativas, junto aos cursos de gradua\u00e7\u00e3o.\u00a0 As tem\u00e1ticas de debate do F\u00f3rum dos Cursos de Gradua\u00e7\u00e3o s\u00e3o exclusivamente relativas ao funcionamento dos cursos [&hellip;]<\/p>\n","protected":false},"author":74,"featured_media":0,"parent":0,"menu_order":0,"comment_status":"closed","ping_status":"closed","template":"","meta":{"footnotes":""},"categories":[],"tags":[],"class_list":["post-8993","page","type-page","status-publish","hentry"],"acf":[],"_links":{"self":[{"href":"https:\/\/www.ufsm.br\/pro-reitorias\/prograd\/wp-json\/wp\/v2\/pages\/8993","targetHints":{"allow":["GET"]}}],"collection":[{"href":"https:\/\/www.ufsm.br\/pro-reitorias\/prograd\/wp-json\/wp\/v2\/pages"}],"about":[{"href":"https:\/\/www.ufsm.br\/pro-reitorias\/prograd\/wp-json\/wp\/v2\/types\/page"}],"author":[{"embeddable":true,"href":"https:\/\/www.ufsm.br\/pro-reitorias\/prograd\/wp-json\/wp\/v2\/users\/74"}],"replies":[{"embeddable":true,"href":"https:\/\/www.ufsm.br\/pro-reitorias\/prograd\/wp-json\/wp\/v2\/comments?post=8993"}],"version-history":[{"count":0,"href":"https:\/\/www.ufsm.br\/pro-reitorias\/prograd\/wp-json\/wp\/v2\/pages\/8993\/revisions"}],"wp:attachment":[{"href":"https:\/\/www.ufsm.br\/pro-reitorias\/prograd\/wp-json\/wp\/v2\/media?parent=8993"}],"wp:term":[{"taxonomy":"category","embeddable":true,"href":"https:\/\/www.ufsm.br\/pro-reitorias\/prograd\/wp-json\/wp\/v2\/categories?post=8993"},{"taxonomy":"post_tag","embeddable":true,"href":"https:\/\/www.ufsm.br\/pro-reitorias\/prograd\/wp-json\/wp\/v2\/tags?post=8993"}],"curies":[{"name":"wp","href":"https:\/\/api.w.org\/{rel}","templated":true}]}}