{"id":925,"date":"2022-04-14T15:48:32","date_gmt":"2022-04-14T18:48:32","guid":{"rendered":"https:\/\/www.ufsm.br\/pro-reitorias\/proinfra\/?page_id=925"},"modified":"2022-04-14T15:49:02","modified_gmt":"2022-04-14T18:49:02","slug":"residuos-organicos","status":"publish","type":"page","link":"https:\/\/www.ufsm.br\/pro-reitorias\/proinfra\/residuos-organicos","title":{"rendered":"Res\u00edduos org\u00e2nicos"},"content":{"rendered":"\t\t<div data-elementor-type=\"wp-page\" data-elementor-id=\"925\" class=\"elementor elementor-925\">\n\t\t\t\t\t\t<section class=\"elementor-section elementor-top-section elementor-element elementor-element-bb15db9 elementor-section-boxed elementor-section-height-default elementor-section-height-default\" data-id=\"bb15db9\" data-element_type=\"section\">\n\t\t\t\t\t\t<div class=\"elementor-container elementor-column-gap-default\">\n\t\t\t\t\t<div class=\"elementor-column elementor-col-100 elementor-top-column elementor-element elementor-element-7158660\" data-id=\"7158660\" data-element_type=\"column\">\n\t\t\t<div class=\"elementor-widget-wrap elementor-element-populated\">\n\t\t\t\t\t\t<div class=\"elementor-element elementor-element-91a0d2b elementor-widget elementor-widget-text-editor\" data-id=\"91a0d2b\" data-element_type=\"widget\" data-widget_type=\"text-editor.default\">\n\t\t\t\t<div class=\"elementor-widget-container\">\n\t\t\t\t\t\t\t<!-- wp:tadv\/classic-paragraph -->\n<p><strong>O que \u00e9 a coleta de res\u00edduos org\u00e2nicos?<\/strong><br \/>Consiste na compostagem dos res\u00edduos org\u00e2nicos. O produto resultante do processo \u00e9 um composto org\u00e2nico que incorporado ao solo melhora a sua fertilidade.<\/p>\n<p><strong>Quais res\u00edduos podem ser compostados?<\/strong><\/p>\n<p>Restos de cozinha: legumes, cascas de ovos, p\u00e3o, sacos de ch\u00e1, borra de caf\u00e9, erva mate, frutas<br \/>Restos de jardins: folha, grama, caules, flores, ramos, palha, feno, apara de madeiras<br \/>Outros: papel, cinza, material de varri\u00e7\u00e3o<\/p>\n<p><strong>O que deve ser evitado enviar para compostagem?<\/strong><\/p>\n<p>Gorduras, latic\u00ednios, carnes, mariscos, peixes, cinza em grande quantidade<\/p>\n<p>O que \u00e9 proibido enviar para a compostagem<br \/>Pilhas, vidros, metal, pl\u00e1stico, medicamentos, produtos qu\u00edmicos, t\u00eaxteis, materiais de higiene<\/p>\n<p><strong>Onde armazenar os res\u00edduos org\u00e2nicos?\u00a0<\/strong><\/p>\n<p>A comunidade acad\u00eamica deve armazenar estes res\u00edduos nas copas das unidades que possuem baldes identificados com cartazes (Reitoria, CPD, Coperves, CQVS e PRAE).<\/p>\n<p><strong>Rota e Mapa da Compostagem:<\/strong><br \/>A coleta ocorre diariamente de segunda a sexta feira, a partir das 14h. Os res\u00edduos org\u00e2nicos coletados s\u00e3o encaminhados Usina de Compostagem do Col\u00e9gio Polit\u00e9cnico UFSM.<\/p>\n<ul>\n<li><a href=\"https:\/\/www.google.com\/maps\/d\/edit?mid=1TU1Id0_J4h_V_ydL89eg75Ai8E40VkbC&amp;usp=sharing\">Mapa dos cont\u00eaineres<\/a><\/li>\n<\/ul>\n<!-- \/wp:tadv\/classic-paragraph -->\t\t\t\t\t\t<\/div>\n\t\t\t\t<\/div>\n\t\t\t\t\t<\/div>\n\t\t<\/div>\n\t\t\t\t\t<\/div>\n\t\t<\/section>\n\t\t\t\t<\/div>\n\t\t","protected":false},"excerpt":{"rendered":"<p>O que \u00e9 a coleta de res\u00edduos org\u00e2nicos?Consiste na compostagem dos res\u00edduos org\u00e2nicos. O produto resultante do processo \u00e9 um composto org\u00e2nico que incorporado ao solo melhora a sua fertilidade. Quais res\u00edduos podem ser compostados? Restos de cozinha: legumes, cascas de ovos, p\u00e3o, sacos de ch\u00e1, borra de caf\u00e9, erva mate, frutasRestos de jardins: folha, [&hellip;]<\/p>\n","protected":false},"author":80,"featured_media":0,"parent":0,"menu_order":0,"comment_status":"closed","ping_status":"closed","template":"","meta":{"footnotes":""},"categories":[],"tags":[],"class_list":["post-925","page","type-page","status-publish","hentry"],"acf":[],"_links":{"self":[{"href":"https:\/\/www.ufsm.br\/pro-reitorias\/proinfra\/wp-json\/wp\/v2\/pages\/925","targetHints":{"allow":["GET"]}}],"collection":[{"href":"https:\/\/www.ufsm.br\/pro-reitorias\/proinfra\/wp-json\/wp\/v2\/pages"}],"about":[{"href":"https:\/\/www.ufsm.br\/pro-reitorias\/proinfra\/wp-json\/wp\/v2\/types\/page"}],"author":[{"embeddable":true,"href":"https:\/\/www.ufsm.br\/pro-reitorias\/proinfra\/wp-json\/wp\/v2\/users\/80"}],"replies":[{"embeddable":true,"href":"https:\/\/www.ufsm.br\/pro-reitorias\/proinfra\/wp-json\/wp\/v2\/comments?post=925"}],"version-history":[{"count":0,"href":"https:\/\/www.ufsm.br\/pro-reitorias\/proinfra\/wp-json\/wp\/v2\/pages\/925\/revisions"}],"wp:attachment":[{"href":"https:\/\/www.ufsm.br\/pro-reitorias\/proinfra\/wp-json\/wp\/v2\/media?parent=925"}],"wp:term":[{"taxonomy":"category","embeddable":true,"href":"https:\/\/www.ufsm.br\/pro-reitorias\/proinfra\/wp-json\/wp\/v2\/categories?post=925"},{"taxonomy":"post_tag","embeddable":true,"href":"https:\/\/www.ufsm.br\/pro-reitorias\/proinfra\/wp-json\/wp\/v2\/tags?post=925"}],"curies":[{"name":"wp","href":"https:\/\/api.w.org\/{rel}","templated":true}]}}