{"id":951,"date":"2022-04-20T15:50:20","date_gmt":"2022-04-20T18:50:20","guid":{"rendered":"https:\/\/www.ufsm.br\/pro-reitorias\/proinfra\/?page_id=951"},"modified":"2025-08-18T07:56:05","modified_gmt":"2025-08-18T10:56:05","slug":"manual-orientacao-residuos-organicos","status":"publish","type":"page","link":"https:\/\/www.ufsm.br\/pro-reitorias\/proinfra\/manual-orientacao-residuos-organicos","title":{"rendered":"Manual Orienta\u00e7\u00e3o \u2013 Res\u00edduos Org\u00e2nicos"},"content":{"rendered":"\t\t<div data-elementor-type=\"wp-page\" data-elementor-id=\"951\" class=\"elementor elementor-951\">\n\t\t\t\t\t\t<section class=\"elementor-section elementor-top-section elementor-element elementor-element-d956f2c elementor-section-boxed elementor-section-height-default elementor-section-height-default\" data-id=\"d956f2c\" data-element_type=\"section\">\n\t\t\t\t\t\t<div class=\"elementor-container elementor-column-gap-default\">\n\t\t\t\t\t<div class=\"elementor-column elementor-col-100 elementor-top-column elementor-element elementor-element-608a016\" data-id=\"608a016\" data-element_type=\"column\">\n\t\t\t<div class=\"elementor-widget-wrap elementor-element-populated\">\n\t\t\t\t\t\t<div class=\"elementor-element elementor-element-8d20a26 elementor-widget elementor-widget-text-editor\" data-id=\"8d20a26\" data-element_type=\"widget\" data-widget_type=\"text-editor.default\">\n\t\t\t\t<div class=\"elementor-widget-container\">\n\t\t\t\t\t\t\t<p><strong><span style=\"text-decoration: underline\">QUAIS S\u00c3O<\/span> OS RES\u00cdDUOS ORG\u00c2NICOS?<\/strong><\/p><ul><li><strong>restos de cozinha<\/strong>: legumes, cascas de ovos, p\u00e3o, sacos de ch\u00e1, borra de caf\u00e9, erva mate, frutas;<\/li><li><strong>restos de jardins:<\/strong> folha, grama, caules, flores, ramos, palha, feno, apara de madeiras;<\/li><li><strong>outros<\/strong>: papel, cinza, material de varri\u00e7\u00e3o.<\/li><\/ul>\t\t\t\t\t\t<\/div>\n\t\t\t\t<\/div>\n\t\t\t\t\t<\/div>\n\t\t<\/div>\n\t\t\t\t\t<\/div>\n\t\t<\/section>\n\t\t\t\t<section class=\"elementor-section elementor-top-section elementor-element elementor-element-3d61e9a elementor-section-boxed elementor-section-height-default elementor-section-height-default\" data-id=\"3d61e9a\" data-element_type=\"section\">\n\t\t\t\t\t\t<div class=\"elementor-container elementor-column-gap-default\">\n\t\t\t\t\t<div class=\"elementor-column elementor-col-100 elementor-top-column elementor-element elementor-element-9831e65\" data-id=\"9831e65\" data-element_type=\"column\">\n\t\t\t<div class=\"elementor-widget-wrap elementor-element-populated\">\n\t\t\t\t\t\t<div class=\"elementor-element elementor-element-647fb78 elementor-widget elementor-widget-text-editor\" data-id=\"647fb78\" data-element_type=\"widget\" data-widget_type=\"text-editor.default\">\n\t\t\t\t<div class=\"elementor-widget-container\">\n\t\t\t\t\t\t\t<p><strong>O QUE <span style=\"text-decoration: underline\">N\u00c3O SE APLICA<\/span> \u00c0 COLETA DE RES\u00cdDUOS ORG\u00c2NICOS?<\/strong><\/p><p>Gorduras, latic\u00ednios, carnes, mariscos, peixes, cinza em grande quantidade, pilhas, vidros, metal, pl\u00e1stico, medicamentos, produtos qu\u00edmicos, t\u00eaxteis, materiais de higiene.<\/p>\t\t\t\t\t\t<\/div>\n\t\t\t\t<\/div>\n\t\t\t\t\t<\/div>\n\t\t<\/div>\n\t\t\t\t\t<\/div>\n\t\t<\/section>\n\t\t\t\t<section class=\"elementor-section elementor-top-section elementor-element elementor-element-0572132 elementor-section-boxed elementor-section-height-default elementor-section-height-default\" data-id=\"0572132\" data-element_type=\"section\">\n\t\t\t\t\t\t<div class=\"elementor-container elementor-column-gap-default\">\n\t\t\t\t\t<div class=\"elementor-column elementor-col-100 elementor-top-column elementor-element elementor-element-c8c4777\" data-id=\"c8c4777\" data-element_type=\"column\">\n\t\t\t<div class=\"elementor-widget-wrap elementor-element-populated\">\n\t\t\t\t\t\t<div class=\"elementor-element elementor-element-d9ab8e2 elementor-widget elementor-widget-text-editor\" data-id=\"d9ab8e2\" data-element_type=\"widget\" data-widget_type=\"text-editor.default\">\n\t\t\t\t<div class=\"elementor-widget-container\">\n\t\t\t\t\t\t\t<p><strong><span style=\"text-decoration: underline\">ONDE ARMAZENAR<\/span> OS RES\u00cdDUOS ORG\u00c2NICOS?<\/strong><\/p><p>A comunidade acad\u00eamica deve armazenar estes res\u00edduos nas copas das unidade de ensino que possuem baldes identificados com cartazes (Reitoria, CPD, COPERVS, CQVS, PRAE, CTISM e Unidade de ensino Ip\u00ea Amarelo), exemplo na figura 1.<\/p><p>O restaurante universit\u00e1rio (RU) e restaurantes licitados tamb\u00e9m possuem baldes para armazenamento destes res\u00edduos.<\/p>\t\t\t\t\t\t<\/div>\n\t\t\t\t<\/div>\n\t\t\t\t\t<\/div>\n\t\t<\/div>\n\t\t\t\t\t<\/div>\n\t\t<\/section>\n\t\t\t\t<section class=\"elementor-section elementor-top-section elementor-element elementor-element-8b2331a elementor-section-boxed elementor-section-height-default elementor-section-height-default\" data-id=\"8b2331a\" data-element_type=\"section\">\n\t\t\t\t\t\t<div class=\"elementor-container elementor-column-gap-default\">\n\t\t\t\t\t<div class=\"elementor-column elementor-col-100 elementor-top-column elementor-element elementor-element-8ff2834\" data-id=\"8ff2834\" data-element_type=\"column\">\n\t\t\t<div class=\"elementor-widget-wrap elementor-element-populated\">\n\t\t\t\t\t\t<div class=\"elementor-element elementor-element-1f58f43 elementor-widget elementor-widget-image\" data-id=\"1f58f43\" data-element_type=\"widget\" data-widget_type=\"image.default\">\n\t\t\t\t<div class=\"elementor-widget-container\">\n\t\t\t\t\t\t\t\t\t\t<figure class=\"wp-caption\">\n\t\t\t\t\t\t\t\t\t\t<img decoding=\"async\" width=\"204\" height=\"213\" src=\"https:\/\/www.ufsm.br\/app\/uploads\/sites\/343\/2022\/04\/organicos-figura-1.jpg\" class=\"attachment-medium size-medium wp-image-952\" alt=\"\" \/>\t\t\t\t\t\t\t\t\t\t\t<figcaption class=\"widget-image-caption wp-caption-text\">Figura 1 - Coletores de res\u00edduos org\u00e2nicos: baldes.<\/figcaption>\n\t\t\t\t\t\t\t\t\t\t<\/figure>\n\t\t\t\t\t\t\t<\/div>\n\t\t\t\t<\/div>\n\t\t\t\t\t<\/div>\n\t\t<\/div>\n\t\t\t\t\t<\/div>\n\t\t<\/section>\n\t\t\t\t<section class=\"elementor-section elementor-top-section elementor-element elementor-element-ac775b7 elementor-section-boxed elementor-section-height-default elementor-section-height-default\" data-id=\"ac775b7\" data-element_type=\"section\">\n\t\t\t\t\t\t<div class=\"elementor-container elementor-column-gap-default\">\n\t\t\t\t\t<div class=\"elementor-column elementor-col-100 elementor-top-column elementor-element elementor-element-f812071\" data-id=\"f812071\" data-element_type=\"column\">\n\t\t\t<div class=\"elementor-widget-wrap elementor-element-populated\">\n\t\t\t\t\t\t<div class=\"elementor-element elementor-element-a1e86fe elementor-widget elementor-widget-text-editor\" data-id=\"a1e86fe\" data-element_type=\"widget\" data-widget_type=\"text-editor.default\">\n\t\t\t\t<div class=\"elementor-widget-container\">\n\t\t\t\t\t\t\t<p>OBS.: Atualmente a coleta interna dos res\u00edduos org\u00e2nicos, destinados \u00e0 compostagem, est\u00e1 em processo de amplia\u00e7\u00e3o, e ainda n\u00e3o possui estrutura para atender todos os pr\u00e9dios da UFSM.<\/p><p>Nos pr\u00e9dios n\u00e3o contemplados com este sistema, os usu\u00e1rios devem descartar nos coletores de org\u00e2nicos, internos e externos, distribu\u00eddos no <em>campus<\/em> da UFSM (Figura 2).<\/p>\t\t\t\t\t\t<\/div>\n\t\t\t\t<\/div>\n\t\t\t\t\t<\/div>\n\t\t<\/div>\n\t\t\t\t\t<\/div>\n\t\t<\/section>\n\t\t\t\t<section class=\"elementor-section elementor-top-section elementor-element elementor-element-6d57fe6 elementor-section-boxed elementor-section-height-default elementor-section-height-default\" data-id=\"6d57fe6\" data-element_type=\"section\">\n\t\t\t\t\t\t<div class=\"elementor-container elementor-column-gap-default\">\n\t\t\t\t\t<div class=\"elementor-column elementor-col-100 elementor-top-column elementor-element elementor-element-2931d43\" data-id=\"2931d43\" data-element_type=\"column\">\n\t\t\t<div class=\"elementor-widget-wrap elementor-element-populated\">\n\t\t\t\t\t\t<div class=\"elementor-element elementor-element-6e988e5 elementor-widget elementor-widget-image\" data-id=\"6e988e5\" data-element_type=\"widget\" data-widget_type=\"image.default\">\n\t\t\t\t<div class=\"elementor-widget-container\">\n\t\t\t\t\t\t\t\t\t\t<figure class=\"wp-caption\">\n\t\t\t\t\t\t\t\t\t\t<img fetchpriority=\"high\" decoding=\"async\" width=\"638\" height=\"259\" src=\"https:\/\/www.ufsm.br\/app\/uploads\/sites\/343\/2022\/04\/organicos-figura-2.jpg\" class=\"attachment-medium_large size-medium_large wp-image-953\" alt=\"\" srcset=\"https:\/\/www.ufsm.br\/app\/uploads\/sites\/343\/2022\/04\/organicos-figura-2.jpg 638w, https:\/\/www.ufsm.br\/app\/uploads\/sites\/343\/2022\/04\/organicos-figura-2-300x122.jpg 300w\" sizes=\"(max-width: 638px) 100vw, 638px\" \/>\t\t\t\t\t\t\t\t\t\t\t<figcaption class=\"widget-image-caption wp-caption-text\">Figura 2 - Coletores de res\u00edduos org\u00e2nicos: a) internos, b) externos.<\/figcaption>\n\t\t\t\t\t\t\t\t\t\t<\/figure>\n\t\t\t\t\t\t\t<\/div>\n\t\t\t\t<\/div>\n\t\t\t\t\t<\/div>\n\t\t<\/div>\n\t\t\t\t\t<\/div>\n\t\t<\/section>\n\t\t\t\t<section class=\"elementor-section elementor-top-section elementor-element elementor-element-5e46f5b elementor-section-boxed elementor-section-height-default elementor-section-height-default\" data-id=\"5e46f5b\" data-element_type=\"section\">\n\t\t\t\t\t\t<div class=\"elementor-container elementor-column-gap-default\">\n\t\t\t\t\t<div class=\"elementor-column elementor-col-100 elementor-top-column elementor-element elementor-element-d923fdc\" data-id=\"d923fdc\" data-element_type=\"column\">\n\t\t\t<div class=\"elementor-widget-wrap elementor-element-populated\">\n\t\t\t\t\t\t<div class=\"elementor-element elementor-element-2642c34 elementor-widget elementor-widget-text-editor\" data-id=\"2642c34\" data-element_type=\"widget\" data-widget_type=\"text-editor.default\">\n\t\t\t\t<div class=\"elementor-widget-container\">\n\t\t\t\t\t\t\t<p>Os funcion\u00e1rios da empresa contratada para servi\u00e7os gerais na UFSM, devem recolher os sacos transparentes contendo res\u00edduos org\u00e2nicos, nos coletores internos e externos e os armazenar nos cont\u00eaineres cinzas (Figura 3).<\/p>\t\t\t\t\t\t<\/div>\n\t\t\t\t<\/div>\n\t\t\t\t\t<\/div>\n\t\t<\/div>\n\t\t\t\t\t<\/div>\n\t\t<\/section>\n\t\t\t\t<section class=\"elementor-section elementor-top-section elementor-element elementor-element-5c2bf35 elementor-section-boxed elementor-section-height-default elementor-section-height-default\" data-id=\"5c2bf35\" data-element_type=\"section\">\n\t\t\t\t\t\t<div class=\"elementor-container elementor-column-gap-default\">\n\t\t\t\t\t<div class=\"elementor-column elementor-col-100 elementor-top-column elementor-element elementor-element-57c913d\" data-id=\"57c913d\" data-element_type=\"column\">\n\t\t\t<div class=\"elementor-widget-wrap elementor-element-populated\">\n\t\t\t\t\t\t<div class=\"elementor-element elementor-element-a4f9fb5 elementor-widget__width-initial elementor-widget elementor-widget-image\" data-id=\"a4f9fb5\" data-element_type=\"widget\" data-widget_type=\"image.default\">\n\t\t\t\t<div class=\"elementor-widget-container\">\n\t\t\t\t\t\t\t\t\t\t<figure class=\"wp-caption\">\n\t\t\t\t\t\t\t\t\t\t<img decoding=\"async\" width=\"257\" height=\"300\" src=\"https:\/\/www.ufsm.br\/app\/uploads\/sites\/343\/2024\/11\/conteiner-rejeito-257x300.jpg\" class=\"attachment-medium size-medium wp-image-2636\" alt=\"\" srcset=\"https:\/\/www.ufsm.br\/app\/uploads\/sites\/343\/2024\/11\/conteiner-rejeito-257x300.jpg 257w, https:\/\/www.ufsm.br\/app\/uploads\/sites\/343\/2024\/11\/conteiner-rejeito-878x1024.jpg 878w, https:\/\/www.ufsm.br\/app\/uploads\/sites\/343\/2024\/11\/conteiner-rejeito-768x896.jpg 768w, https:\/\/www.ufsm.br\/app\/uploads\/sites\/343\/2024\/11\/conteiner-rejeito.jpg 1200w\" sizes=\"(max-width: 257px) 100vw, 257px\" \/>\t\t\t\t\t\t\t\t\t\t\t<figcaption class=\"widget-image-caption wp-caption-text\">Figura 3 - Cont\u00eaineres para rejeitos.<\/figcaption>\n\t\t\t\t\t\t\t\t\t\t<\/figure>\n\t\t\t\t\t\t\t<\/div>\n\t\t\t\t<\/div>\n\t\t\t\t\t<\/div>\n\t\t<\/div>\n\t\t\t\t\t<\/div>\n\t\t<\/section>\n\t\t\t\t<section class=\"elementor-section elementor-top-section elementor-element elementor-element-5b4f441 elementor-section-boxed elementor-section-height-default elementor-section-height-default\" data-id=\"5b4f441\" data-element_type=\"section\">\n\t\t\t\t\t\t<div class=\"elementor-container elementor-column-gap-default\">\n\t\t\t\t\t<div class=\"elementor-column elementor-col-100 elementor-top-column elementor-element elementor-element-fdd5300\" data-id=\"fdd5300\" data-element_type=\"column\">\n\t\t\t<div class=\"elementor-widget-wrap elementor-element-populated\">\n\t\t\t\t\t\t<div class=\"elementor-element elementor-element-2e955f1 elementor-widget elementor-widget-text-editor\" data-id=\"2e955f1\" data-element_type=\"widget\" data-widget_type=\"text-editor.default\">\n\t\t\t\t<div class=\"elementor-widget-container\">\n\t\t\t\t\t\t\t<p><strong><span style=\"text-decoration: underline\">PARA ONDE V\u00c3O<\/span> OS RES\u00cdDUOS ORG\u00c2NICOS GERADOS NA UFSM?<\/strong><\/p><p>A coleta dos baldes de res\u00edduos org\u00e2nicos localizados nas copas das unidades, ocorre diariamente, e s\u00e3o destinados \u00e0 usina de compostagem do Col\u00e9gio Polit\u00e9cnico da UFSM. <br \/>A coleta dos res\u00edduos org\u00e2nicos armazenados nos cont\u00eaineres pretos s\u00e3o destinados pela empresa contratada pela prefeitura municipal, onde s\u00e3o destinados ao aterro de Santa Maria.<\/p>\t\t\t\t\t\t<\/div>\n\t\t\t\t<\/div>\n\t\t\t\t\t<\/div>\n\t\t<\/div>\n\t\t\t\t\t<\/div>\n\t\t<\/section>\n\t\t\t\t<\/div>\n\t\t","protected":false},"excerpt":{"rendered":"<p>QUAIS S\u00c3O OS RES\u00cdDUOS ORG\u00c2NICOS? restos de cozinha: legumes, cascas de ovos, p\u00e3o, sacos de ch\u00e1, borra de caf\u00e9, erva mate, frutas; restos de jardins: folha, grama, caules, flores, ramos, palha, feno, apara de madeiras; outros: papel, cinza, material de varri\u00e7\u00e3o. O QUE N\u00c3O SE APLICA \u00c0 COLETA DE RES\u00cdDUOS ORG\u00c2NICOS? Gorduras, latic\u00ednios, carnes, mariscos, [&hellip;]<\/p>\n","protected":false},"author":5455,"featured_media":0,"parent":0,"menu_order":0,"comment_status":"closed","ping_status":"closed","template":"","meta":{"footnotes":""},"categories":[],"tags":[],"class_list":["post-951","page","type-page","status-publish","hentry"],"acf":[],"_links":{"self":[{"href":"https:\/\/www.ufsm.br\/pro-reitorias\/proinfra\/wp-json\/wp\/v2\/pages\/951","targetHints":{"allow":["GET"]}}],"collection":[{"href":"https:\/\/www.ufsm.br\/pro-reitorias\/proinfra\/wp-json\/wp\/v2\/pages"}],"about":[{"href":"https:\/\/www.ufsm.br\/pro-reitorias\/proinfra\/wp-json\/wp\/v2\/types\/page"}],"author":[{"embeddable":true,"href":"https:\/\/www.ufsm.br\/pro-reitorias\/proinfra\/wp-json\/wp\/v2\/users\/5455"}],"replies":[{"embeddable":true,"href":"https:\/\/www.ufsm.br\/pro-reitorias\/proinfra\/wp-json\/wp\/v2\/comments?post=951"}],"version-history":[{"count":0,"href":"https:\/\/www.ufsm.br\/pro-reitorias\/proinfra\/wp-json\/wp\/v2\/pages\/951\/revisions"}],"wp:attachment":[{"href":"https:\/\/www.ufsm.br\/pro-reitorias\/proinfra\/wp-json\/wp\/v2\/media?parent=951"}],"wp:term":[{"taxonomy":"category","embeddable":true,"href":"https:\/\/www.ufsm.br\/pro-reitorias\/proinfra\/wp-json\/wp\/v2\/categories?post=951"},{"taxonomy":"post_tag","embeddable":true,"href":"https:\/\/www.ufsm.br\/pro-reitorias\/proinfra\/wp-json\/wp\/v2\/tags?post=951"}],"curies":[{"name":"wp","href":"https:\/\/api.w.org\/{rel}","templated":true}]}}