{"id":970,"date":"2022-04-25T09:51:10","date_gmt":"2022-04-25T12:51:10","guid":{"rendered":"https:\/\/www.ufsm.br\/pro-reitorias\/proinfra\/?page_id=970"},"modified":"2022-04-25T10:02:28","modified_gmt":"2022-04-25T13:02:28","slug":"manual-orientacao-residuos-de-pilhas-e-baterias","status":"publish","type":"page","link":"https:\/\/www.ufsm.br\/pro-reitorias\/proinfra\/manual-orientacao-residuos-de-pilhas-e-baterias","title":{"rendered":"Manual Orienta\u00e7\u00e3o \u2013 Res\u00edduos de pilhas e baterias"},"content":{"rendered":"\t\t<div data-elementor-type=\"wp-page\" data-elementor-id=\"970\" class=\"elementor elementor-970\">\n\t\t\t\t\t\t<section class=\"elementor-section elementor-top-section elementor-element elementor-element-ae4833d elementor-section-boxed elementor-section-height-default elementor-section-height-default\" data-id=\"ae4833d\" data-element_type=\"section\">\n\t\t\t\t\t\t<div class=\"elementor-container elementor-column-gap-default\">\n\t\t\t\t\t<div class=\"elementor-column elementor-col-100 elementor-top-column elementor-element elementor-element-590af25\" data-id=\"590af25\" data-element_type=\"column\">\n\t\t\t<div class=\"elementor-widget-wrap elementor-element-populated\">\n\t\t\t\t\t\t<div class=\"elementor-element elementor-element-ee8d843 elementor-widget elementor-widget-text-editor\" data-id=\"ee8d843\" data-element_type=\"widget\" data-widget_type=\"text-editor.default\">\n\t\t\t\t<div class=\"elementor-widget-container\">\n\t\t\t\t\t\t\t<p><strong><span style=\"text-decoration: underline\">QUAIS S\u00c3O<\/span> OS RES\u00cdDUOS DE PILHAS E BATERIAS?<\/strong><\/p><ul><li>Res\u00edduos de pilhas e baterias <strong>geradas na UFSM<\/strong>: manuten\u00e7\u00e3o\/substitui\u00e7\u00e3o em equipamentos de uso interno da UFSM.<\/li><\/ul><p><strong>O QUE <span style=\"text-decoration: underline\">N\u00c3O SE APLICA<\/span> \u00c0 COLETA?<\/strong><\/p><p>Pilhas e baterias geradas fora das depend\u00eancias da universidade.<\/p><p><strong><span style=\"text-decoration: underline\">ONDE ARMAZENAR<\/span> OS RES\u00cdDUOS DE PILHAS E BATERIAS?<\/strong><\/p><p>PET de 2 L (Figura 1) ou 5 L sinalizadas com r\u00f3tulo de descarte de pilhas de uso institucional, distribu\u00eddos nas unidades.<\/p>\t\t\t\t\t\t<\/div>\n\t\t\t\t<\/div>\n\t\t\t\t\t<\/div>\n\t\t<\/div>\n\t\t\t\t\t<\/div>\n\t\t<\/section>\n\t\t\t\t<section class=\"elementor-section elementor-top-section elementor-element elementor-element-923ff84 elementor-section-boxed elementor-section-height-default elementor-section-height-default\" data-id=\"923ff84\" data-element_type=\"section\">\n\t\t\t\t\t\t<div class=\"elementor-container elementor-column-gap-default\">\n\t\t\t\t\t<div class=\"elementor-column elementor-col-100 elementor-top-column elementor-element elementor-element-b83b178\" data-id=\"b83b178\" data-element_type=\"column\">\n\t\t\t<div class=\"elementor-widget-wrap elementor-element-populated\">\n\t\t\t\t\t\t<div class=\"elementor-element elementor-element-c96023c elementor-widget elementor-widget-image\" data-id=\"c96023c\" data-element_type=\"widget\" data-widget_type=\"image.default\">\n\t\t\t\t<div class=\"elementor-widget-container\">\n\t\t\t\t\t\t\t\t\t\t<figure class=\"wp-caption\">\n\t\t\t\t\t\t\t\t\t\t<img fetchpriority=\"high\" decoding=\"async\" width=\"272\" height=\"332\" src=\"https:\/\/www.ufsm.br\/app\/uploads\/sites\/343\/2022\/04\/pilhas-figura-1.jpg\" class=\"attachment-medium_large size-medium_large wp-image-971\" alt=\"\" srcset=\"https:\/\/www.ufsm.br\/app\/uploads\/sites\/343\/2022\/04\/pilhas-figura-1.jpg 272w, https:\/\/www.ufsm.br\/app\/uploads\/sites\/343\/2022\/04\/pilhas-figura-1-246x300.jpg 246w\" sizes=\"(max-width: 272px) 100vw, 272px\" \/>\t\t\t\t\t\t\t\t\t\t\t<figcaption class=\"widget-image-caption wp-caption-text\">Figura 1 - PET de 2L sinalizada com r\u00f3tulo de descarte de pilhas de uso institucional.<\/figcaption>\n\t\t\t\t\t\t\t\t\t\t<\/figure>\n\t\t\t\t\t\t\t<\/div>\n\t\t\t\t<\/div>\n\t\t\t\t\t<\/div>\n\t\t<\/div>\n\t\t\t\t\t<\/div>\n\t\t<\/section>\n\t\t\t\t<section class=\"elementor-section elementor-top-section elementor-element elementor-element-b85ea31 elementor-section-boxed elementor-section-height-default elementor-section-height-default\" data-id=\"b85ea31\" data-element_type=\"section\">\n\t\t\t\t\t\t<div class=\"elementor-container elementor-column-gap-default\">\n\t\t\t\t\t<div class=\"elementor-column elementor-col-100 elementor-top-column elementor-element elementor-element-e26eb4f\" data-id=\"e26eb4f\" data-element_type=\"column\">\n\t\t\t<div class=\"elementor-widget-wrap elementor-element-populated\">\n\t\t\t\t\t\t<div class=\"elementor-element elementor-element-94a5959 elementor-widget elementor-widget-text-editor\" data-id=\"94a5959\" data-element_type=\"widget\" data-widget_type=\"text-editor.default\">\n\t\t\t\t<div class=\"elementor-widget-container\">\n\t\t\t\t\t\t\t<p><strong>PARA <span style=\"text-decoration: underline\">ONDE V\u00c3O<\/span> OS RES\u00cdDUOS DE PILHAS E BATERIAS GERADO NA UFSM?<\/strong><\/p><p>Realizar o chamado para o setor da el\u00e9trica da manuten\u00e7\u00e3o via sistema OTRS (<a href=\"https:\/\/servicos.cpd.ufsm.br\/\">https:\/\/servicos.cpd.ufsm.br\/<\/a>). Ap\u00f3s o recolhimento das embalagens por parte da Coordenadoria de Manuten\u00e7\u00e3o, a coleta \u00e9 realizada por empresa especializada que realiza a descontamina\u00e7\u00e3o e envio de alguns componentes para reciclagem e outros para aterro licenciado.<\/p>\t\t\t\t\t\t<\/div>\n\t\t\t\t<\/div>\n\t\t\t\t\t<\/div>\n\t\t<\/div>\n\t\t\t\t\t<\/div>\n\t\t<\/section>\n\t\t\t\t<\/div>\n\t\t","protected":false},"excerpt":{"rendered":"<p>QUAIS S\u00c3O OS RES\u00cdDUOS DE PILHAS E BATERIAS? Res\u00edduos de pilhas e baterias geradas na UFSM: manuten\u00e7\u00e3o\/substitui\u00e7\u00e3o em equipamentos de uso interno da UFSM. O QUE N\u00c3O SE APLICA \u00c0 COLETA? Pilhas e baterias geradas fora das depend\u00eancias da universidade. ONDE ARMAZENAR OS RES\u00cdDUOS DE PILHAS E BATERIAS? PET de 2 L (Figura 1) ou [&hellip;]<\/p>\n","protected":false},"author":5455,"featured_media":0,"parent":0,"menu_order":0,"comment_status":"closed","ping_status":"closed","template":"","meta":{"footnotes":""},"categories":[],"tags":[],"class_list":["post-970","page","type-page","status-publish","hentry"],"acf":[],"_links":{"self":[{"href":"https:\/\/www.ufsm.br\/pro-reitorias\/proinfra\/wp-json\/wp\/v2\/pages\/970","targetHints":{"allow":["GET"]}}],"collection":[{"href":"https:\/\/www.ufsm.br\/pro-reitorias\/proinfra\/wp-json\/wp\/v2\/pages"}],"about":[{"href":"https:\/\/www.ufsm.br\/pro-reitorias\/proinfra\/wp-json\/wp\/v2\/types\/page"}],"author":[{"embeddable":true,"href":"https:\/\/www.ufsm.br\/pro-reitorias\/proinfra\/wp-json\/wp\/v2\/users\/5455"}],"replies":[{"embeddable":true,"href":"https:\/\/www.ufsm.br\/pro-reitorias\/proinfra\/wp-json\/wp\/v2\/comments?post=970"}],"version-history":[{"count":0,"href":"https:\/\/www.ufsm.br\/pro-reitorias\/proinfra\/wp-json\/wp\/v2\/pages\/970\/revisions"}],"wp:attachment":[{"href":"https:\/\/www.ufsm.br\/pro-reitorias\/proinfra\/wp-json\/wp\/v2\/media?parent=970"}],"wp:term":[{"taxonomy":"category","embeddable":true,"href":"https:\/\/www.ufsm.br\/pro-reitorias\/proinfra\/wp-json\/wp\/v2\/categories?post=970"},{"taxonomy":"post_tag","embeddable":true,"href":"https:\/\/www.ufsm.br\/pro-reitorias\/proinfra\/wp-json\/wp\/v2\/tags?post=970"}],"curies":[{"name":"wp","href":"https:\/\/api.w.org\/{rel}","templated":true}]}}