{"id":5717,"date":"2023-08-18T10:33:34","date_gmt":"2023-08-18T13:33:34","guid":{"rendered":"https:\/\/www.ufsm.br\/pro-reitorias\/proinova\/?page_id=5717"},"modified":"2023-12-11T15:26:03","modified_gmt":"2023-12-11T18:26:03","slug":"compras-politica-de-inovacao","status":"publish","type":"page","link":"https:\/\/www.ufsm.br\/pro-reitorias\/proinova\/compras-politica-de-inovacao","title":{"rendered":"Compras"},"content":{"rendered":"\t\t<div data-elementor-type=\"wp-page\" data-elementor-id=\"5717\" class=\"elementor elementor-5717\">\n\t\t\t\t\t\t<section class=\"elementor-section elementor-top-section elementor-element elementor-element-918e937 elementor-section-boxed elementor-section-height-default elementor-section-height-default\" data-id=\"918e937\" data-element_type=\"section\">\n\t\t\t\t\t\t<div class=\"elementor-container elementor-column-gap-default\">\n\t\t\t\t\t<div class=\"elementor-column elementor-col-100 elementor-top-column elementor-element elementor-element-a7d65df\" data-id=\"a7d65df\" data-element_type=\"column\">\n\t\t\t<div class=\"elementor-widget-wrap elementor-element-populated\">\n\t\t\t\t\t\t<div class=\"elementor-element elementor-element-8296b71 elementor-widget elementor-widget-image\" data-id=\"8296b71\" data-element_type=\"widget\" data-widget_type=\"image.default\">\n\t\t\t\t<div class=\"elementor-widget-container\">\n\t\t\t\t\t\t\t\t\t\t\t\t\t<img fetchpriority=\"high\" decoding=\"async\" width=\"1920\" height=\"477\" src=\"https:\/\/www.ufsm.br\/app\/uploads\/sites\/399\/2023\/04\/Banners_Paginas_naao_Compras.jpg\" class=\"attachment-full size-full wp-image-5065\" alt=\"\" srcset=\"https:\/\/www.ufsm.br\/app\/uploads\/sites\/399\/2023\/04\/Banners_Paginas_naao_Compras.jpg 1920w, https:\/\/www.ufsm.br\/app\/uploads\/sites\/399\/2023\/04\/Banners_Paginas_naao_Compras-300x75.jpg 300w, https:\/\/www.ufsm.br\/app\/uploads\/sites\/399\/2023\/04\/Banners_Paginas_naao_Compras-1024x254.jpg 1024w, https:\/\/www.ufsm.br\/app\/uploads\/sites\/399\/2023\/04\/Banners_Paginas_naao_Compras-768x191.jpg 768w, https:\/\/www.ufsm.br\/app\/uploads\/sites\/399\/2023\/04\/Banners_Paginas_naao_Compras-1536x382.jpg 1536w\" sizes=\"(max-width: 1920px) 100vw, 1920px\" \/>\t\t\t\t\t\t\t\t\t\t\t\t\t<\/div>\n\t\t\t\t<\/div>\n\t\t\t\t\t<\/div>\n\t\t<\/div>\n\t\t\t\t\t<\/div>\n\t\t<\/section>\n\t\t\t\t<section class=\"elementor-section elementor-top-section elementor-element elementor-element-a1c7d29 elementor-section-boxed elementor-section-height-default elementor-section-height-default\" data-id=\"a1c7d29\" data-element_type=\"section\">\n\t\t\t\t\t\t<div class=\"elementor-container elementor-column-gap-default\">\n\t\t\t\t\t<div class=\"elementor-column elementor-col-100 elementor-top-column elementor-element elementor-element-92a94e1\" data-id=\"92a94e1\" data-element_type=\"column\">\n\t\t\t<div class=\"elementor-widget-wrap elementor-element-populated\">\n\t\t\t\t\t\t<div class=\"elementor-element elementor-element-888804b elementor-widget elementor-widget-text-editor\" data-id=\"888804b\" data-element_type=\"widget\" data-widget_type=\"text-editor.default\">\n\t\t\t\t<div class=\"elementor-widget-container\">\n\t\t\t\t\t\t\t<p>As compras ou contrata\u00e7\u00e3o de servi\u00e7os s\u00e3o feitas seguindo as regras de compras p\u00fablicas, conforme as especifica\u00e7\u00f5es da funda\u00e7\u00e3o de apoio onde est\u00e1 o recurso a ser aplicado, e com base nos detalhamentos da solicita\u00e7\u00e3o encaminhada pelo solicitante.\u00a0<\/p><p>Importante atentar para que o recebimento dos bens ou a presta\u00e7\u00e3o do servi\u00e7o ocorrem apenas ap\u00f3s a efetiva contrata\u00e7\u00e3o do fornecedor. Abaixo o formul\u00e1rio para solicita\u00e7\u00e3o da compra\/servi\u00e7o, o mesmo ap\u00f3s preenchido e assinado deve ser enviado para o N\u00facleo de Apoio Administrativo Or\u00e7amentario\/PROINOVA \u2013 proinova.financeiro@ufsm.br acompanhado dos or\u00e7amentos se houver.<\/p>\t\t\t\t\t\t<\/div>\n\t\t\t\t<\/div>\n\t\t\t\t\t<\/div>\n\t\t<\/div>\n\t\t\t\t\t<\/div>\n\t\t<\/section>\n\t\t\t\t<section class=\"elementor-section elementor-top-section elementor-element elementor-element-2de92e8 elementor-section-boxed elementor-section-height-default elementor-section-height-default\" data-id=\"2de92e8\" data-element_type=\"section\">\n\t\t\t\t\t\t<div class=\"elementor-container elementor-column-gap-default\">\n\t\t\t\t\t<div class=\"elementor-column elementor-col-50 elementor-top-column elementor-element elementor-element-ac9e4e5\" data-id=\"ac9e4e5\" data-element_type=\"column\">\n\t\t\t<div class=\"elementor-widget-wrap elementor-element-populated\">\n\t\t\t\t\t\t<div class=\"elementor-element elementor-element-91b2426 elementor-widget elementor-widget-image\" data-id=\"91b2426\" data-element_type=\"widget\" data-widget_type=\"image.default\">\n\t\t\t\t<div class=\"elementor-widget-container\">\n\t\t\t\t\t\t\t\t\t\t\t\t\t\t<a href=\"https:\/\/www.ufsm.br\/app\/uploads\/sites\/399\/2023\/12\/Formulario-para-Compra-2.docx\">\n\t\t\t\t\t\t\t<img decoding=\"async\" width=\"596\" height=\"161\" src=\"https:\/\/www.ufsm.br\/app\/uploads\/sites\/399\/2023\/04\/compra-generica_parcerias-para-inovacao-copia-8.png\" class=\"elementor-animation-shrink attachment-full size-full wp-image-5078\" alt=\"\" srcset=\"https:\/\/www.ufsm.br\/app\/uploads\/sites\/399\/2023\/04\/compra-generica_parcerias-para-inovacao-copia-8.png 596w, https:\/\/www.ufsm.br\/app\/uploads\/sites\/399\/2023\/04\/compra-generica_parcerias-para-inovacao-copia-8-300x81.png 300w\" sizes=\"(max-width: 596px) 100vw, 596px\" \/>\t\t\t\t\t\t\t\t<\/a>\n\t\t\t\t\t\t\t\t\t\t\t\t\t<\/div>\n\t\t\t\t<\/div>\n\t\t\t\t\t<\/div>\n\t\t<\/div>\n\t\t\t\t<div class=\"elementor-column elementor-col-50 elementor-top-column elementor-element elementor-element-d156fb5\" data-id=\"d156fb5\" data-element_type=\"column\">\n\t\t\t<div class=\"elementor-widget-wrap elementor-element-populated\">\n\t\t\t\t\t\t<div class=\"elementor-element elementor-element-db0f61b elementor-widget elementor-widget-image\" data-id=\"db0f61b\" data-element_type=\"widget\" data-widget_type=\"image.default\">\n\t\t\t\t<div class=\"elementor-widget-container\">\n\t\t\t\t\t\t\t\t\t\t\t\t\t\t<a href=\"https:\/\/www.ufsm.br\/app\/uploads\/sites\/399\/2023\/12\/Formulario-para-Compra-Hotel-.docx\">\n\t\t\t\t\t\t\t<img decoding=\"async\" width=\"596\" height=\"161\" src=\"https:\/\/www.ufsm.br\/app\/uploads\/sites\/399\/2023\/04\/compra-generica_parcerias-para-inovacao-copia-9.png\" class=\"elementor-animation-shrink attachment-full size-full wp-image-5077\" alt=\"\" srcset=\"https:\/\/www.ufsm.br\/app\/uploads\/sites\/399\/2023\/04\/compra-generica_parcerias-para-inovacao-copia-9.png 596w, https:\/\/www.ufsm.br\/app\/uploads\/sites\/399\/2023\/04\/compra-generica_parcerias-para-inovacao-copia-9-300x81.png 300w\" sizes=\"(max-width: 596px) 100vw, 596px\" \/>\t\t\t\t\t\t\t\t<\/a>\n\t\t\t\t\t\t\t\t\t\t\t\t\t<\/div>\n\t\t\t\t<\/div>\n\t\t\t\t\t<\/div>\n\t\t<\/div>\n\t\t\t\t\t<\/div>\n\t\t<\/section>\n\t\t\t\t<\/div>\n\t\t","protected":false},"excerpt":{"rendered":"<p>As compras ou contrata\u00e7\u00e3o de servi\u00e7os s\u00e3o feitas seguindo as regras de compras p\u00fablicas, conforme as especifica\u00e7\u00f5es da funda\u00e7\u00e3o de apoio onde est\u00e1 o recurso a ser aplicado, e com base nos detalhamentos da solicita\u00e7\u00e3o encaminhada pelo solicitante.\u00a0 Importante atentar para que o recebimento dos bens ou a presta\u00e7\u00e3o do servi\u00e7o ocorrem apenas ap\u00f3s a [&hellip;]<\/p>\n","protected":false},"author":4518,"featured_media":0,"parent":0,"menu_order":0,"comment_status":"closed","ping_status":"closed","template":"","meta":{"episode_type":"","audio_file":"","cover_image":"","cover_image_id":"","duration":"","filesize":"","date_recorded":"","explicit":"","block":"","filesize_raw":"","footnotes":""},"categories":[],"tags":[],"class_list":["post-5717","page","type-page","status-publish","hentry"],"acf":[],"_links":{"self":[{"href":"https:\/\/www.ufsm.br\/pro-reitorias\/proinova\/wp-json\/wp\/v2\/pages\/5717","targetHints":{"allow":["GET"]}}],"collection":[{"href":"https:\/\/www.ufsm.br\/pro-reitorias\/proinova\/wp-json\/wp\/v2\/pages"}],"about":[{"href":"https:\/\/www.ufsm.br\/pro-reitorias\/proinova\/wp-json\/wp\/v2\/types\/page"}],"author":[{"embeddable":true,"href":"https:\/\/www.ufsm.br\/pro-reitorias\/proinova\/wp-json\/wp\/v2\/users\/4518"}],"replies":[{"embeddable":true,"href":"https:\/\/www.ufsm.br\/pro-reitorias\/proinova\/wp-json\/wp\/v2\/comments?post=5717"}],"version-history":[{"count":0,"href":"https:\/\/www.ufsm.br\/pro-reitorias\/proinova\/wp-json\/wp\/v2\/pages\/5717\/revisions"}],"wp:attachment":[{"href":"https:\/\/www.ufsm.br\/pro-reitorias\/proinova\/wp-json\/wp\/v2\/media?parent=5717"}],"wp:term":[{"taxonomy":"category","embeddable":true,"href":"https:\/\/www.ufsm.br\/pro-reitorias\/proinova\/wp-json\/wp\/v2\/categories?post=5717"},{"taxonomy":"post_tag","embeddable":true,"href":"https:\/\/www.ufsm.br\/pro-reitorias\/proinova\/wp-json\/wp\/v2\/tags?post=5717"}],"curies":[{"name":"wp","href":"https:\/\/api.w.org\/{rel}","templated":true}]}}