{"id":1454,"date":"2023-09-29T14:10:45","date_gmt":"2023-09-29T17:10:45","guid":{"rendered":"https:\/\/www.ufsm.br\/pro-reitorias\/proplan\/gap\/?page_id=1454"},"modified":"2023-09-29T15:55:15","modified_gmt":"2023-09-29T18:55:15","slug":"comites-ou-comissoes","status":"publish","type":"page","link":"https:\/\/www.ufsm.br\/pro-reitorias\/proplan\/gap\/comites-ou-comissoes","title":{"rendered":"Comit\u00eas e Comiss\u00f5es"},"content":{"rendered":"\t\t<div data-elementor-type=\"wp-page\" data-elementor-id=\"1454\" class=\"elementor elementor-1454\">\n\t\t\t\t\t\t<section class=\"elementor-section elementor-top-section elementor-element elementor-element-baa7b0b elementor-section-boxed elementor-section-height-default elementor-section-height-default\" data-id=\"baa7b0b\" data-element_type=\"section\">\n\t\t\t\t\t\t<div class=\"elementor-container elementor-column-gap-default\">\n\t\t\t\t\t<div class=\"elementor-column elementor-col-25 elementor-top-column elementor-element elementor-element-a5331db\" data-id=\"a5331db\" data-element_type=\"column\">\n\t\t\t<div class=\"elementor-widget-wrap elementor-element-populated\">\n\t\t\t\t\t\t<div class=\"elementor-element elementor-element-5779e8e elementor-view-default elementor-position-top elementor-mobile-position-top elementor-widget elementor-widget-icon-box\" data-id=\"5779e8e\" data-element_type=\"widget\" data-widget_type=\"icon-box.default\">\n\t\t\t\t<div class=\"elementor-widget-container\">\n\t\t\t\t\t<div class=\"elementor-icon-box-wrapper\">\n\n\t\t\t\t\t\t<div class=\"elementor-icon-box-icon\">\n\t\t\t\t<a href=\"https:\/\/www.ufsm.br\/pro-reitorias\/prpgp\/cep\" class=\"elementor-icon elementor-animation-\" tabindex=\"-1\">\n\t\t\t\t<i aria-hidden=\"true\" class=\"fas fa-child\"><\/i>\t\t\t\t<\/a>\n\t\t\t<\/div>\n\t\t\t\n\t\t\t\t\t\t<div class=\"elementor-icon-box-content\">\n\n\t\t\t\t\t\t\t\t\t<h3 class=\"elementor-icon-box-title\">\n\t\t\t\t\t\t<a href=\"https:\/\/www.ufsm.br\/pro-reitorias\/prpgp\/cep\" >\n\t\t\t\t\t\t\tComit\u00ea de \u00c9tica em Pesquisa com Seres Humanos - CEP\t\t\t\t\t\t<\/a>\n\t\t\t\t\t<\/h3>\n\t\t\t\t\n\t\t\t\t\n\t\t\t<\/div>\n\t\t\t\n\t\t<\/div>\n\t\t\t\t<\/div>\n\t\t\t\t<\/div>\n\t\t\t\t\t<\/div>\n\t\t<\/div>\n\t\t\t\t<div class=\"elementor-column elementor-col-25 elementor-top-column elementor-element elementor-element-a42c930\" data-id=\"a42c930\" data-element_type=\"column\">\n\t\t\t<div class=\"elementor-widget-wrap elementor-element-populated\">\n\t\t\t\t\t\t<div class=\"elementor-element elementor-element-fdb5065 elementor-view-default elementor-position-top elementor-mobile-position-top elementor-widget elementor-widget-icon-box\" data-id=\"fdb5065\" data-element_type=\"widget\" data-widget_type=\"icon-box.default\">\n\t\t\t\t<div class=\"elementor-widget-container\">\n\t\t\t\t\t<div class=\"elementor-icon-box-wrapper\">\n\n\t\t\t\t\t\t<div class=\"elementor-icon-box-icon\">\n\t\t\t\t<a href=\"https:\/\/www.ufsm.br\/pro-reitorias\/prpgp\/ceua\" class=\"elementor-icon elementor-animation-\" tabindex=\"-1\">\n\t\t\t\t<i aria-hidden=\"true\" class=\"fas fa-cat\"><\/i>\t\t\t\t<\/a>\n\t\t\t<\/div>\n\t\t\t\n\t\t\t\t\t\t<div class=\"elementor-icon-box-content\">\n\n\t\t\t\t\t\t\t\t\t<h3 class=\"elementor-icon-box-title\">\n\t\t\t\t\t\t<a href=\"https:\/\/www.ufsm.br\/pro-reitorias\/prpgp\/ceua\" >\n\t\t\t\t\t\t\tComit\u00ea de \u00c9tica no Uso de Animais - CEUA\t\t\t\t\t\t<\/a>\n\t\t\t\t\t<\/h3>\n\t\t\t\t\n\t\t\t\t\n\t\t\t<\/div>\n\t\t\t\n\t\t<\/div>\n\t\t\t\t<\/div>\n\t\t\t\t<\/div>\n\t\t\t\t\t<\/div>\n\t\t<\/div>\n\t\t\t\t<div class=\"elementor-column elementor-col-25 elementor-top-column elementor-element elementor-element-a4973ba\" data-id=\"a4973ba\" data-element_type=\"column\">\n\t\t\t<div class=\"elementor-widget-wrap elementor-element-populated\">\n\t\t\t\t\t\t<div class=\"elementor-element elementor-element-ea29e0e elementor-view-default elementor-position-top elementor-mobile-position-top elementor-widget elementor-widget-icon-box\" data-id=\"ea29e0e\" data-element_type=\"widget\" data-widget_type=\"icon-box.default\">\n\t\t\t\t<div class=\"elementor-widget-container\">\n\t\t\t\t\t<div class=\"elementor-icon-box-wrapper\">\n\n\t\t\t\t\t\t<div class=\"elementor-icon-box-icon\">\n\t\t\t\t<a href=\"https:\/\/www.ufsm.br\/pro-reitorias\/prpgp\/biosseguranca\" class=\"elementor-icon elementor-animation-\" tabindex=\"-1\">\n\t\t\t\t<i aria-hidden=\"true\" class=\"fas fa-biohazard\"><\/i>\t\t\t\t<\/a>\n\t\t\t<\/div>\n\t\t\t\n\t\t\t\t\t\t<div class=\"elementor-icon-box-content\">\n\n\t\t\t\t\t\t\t\t\t<h3 class=\"elementor-icon-box-title\">\n\t\t\t\t\t\t<a href=\"https:\/\/www.ufsm.br\/pro-reitorias\/prpgp\/biosseguranca\" >\n\t\t\t\t\t\t\tComiss\u00e3o Interna de Biosseguran\u00e7a - CIBio\t\t\t\t\t\t<\/a>\n\t\t\t\t\t<\/h3>\n\t\t\t\t\n\t\t\t\t\n\t\t\t<\/div>\n\t\t\t\n\t\t<\/div>\n\t\t\t\t<\/div>\n\t\t\t\t<\/div>\n\t\t\t\t\t<\/div>\n\t\t<\/div>\n\t\t\t\t<div class=\"elementor-column elementor-col-25 elementor-top-column elementor-element elementor-element-bcd573c\" data-id=\"bcd573c\" data-element_type=\"column\">\n\t\t\t<div class=\"elementor-widget-wrap elementor-element-populated\">\n\t\t\t\t\t\t<div class=\"elementor-element elementor-element-046fdae elementor-view-default elementor-position-top elementor-mobile-position-top elementor-widget elementor-widget-icon-box\" data-id=\"046fdae\" data-element_type=\"widget\" data-widget_type=\"icon-box.default\">\n\t\t\t\t<div class=\"elementor-widget-container\">\n\t\t\t\t\t<div class=\"elementor-icon-box-wrapper\">\n\n\t\t\t\t\t\t<div class=\"elementor-icon-box-icon\">\n\t\t\t\t<a href=\"https:\/\/www.ufsm.br\/pro-reitorias\/prpgp\/patrimonio-genetico\" class=\"elementor-icon elementor-animation-\" tabindex=\"-1\">\n\t\t\t\t<i aria-hidden=\"true\" class=\"fas fa-dna\"><\/i>\t\t\t\t<\/a>\n\t\t\t<\/div>\n\t\t\t\n\t\t\t\t\t\t<div class=\"elementor-icon-box-content\">\n\n\t\t\t\t\t\t\t\t\t<h3 class=\"elementor-icon-box-title\">\n\t\t\t\t\t\t<a href=\"https:\/\/www.ufsm.br\/pro-reitorias\/prpgp\/patrimonio-genetico\" >\n\t\t\t\t\t\t\tPatrim\u00f4nio Gen\u00e9tico - SisGen\t\t\t\t\t\t<\/a>\n\t\t\t\t\t<\/h3>\n\t\t\t\t\n\t\t\t\t\n\t\t\t<\/div>\n\t\t\t\n\t\t<\/div>\n\t\t\t\t<\/div>\n\t\t\t\t<\/div>\n\t\t\t\t\t<\/div>\n\t\t<\/div>\n\t\t\t\t\t<\/div>\n\t\t<\/section>\n\t\t\t\t<section class=\"elementor-section elementor-top-section elementor-element elementor-element-0981986 elementor-section-boxed elementor-section-height-default elementor-section-height-default\" data-id=\"0981986\" data-element_type=\"section\">\n\t\t\t\t\t\t<div class=\"elementor-container elementor-column-gap-default\">\n\t\t\t\t\t<div class=\"elementor-column elementor-col-25 elementor-top-column elementor-element elementor-element-b948144\" data-id=\"b948144\" data-element_type=\"column\">\n\t\t\t<div class=\"elementor-widget-wrap elementor-element-populated\">\n\t\t\t\t\t\t<div class=\"elementor-element elementor-element-85d3d59 elementor-widget elementor-widget-text-editor\" data-id=\"85d3d59\" data-element_type=\"widget\" data-widget_type=\"text-editor.default\">\n\t\t\t\t<div class=\"elementor-widget-container\">\n\t\t\t\t\t\t\t<p style=\"text-align: center\">cep.ufsm@ufsm.br<\/p>\t\t\t\t\t\t<\/div>\n\t\t\t\t<\/div>\n\t\t\t\t\t<\/div>\n\t\t<\/div>\n\t\t\t\t<div class=\"elementor-column elementor-col-25 elementor-top-column elementor-element elementor-element-d9c7b11\" data-id=\"d9c7b11\" data-element_type=\"column\">\n\t\t\t<div class=\"elementor-widget-wrap elementor-element-populated\">\n\t\t\t\t\t\t<div class=\"elementor-element elementor-element-a8ac86d elementor-widget elementor-widget-text-editor\" data-id=\"a8ac86d\" data-element_type=\"widget\" data-widget_type=\"text-editor.default\">\n\t\t\t\t<div class=\"elementor-widget-container\">\n\t\t\t\t\t\t\t<p style=\"text-align: center\">ceua@ufsm.br<\/p>\t\t\t\t\t\t<\/div>\n\t\t\t\t<\/div>\n\t\t\t\t\t<\/div>\n\t\t<\/div>\n\t\t\t\t<div class=\"elementor-column elementor-col-25 elementor-top-column elementor-element elementor-element-59cfe09\" data-id=\"59cfe09\" data-element_type=\"column\">\n\t\t\t<div class=\"elementor-widget-wrap elementor-element-populated\">\n\t\t\t\t\t\t<div class=\"elementor-element elementor-element-680a315 elementor-widget elementor-widget-text-editor\" data-id=\"680a315\" data-element_type=\"widget\" data-widget_type=\"text-editor.default\">\n\t\t\t\t<div class=\"elementor-widget-container\">\n\t\t\t\t\t\t\t<p style=\"text-align: center\">cibio@ufsm.br<\/p>\t\t\t\t\t\t<\/div>\n\t\t\t\t<\/div>\n\t\t\t\t\t<\/div>\n\t\t<\/div>\n\t\t\t\t<div class=\"elementor-column elementor-col-25 elementor-top-column elementor-element elementor-element-2616074\" data-id=\"2616074\" data-element_type=\"column\">\n\t\t\t<div class=\"elementor-widget-wrap\">\n\t\t\t\t\t\t\t<\/div>\n\t\t<\/div>\n\t\t\t\t\t<\/div>\n\t\t<\/section>\n\t\t\t\t<section class=\"elementor-section elementor-top-section elementor-element elementor-element-9582cbe elementor-section-boxed elementor-section-height-default elementor-section-height-default\" data-id=\"9582cbe\" data-element_type=\"section\">\n\t\t\t\t\t\t<div class=\"elementor-container elementor-column-gap-default\">\n\t\t\t\t\t<div class=\"elementor-column elementor-col-100 elementor-top-column elementor-element elementor-element-dac8ba7\" data-id=\"dac8ba7\" data-element_type=\"column\">\n\t\t\t<div class=\"elementor-widget-wrap elementor-element-populated\">\n\t\t\t\t\t\t<div class=\"elementor-element elementor-element-615934b elementor-widget elementor-widget-text-editor\" data-id=\"615934b\" data-element_type=\"widget\" data-widget_type=\"text-editor.default\">\n\t\t\t\t<div class=\"elementor-widget-container\">\n\t\t\t\t\t\t\t<p>Mais informa\u00e7\u00f5es atrav\u00e9s do\u00a0<strong>Telefone:\u00a0<\/strong>(55) 3220-9362<\/p>\t\t\t\t\t\t<\/div>\n\t\t\t\t<\/div>\n\t\t\t\t\t<\/div>\n\t\t<\/div>\n\t\t\t\t\t<\/div>\n\t\t<\/section>\n\t\t\t\t<section class=\"elementor-section elementor-top-section elementor-element elementor-element-d93fc18 elementor-section-boxed elementor-section-height-default elementor-section-height-default\" data-id=\"d93fc18\" data-element_type=\"section\">\n\t\t\t\t\t\t<div class=\"elementor-container elementor-column-gap-default\">\n\t\t\t\t\t<div class=\"elementor-column elementor-col-100 elementor-top-column elementor-element elementor-element-7ec4a81\" data-id=\"7ec4a81\" data-element_type=\"column\">\n\t\t\t<div class=\"elementor-widget-wrap elementor-element-populated\">\n\t\t\t\t\t\t<div class=\"elementor-element elementor-element-0f05a35 elementor-widget elementor-widget-heading\" data-id=\"0f05a35\" data-element_type=\"widget\" data-widget_type=\"heading.default\">\n\t\t\t\t<div class=\"elementor-widget-container\">\n\t\t\t<h2 class=\"elementor-heading-title elementor-size-default\"><h5>Informa\u00e7\u00f5es importantes para projetos que envolvem seres humanos, animais, OGMs e\/ou patrim\u00f4nio gen\u00e9tico:<\/h5><\/h2>\t\t<\/div>\n\t\t\t\t<\/div>\n\t\t\t\t\t<\/div>\n\t\t<\/div>\n\t\t\t\t\t<\/div>\n\t\t<\/section>\n\t\t\t\t<section class=\"elementor-section elementor-top-section elementor-element elementor-element-4ed52e3 elementor-section-boxed elementor-section-height-default elementor-section-height-default\" data-id=\"4ed52e3\" data-element_type=\"section\">\n\t\t\t\t\t\t<div class=\"elementor-container elementor-column-gap-default\">\n\t\t\t\t\t<div class=\"elementor-column elementor-col-100 elementor-top-column elementor-element elementor-element-2c8de6e\" data-id=\"2c8de6e\" data-element_type=\"column\">\n\t\t\t<div class=\"elementor-widget-wrap elementor-element-populated\">\n\t\t\t\t\t\t<div class=\"elementor-element elementor-element-b6e9510 elementor-widget elementor-widget-text-editor\" data-id=\"b6e9510\" data-element_type=\"widget\" data-widget_type=\"text-editor.default\">\n\t\t\t\t<div class=\"elementor-widget-container\">\n\t\t\t\t\t\t\t<table style=\"border-collapse: collapse;width: 64.3776%;height: 1184px\"><tbody><tr><td style=\"width: 86.6719px\">\u00a0<\/td><td style=\"width: 123.609px;text-align: center\"><span style=\"font-size: 8pt\"><strong>CEUA<\/strong><\/span><\/td><td style=\"width: 123.328px;text-align: center\"><span style=\"font-size: 8pt\"><strong>CEP<\/strong><\/span><\/td><td style=\"width: 126.266px;text-align: center\"><span style=\"font-size: 8pt\"><strong>CIBio<\/strong><\/span><\/td><td style=\"width: 80.1094px;text-align: center\"><span style=\"font-size: 8pt\"><strong>PG e\/ou CTA<\/strong><\/span><\/td><\/tr><tr><td style=\"width: 86.6719px;text-align: center\"><span style=\"font-size: 10pt\"><strong>Sujeitos de estudo<\/strong><\/span><\/td><td style=\"width: 123.609px\"><span style=\"font-size: 8pt\">Animais (filo Chordata e subfilo Vertebrata), exceto humanos<\/span><\/td><td style=\"width: 123.328px;text-align: center\"><span style=\"font-size: 8pt\">Seres Humanos<\/span><\/td><td style=\"width: 126.266px;text-align: center\"><span style=\"font-size: 8pt\">Organismos Geneticamente Modificados (OGM) e derivados<\/span><\/td><td style=\"width: 80.1094px;text-align: center\"><p align=\"center\"><span style=\"font-size: 8pt\">PG ou CTA nacional<\/span><\/p><\/td><\/tr><tr><td style=\"width: 86.6719px;text-align: center\"><span style=\"font-size: 10pt\"><strong>Tipo projeto\/ atividades<\/strong><\/span><\/td><td style=\"width: 123.609px;text-align: center\"><span style=\"font-size: 8pt\">Ensino, Pesquisa e Extens\u00e3o<\/span><\/td><td style=\"width: 123.328px;text-align: center\"><span style=\"font-size: 8pt\">Pesquisa<\/span><\/td><td style=\"width: 126.266px;text-align: center\"><span style=\"font-size: 8pt\">Ensino, Pesquisa e Extens\u00e3o<\/span><\/td><td style=\"width: 80.1094px;text-align: center\"><p align=\"center\"><span style=\"font-size: 8pt\">Atividades de pesquisa ou desenvolvimento tecnol\u00f3gico com PG ou CTA<\/span><\/p><\/td><\/tr><tr><td style=\"width: 86.6719px;text-align: center\"><span style=\"font-size: 10pt\"><strong>Sistema de registro<\/strong><\/span><\/td><td style=\"width: 123.609px;text-align: center\"><span style=\"font-size: 8pt\"><a href=\"http:\/\/ceuaonline.ufsm.br\/\">Ceuaonline<\/a><\/span><\/td><td style=\"width: 123.328px;text-align: center\"><span style=\"font-size: 8pt\"><a href=\"https:\/\/plataformabrasil.saude.gov.br\/login.jsf\">Plataforma Brasil<\/a><\/span><\/td><td style=\"width: 126.266px;text-align: center\"><p><span style=\"font-size: 8pt\"><a href=\"https:\/\/portal.ufsm.br\/documentos\/mainMenu.html\">PEN-SIE<\/a><\/span><\/p><ul><li style=\"text-align: left\"><span style=\"font-size: 8pt\">&#8220;Solicita\u00e7\u00e3o de inclus\u00e3o do laborat\u00f3rio no CQB da UFSM junto \u00e0 CTNBio (263.1)&#8221;<\/span><\/li><li style=\"text-align: left\"><span style=\"font-size: 8pt\">&#8220;Solicita\u00e7\u00e3o de autoriza\u00e7\u00e3o da CIBio para realizar atividades com OGMs (263.1)\u00a0<\/span><\/li><\/ul><\/td><td style=\"width: 80.1094px;text-align: center\"><span style=\"font-size: 8pt\"><a href=\"https:\/\/sisgen.gov.br\/paginas\/login.aspx\">SisGen<\/a><\/span><\/td><\/tr><tr><td style=\"width: 86.6719px;text-align: center\"><span style=\"font-size: 10pt\"><strong>Documentos obrigat\u00f3rios para 1\u00aa submiss\u00e3o<\/strong><\/span><\/td><td style=\"width: 123.609px;text-align: left\"><ul><li><span style=\"font-size: 8pt\">Termo de compromisso;<\/span><\/li><li><span style=\"font-size: 8pt\">Registro Portal de Projetos\/GaP;<\/span><\/li><li><span style=\"font-size: 8pt\">Termo de responsabilidade;<\/span><\/li><li><span style=\"font-size: 8pt\">Delineamento esquematizado e refer\u00eancias completas;<\/span><\/li><li><span style=\"font-size: 8pt\">Formul\u00e1rio unificado (somente para atividades pr\u00e1ticas de ensino e projeto de ensino);<\/span><\/li><li><span style=\"font-size: 8pt\">TCLE para propriet\u00e1rios dos animais (quando forem inclu\u00eddos na proposta animais de produ\u00e7\u00e3o ou de companhia, dom\u00e9sticos ou silvestres);<\/span><\/li><li><p align=\"left\"><span style=\"font-size: 8pt\">autoriza\u00e7\u00e3o SisBio (no caso de envolver animais de vida livre \u2013 silvestres)<\/span><\/p><\/li><\/ul><\/td><td style=\"width: 123.328px;text-align: center\"><ul><li><p align=\"left\"><span style=\"font-size: 8pt\">Folha de rosto (emitida pela Plataforma Brasil)<\/span><\/p><\/li><li><p align=\"left\"><span style=\"font-size: 8pt\">Comprovante de registro no GAP<\/span><\/p><\/li><li><p align=\"left\"><span style=\"font-size: 8pt\">Termo de confidencialidade<\/span><\/p><\/li><li><p align=\"left\"><span style=\"font-size: 8pt\">Termo de consentimento livre e esclarecido ou solicita\u00e7\u00e3o de dispensa<\/span><\/p><\/li><li><p align=\"left\"><span style=\"font-size: 8pt\">Termo de assentimento livre e esclarecido, quando envolver crian\u00e7as e adolescentes<\/span><\/p><\/li><li><p align=\"left\"><span style=\"font-size: 8pt\">Projeto completo<\/span><\/p><\/li><\/ul><p align=\"left\"><span style=\"font-size: 8pt\"><u>Documentos eventuais<\/u><\/span><\/p><ul><li><p align=\"left\"><span style=\"font-size: 8pt\">Autoriza\u00e7\u00e3o da institui\u00e7\u00e3o onde os dados ser\u00e3o coletados<\/span><\/p><\/li><\/ul><\/td><td style=\"width: 126.266px;text-align: center\"><p align=\"left\"><span style=\"font-size: 8pt\"><u>Inclus\u00e3o do laborat\u00f3rio (unidade operativa) no CQB da UFSM<\/u><\/span><\/p><ul><li><p align=\"left\"><span style=\"font-size: 8pt\"><a href=\"https:\/\/www.ufsm.br\/app\/uploads\/sites\/345\/2023\/05\/2023-Extensao_de_CQB.docx\"><span style=\"color: #204c90\">Formul\u00e1rio para solicita\u00e7\u00e3o de extens\u00e3o de CQB<\/span><\/a>.<\/span><\/p><\/li><li><p align=\"left\"><span style=\"font-size: 8pt\"><a href=\"https:\/\/www.ufsm.br\/app\/uploads\/sites\/345\/2023\/05\/2023-Declaracao.docx\"><span style=\"color: #204c90\">Declara\u00e7\u00e3o de infraestrutura para extens\u00e3o de CQB<\/span><\/a>.<\/span><\/p><\/li><li><p align=\"left\"><span style=\"font-size: 8pt\">Planta baixa do laborat\u00f3rio ou unidade operativa.<\/span><\/p><\/li><li><p align=\"left\"><span style=\"font-size: 8pt\">Curr\u00edculo lattes ou vitae dos participantes.<\/span><\/p><\/li><\/ul><p align=\"left\"><span style=\"font-size: 8pt\"><u>Autoriza\u00e7\u00e3o para o desenvolvimento das atividades<\/u><\/span><\/p><ul><li><p align=\"left\"><span style=\"font-size: 8pt\"><a href=\"https:\/\/www.ufsm.br\/app\/uploads\/sites\/345\/2023\/05\/2023-Autorizacao_para_atividades_com_OGM.docx\"><span style=\"color: #204c90\">Formul\u00e1rio de solicita\u00e7\u00e3o de autoriza\u00e7\u00e3o para atividades com OGMs<\/span><\/a>.<\/span><\/p><\/li><li><p align=\"left\"><span style=\"font-size: 8pt\"><a href=\"https:\/\/www.ufsm.br\/app\/uploads\/sites\/345\/2023\/05\/2023-TERMO_DE_RESPONSABILIDADE.docx\"><span style=\"color: #204c90\">Termo de Responsabilidade<\/span><\/a>.<\/span><\/p><\/li><li><p align=\"left\"><span style=\"font-size: 8pt\">Curr\u00edculo lattes ou vitae dos participantes. <\/span><\/p><\/li><\/ul><\/td><td style=\"width: 80.1094px\"><p align=\"left\"><span style=\"font-size: 8pt\">O comprovante de cadastro do projeto no SisGEn ou a <a href=\"https:\/\/www.ufsm.br\/app\/uploads\/sites\/345\/2022\/08\/Declaracao_compromisso.docx\"><span style=\"color: #204c90\">Declara\u00e7\u00e3o de Compromisso de cadastrar atividade no SisGen<\/span><\/a> devem ser anexados junto ao registro do projeto no Portal de Projetos (GAP)<\/span><\/p><\/td><\/tr><\/tbody><\/table><p>Veja a <a href=\"https:\/\/www.ufsm.br\/pro-reitorias\/proplan\/gap\/pagina-inicial\/seminario-etica-pm\" rel=\"attachment wp-att-1448\">tabela completa<\/a>. Atualiza\u00e7\u00e3o em 25\/09\/2023.<\/p>\t\t\t\t\t\t<\/div>\n\t\t\t\t<\/div>\n\t\t\t\t\t<\/div>\n\t\t<\/div>\n\t\t\t\t\t<\/div>\n\t\t<\/section>\n\t\t\t\t<\/div>\n\t\t","protected":false},"excerpt":{"rendered":"<p>Comit\u00ea de \u00c9tica em Pesquisa com Seres Humanos &#8211; CEP Comit\u00ea de \u00c9tica no Uso de Animais &#8211; CEUA Comiss\u00e3o Interna de Biosseguran\u00e7a &#8211; CIBio Patrim\u00f4nio Gen\u00e9tico &#8211; SisGen cep.ufsm@ufsm.br ceua@ufsm.br cibio@ufsm.br Mais informa\u00e7\u00f5es atrav\u00e9s do&nbsp;Telefone:&nbsp;(55) 3220-9362 Informa\u00e7\u00f5es importantes para projetos que envolvem seres humanos, animais, OGMs e\/ou patrim\u00f4nio gen\u00e9tico: &nbsp; CEUA CEP CIBio PG [&hellip;]<\/p>\n","protected":false},"author":2697,"featured_media":0,"parent":0,"menu_order":0,"comment_status":"closed","ping_status":"closed","template":"","meta":{"footnotes":""},"categories":[],"tags":[],"class_list":["post-1454","page","type-page","status-publish","hentry"],"acf":[],"_links":{"self":[{"href":"https:\/\/www.ufsm.br\/pro-reitorias\/proplan\/gap\/wp-json\/wp\/v2\/pages\/1454","targetHints":{"allow":["GET"]}}],"collection":[{"href":"https:\/\/www.ufsm.br\/pro-reitorias\/proplan\/gap\/wp-json\/wp\/v2\/pages"}],"about":[{"href":"https:\/\/www.ufsm.br\/pro-reitorias\/proplan\/gap\/wp-json\/wp\/v2\/types\/page"}],"author":[{"embeddable":true,"href":"https:\/\/www.ufsm.br\/pro-reitorias\/proplan\/gap\/wp-json\/wp\/v2\/users\/2697"}],"replies":[{"embeddable":true,"href":"https:\/\/www.ufsm.br\/pro-reitorias\/proplan\/gap\/wp-json\/wp\/v2\/comments?post=1454"}],"version-history":[{"count":0,"href":"https:\/\/www.ufsm.br\/pro-reitorias\/proplan\/gap\/wp-json\/wp\/v2\/pages\/1454\/revisions"}],"wp:attachment":[{"href":"https:\/\/www.ufsm.br\/pro-reitorias\/proplan\/gap\/wp-json\/wp\/v2\/media?parent=1454"}],"wp:term":[{"taxonomy":"category","embeddable":true,"href":"https:\/\/www.ufsm.br\/pro-reitorias\/proplan\/gap\/wp-json\/wp\/v2\/categories?post=1454"},{"taxonomy":"post_tag","embeddable":true,"href":"https:\/\/www.ufsm.br\/pro-reitorias\/proplan\/gap\/wp-json\/wp\/v2\/tags?post=1454"}],"curies":[{"name":"wp","href":"https:\/\/api.w.org\/{rel}","templated":true}]}}