{"id":388,"date":"2021-05-05T15:25:58","date_gmt":"2021-05-05T18:25:58","guid":{"rendered":"https:\/\/www.ufsm.br\/pro-reitorias\/proplan\/gap\/?page_id=388"},"modified":"2021-05-06T10:29:01","modified_gmt":"2021-05-06T13:29:01","slug":"comissoes-ct","status":"publish","type":"page","link":"https:\/\/www.ufsm.br\/pro-reitorias\/proplan\/gap\/comissoes-ct","title":{"rendered":"Comiss\u00f5es CT"},"content":{"rendered":"\n<p>O Centro de Tecnologia conta com tr\u00eas Comiss\u00f5es:<\/p>\n<ul>\n<li>Comiss\u00e3o de Ensino<\/li>\n<li>Comiss\u00e3o de Pesquisa<\/li>\n<li>Comiss\u00e3o de Extens\u00e3o<\/li>\n<\/ul>\n<p>As equipes das Comiss\u00f5es est\u00e3o sendo recompostas, devido \u00e0 publica\u00e7\u00e3o do <a href=\"http:\/\/www.planalto.gov.br\/ccivil_03\/_ato2019-2022\/2019\/decreto\/D9759.htm#:~:text=DECRETO%20N%C2%BA%209.759%2C%20DE%2011%20DE%20ABRIL%20DE%202019&amp;text=Extingue%20e%20estabelece%20diretrizes%2C%20regras,colegiados%20da%20administra%C3%A7%C3%A3o%20p%C3%BAblica%20federal.\" target=\"_blank\" rel=\"noopener\">Decreto n\u00ba 9.759\/2019<\/a>. Assim que a as portarias foram divulgadas, as equipes ser\u00e3o divulgadas aqui.<\/p>\n","protected":false},"excerpt":{"rendered":"<p>O Centro de Tecnologia conta com tr\u00eas Comiss\u00f5es: Comiss\u00e3o de Ensino Comiss\u00e3o de Pesquisa Comiss\u00e3o de Extens\u00e3o As equipes das Comiss\u00f5es est\u00e3o sendo recompostas, devido \u00e0 publica\u00e7\u00e3o do Decreto n\u00ba 9.759\/2019. Assim que a as portarias foram divulgadas, as equipes ser\u00e3o divulgadas aqui.<\/p>\n","protected":false},"author":223,"featured_media":0,"parent":0,"menu_order":0,"comment_status":"closed","ping_status":"closed","template":"","meta":{"footnotes":""},"categories":[],"tags":[],"class_list":["post-388","page","type-page","status-publish","hentry"],"acf":[],"_links":{"self":[{"href":"https:\/\/www.ufsm.br\/pro-reitorias\/proplan\/gap\/wp-json\/wp\/v2\/pages\/388","targetHints":{"allow":["GET"]}}],"collection":[{"href":"https:\/\/www.ufsm.br\/pro-reitorias\/proplan\/gap\/wp-json\/wp\/v2\/pages"}],"about":[{"href":"https:\/\/www.ufsm.br\/pro-reitorias\/proplan\/gap\/wp-json\/wp\/v2\/types\/page"}],"author":[{"embeddable":true,"href":"https:\/\/www.ufsm.br\/pro-reitorias\/proplan\/gap\/wp-json\/wp\/v2\/users\/223"}],"replies":[{"embeddable":true,"href":"https:\/\/www.ufsm.br\/pro-reitorias\/proplan\/gap\/wp-json\/wp\/v2\/comments?post=388"}],"version-history":[{"count":0,"href":"https:\/\/www.ufsm.br\/pro-reitorias\/proplan\/gap\/wp-json\/wp\/v2\/pages\/388\/revisions"}],"wp:attachment":[{"href":"https:\/\/www.ufsm.br\/pro-reitorias\/proplan\/gap\/wp-json\/wp\/v2\/media?parent=388"}],"wp:term":[{"taxonomy":"category","embeddable":true,"href":"https:\/\/www.ufsm.br\/pro-reitorias\/proplan\/gap\/wp-json\/wp\/v2\/categories?post=388"},{"taxonomy":"post_tag","embeddable":true,"href":"https:\/\/www.ufsm.br\/pro-reitorias\/proplan\/gap\/wp-json\/wp\/v2\/tags?post=388"}],"curies":[{"name":"wp","href":"https:\/\/api.w.org\/{rel}","templated":true}]}}