{"id":578,"date":"2021-06-11T16:48:20","date_gmt":"2021-06-11T19:48:20","guid":{"rendered":"https:\/\/www.ufsm.br\/pro-reitorias\/proplan\/gap\/?page_id=578"},"modified":"2022-04-27T15:22:22","modified_gmt":"2022-04-27T18:22:22","slug":"modelos-e-formularios-2","status":"publish","type":"page","link":"https:\/\/www.ufsm.br\/pro-reitorias\/proplan\/gap\/modelos-e-formularios-2","title":{"rendered":"Modelos e Formul\u00e1rios"},"content":{"rendered":"<h5>Modelos para Registro de Projetos<\/h5>\n<ul>\n<li><a href=\"https:\/\/www.ufsm.br\/app\/uploads\/sites\/344\/2020\/09\/Modelo_Projeto_Ensino_Pesquisa_Desenv.Institucional.doc\" target=\"_blank\" rel=\"noopener\">Modelo de Projeto de Ensino ou Pesquisa ou Desenvolvimento Institucional (arquivo .doc, Tamanho 131KB)<\/a><\/li>\n<li><a href=\"https:\/\/www.ufsm.br\/app\/uploads\/sites\/344\/2020\/09\/Modelo-Projeto-Extensao-IN-001-2019.doc\">Modelo de Projeto de Extens\u00e3o\u00a0 (arquivo .doc, Tamanho 101KB)<\/a><\/li>\n<li><a href=\"https:\/\/www.ufsm.br\/pro-reitorias\/proplan\/wp-content\/uploads\/sites\/344\/2018\/08\/modelo_relatorio_projetos.doc\">Modelo de Relat\u00f3rio de Projetos (Parcial\/Final) (arquivo .doc, Tamanho 88KB)<\/a><\/li>\n<\/ul>\n<h5>Modelos FATEC<\/h5>\n<ul>\n<li><a href=\"https:\/\/www.ufsm.br\/pro-reitorias\/proplan\/wp-content\/uploads\/sites\/344\/2018\/08\/Plano.de_.Trabalho.Empresa-UFSM.docx\">Plano de Trabalho Empresa (arquivo .doc, Tamanho 110KB)<\/a><\/li>\n<li><a href=\"https:\/\/www.ufsm.br\/pro-reitorias\/proplan\/wp-content\/uploads\/sites\/344\/2018\/08\/Plano.de_.Trabalho.TRIPARTITE.Empresa-UFSM-FATEC.docx\">Plano de Trabalho Tripartite, Empresa-UFSM-FATEC\u00a0(arquivo .doc, Tamanho 105KB)<\/a><\/li>\n<li><a href=\"https:\/\/www.ufsm.br\/pro-reitorias\/proplan\/wp-content\/uploads\/sites\/344\/2018\/08\/Plano_de_Trabalho_Intern._Regional_Medicina_1_aluno_mes.docx\">Plano de Trabalho Intern. Regional Medicina 1 aluno_mes (arquivo .doc, Tamanho\u00a0 84 KB)<\/a><\/li>\n<li><a href=\"https:\/\/www.ufsm.br\/pro-reitorias\/proplan\/wp-content\/uploads\/sites\/344\/2018\/08\/FATEC_Modelo_TA_troca_de_fiscal_ou_coordenador.docx\">FATEC Modelo TA troca de fiscal ou coordenador (arquivo .doc, Tamanho 70KB)<\/a><\/li>\n<li><a href=\"https:\/\/www.ufsm.br\/pro-reitorias\/proplan\/wp-content\/uploads\/sites\/344\/2018\/08\/fatec_troca_de_fiscal_e_coordenador.docx\">FATEC troca de fiscal e coordenador (arquivo .doc, Tamanho 71KB)<\/a><\/li>\n<li><a href=\"https:\/\/www.ufsm.br\/pro-reitorias\/proplan\/wp-content\/uploads\/sites\/344\/2018\/08\/FATEC-Modelo_Relatorio_Tecnico_Final.doc\">Relat\u00f3rio Presta\u00e7\u00e3o de Contas-FATEC (arquivo .doc, Tamanho 57KB)<\/a><\/li>\n<\/ul>\n<h5>Documentos para celebra\u00e7\u00e3o de parcerias<\/h5>\n<p>Sugere-se consultar os documentos disponibilizados na:<\/p>\n<ul>\n<li>p\u00e1gina da\u00a0<a href=\"https:\/\/www.ufsm.br\/orgaos-executivos\/agittec\/\" target=\"_blank\" rel=\"noopener\">Ag\u00eancia de Inova\u00e7\u00e3o e Transfer\u00eancia de Tecnologia (AGITTEC)<\/a>, na se\u00e7\u00e3o\u00a0<a href=\"https:\/\/www.ufsm.br\/orgaos-executivos\/agittec\/documentos-e-processos-2\/\" target=\"_blank\" rel=\"noopener\">Documento e Processos<\/a>; e<\/li>\n<li>p\u00e1gina da\u00a0<a href=\"https:\/\/www.ufsm.br\/pro-reitorias\/proplan\/coproc\/\" target=\"_blank\" rel=\"noopener\">Coordenadoria de Projetos e Conv\u00eanios (COPROC)<\/a>\u00a0da\u00a0\u00a0<a href=\"https:\/\/www.ufsm.br\/pro-reitorias\/proplan\/\" target=\"_blank\" rel=\"noopener\">Pr\u00f3-Reitoria de Planejamento (PROPLAN)<\/a>.<\/li>\n<\/ul>\n<p>Outros documentos importantes s\u00e3o listados a seguir:<\/p>\n<ul>\n<li><a href=\"https:\/\/www.ufsm.br\/unidades-universitarias\/ccr\/wp-content\/uploads\/sites\/370\/2019\/10\/Passo_a_Passo__Processos_de_Dispensa_de_Licitacao_Projeto_GLOBAL.pdf\">Passo a passo de instru\u00e7\u00e3o de processos de contrata\u00e7\u00e3o de Funda\u00e7\u00e3o de Apoio para execu\u00e7\u00e3o de projetos<\/a><\/li>\n<li><a href=\"https:\/\/www.ufsm.br\/unidades-universitarias\/ccr\/wp-content\/uploads\/sites\/370\/2019\/05\/Plano-de-Trabalho-de-Empresa.docx\" target=\"_blank\" rel=\"noopener\">Plano de Trabalho de Empresa<\/a><\/li>\n<li><a href=\"https:\/\/www.ufsm.br\/unidades-universitarias\/ccr\/wp-content\/uploads\/sites\/370\/2019\/10\/Plano.de_.Trabalho.TRIPARTITE.Empresa-UFSM-FATEC-1.docx\">Plano de Trabalho Tripartite: Empresa-UFSM-FATEC<\/a><\/li>\n<li><a href=\"https:\/\/www.ufsm.br\/unidades-universitarias\/ccr\/wp-content\/uploads\/sites\/370\/2019\/10\/01C-Modelo_de_Memorando_solicitando_a_contratacao.doc\">Modelo de Memorando motivando\/solicitando a contrata\u00e7\u00e3o e indicando o supervisor financeiro (para Projeto Global)<\/a><\/li>\n<li><a href=\"https:\/\/www.ufsm.br\/unidades-universitarias\/ccr\/wp-content\/uploads\/sites\/370\/2019\/10\/02A-Modelo_de_Memorando_solicitando_a_contratacao.doc\">Modelo de Memorando motivando\/solicitando a contrata\u00e7\u00e3o e indicando o supervisor financeiro (para Projeto Tripartite)<\/a><\/li>\n<li><a href=\"https:\/\/www.ufsm.br\/unidades-universitarias\/ccr\/wp-content\/uploads\/sites\/370\/2019\/10\/R2_Arquivo_06_DECLARACAO_COORDENADOR.doc\">Declara\u00e7\u00e3o do Coordenador do projeto (para Projeto Tripartite)<\/a><\/li>\n<li><a href=\"https:\/\/www.ufsm.br\/unidades-universitarias\/ccr\/wp-content\/uploads\/sites\/370\/2019\/10\/Arquivo_05_DECLARACAO_COORDENADOR.doc\">Declara\u00e7\u00e3o do Coordenador do projeto (para Projeto Global)<\/a><\/li>\n<li><a href=\"https:\/\/www.ufsm.br\/unidades-universitarias\/ccr\/wp-content\/uploads\/sites\/370\/2019\/10\/Arquivo_06_DECLARAO__SUPERVISOR__FINANCEIRO-1.doc\">Declara\u00e7\u00e3o do Supervisor Financeiro do projeto (para Projeto Global)<\/a><\/li>\n<li><a href=\"https:\/\/www.ufsm.br\/unidades-universitarias\/ccr\/wp-content\/uploads\/sites\/370\/2019\/10\/R2_Arquivo_07_DECLARAO__SUPERVISOR__FINANCEIRO.doc\">Declara\u00e7\u00e3o do Supervisor Financeiro do projeto (para Projeto Tripartite)<\/a><\/li>\n<li><a href=\"https:\/\/www.ufsm.br\/unidades-universitarias\/ccr\/wp-content\/uploads\/sites\/370\/2019\/05\/FATEC-Modelo-TA-troca-de-fiscal-ou-coordenador.docx\" target=\"_blank\" rel=\"noopener\">Modelo de troca de fiscal ou coordenador<\/a><\/li>\n<li><a href=\"https:\/\/www.ufsm.br\/unidades-universitarias\/ccr\/wp-content\/uploads\/sites\/370\/2019\/05\/Relat%C3%B3rio-Presta%C3%A7%C3%A3o-de-Contas-FATEC.doc\" target=\"_blank\" rel=\"noopener\">Relat\u00f3rio Presta\u00e7\u00e3o de Contas-FATEC<\/a><\/li>\n<\/ul>\n","protected":false},"excerpt":{"rendered":"<p>Modelos para Registro de Projetos Modelo de Projeto de Ensino ou Pesquisa ou Desenvolvimento Institucional (arquivo .doc, Tamanho 131KB) Modelo de Projeto de Extens\u00e3o\u00a0 (arquivo .doc, Tamanho 101KB) Modelo de Relat\u00f3rio de Projetos (Parcial\/Final) (arquivo .doc, Tamanho 88KB) Modelos FATEC Plano de Trabalho Empresa (arquivo .doc, Tamanho 110KB) Plano de Trabalho Tripartite, Empresa-UFSM-FATEC\u00a0(arquivo .doc, Tamanho [&hellip;]<\/p>\n","protected":false},"author":2815,"featured_media":0,"parent":0,"menu_order":0,"comment_status":"closed","ping_status":"closed","template":"","meta":{"footnotes":""},"categories":[43],"tags":[],"class_list":["post-578","page","type-page","status-publish","hentry","category-noticias-ccsh"],"acf":[],"_links":{"self":[{"href":"https:\/\/www.ufsm.br\/pro-reitorias\/proplan\/gap\/wp-json\/wp\/v2\/pages\/578","targetHints":{"allow":["GET"]}}],"collection":[{"href":"https:\/\/www.ufsm.br\/pro-reitorias\/proplan\/gap\/wp-json\/wp\/v2\/pages"}],"about":[{"href":"https:\/\/www.ufsm.br\/pro-reitorias\/proplan\/gap\/wp-json\/wp\/v2\/types\/page"}],"author":[{"embeddable":true,"href":"https:\/\/www.ufsm.br\/pro-reitorias\/proplan\/gap\/wp-json\/wp\/v2\/users\/2815"}],"replies":[{"embeddable":true,"href":"https:\/\/www.ufsm.br\/pro-reitorias\/proplan\/gap\/wp-json\/wp\/v2\/comments?post=578"}],"version-history":[{"count":0,"href":"https:\/\/www.ufsm.br\/pro-reitorias\/proplan\/gap\/wp-json\/wp\/v2\/pages\/578\/revisions"}],"wp:attachment":[{"href":"https:\/\/www.ufsm.br\/pro-reitorias\/proplan\/gap\/wp-json\/wp\/v2\/media?parent=578"}],"wp:term":[{"taxonomy":"category","embeddable":true,"href":"https:\/\/www.ufsm.br\/pro-reitorias\/proplan\/gap\/wp-json\/wp\/v2\/categories?post=578"},{"taxonomy":"post_tag","embeddable":true,"href":"https:\/\/www.ufsm.br\/pro-reitorias\/proplan\/gap\/wp-json\/wp\/v2\/tags?post=578"}],"curies":[{"name":"wp","href":"https:\/\/api.w.org\/{rel}","templated":true}]}}

Modelos e Formulários

<h5>Modelos para Registro de Projetos</h5>
<ul>
<li><a href="https://www.ufsm.br/app/uploads/sites/344/2020/09/Modelo_Projeto_Ensino_Pesquisa_Desenv.Institucional.doc" target="_blank" rel="noopener">Modelo de Projeto de Ensino ou Pesquisa ou Desenvolvimento Institucional (arquivo .doc, Tamanho 131KB)</a></li>
<li><a href="https://www.ufsm.br/app/uploads/sites/344/2020/09/Modelo-Projeto-Extensao-IN-001-2019.doc">Modelo de Projeto de Extensão  (arquivo .doc, Tamanho 101KB)</a></li>
<li><a href="https://www.ufsm.br/pro-reitorias/proplan/wp-content/uploads/sites/344/2018/08/modelo_relatorio_projetos.doc">Modelo de Relatório de Projetos (Parcial/Final) (arquivo .doc, Tamanho 88KB)</a></li>
</ul>
<h5>Modelos FATEC</h5>
<ul>
<li><a href="https://www.ufsm.br/pro-reitorias/proplan/wp-content/uploads/sites/344/2018/08/Plano.de_.Trabalho.Empresa-UFSM.docx">Plano de Trabalho Empresa (arquivo .doc, Tamanho 110KB)</a></li>
<li><a href="https://www.ufsm.br/pro-reitorias/proplan/wp-content/uploads/sites/344/2018/08/Plano.de_.Trabalho.TRIPARTITE.Empresa-UFSM-FATEC.docx">Plano de Trabalho Tripartite, Empresa-UFSM-FATEC (arquivo .doc, Tamanho 105KB)</a></li>
<li><a href="https://www.ufsm.br/pro-reitorias/proplan/wp-content/uploads/sites/344/2018/08/Plano_de_Trabalho_Intern._Regional_Medicina_1_aluno_mes.docx">Plano de Trabalho Intern. Regional Medicina 1 aluno_mes (arquivo .doc, Tamanho  84 KB)</a></li>
<li><a href="https://www.ufsm.br/pro-reitorias/proplan/wp-content/uploads/sites/344/2018/08/FATEC_Modelo_TA_troca_de_fiscal_ou_coordenador.docx">FATEC Modelo TA troca de fiscal ou coordenador (arquivo .doc, Tamanho 70KB)</a></li>
<li><a href="https://www.ufsm.br/pro-reitorias/proplan/wp-content/uploads/sites/344/2018/08/fatec_troca_de_fiscal_e_coordenador.docx">FATEC troca de fiscal e coordenador (arquivo .doc, Tamanho 71KB)</a></li>
<li><a href="https://www.ufsm.br/pro-reitorias/proplan/wp-content/uploads/sites/344/2018/08/FATEC-Modelo_Relatorio_Tecnico_Final.doc">Relatório Prestação de Contas-FATEC (arquivo .doc, Tamanho 57KB)</a></li>
</ul>
<h5>Documentos para celebração de parcerias</h5>
<p>Sugere-se consultar os documentos disponibilizados na:</p>
<ul>
<li>página da <a href="https://www.ufsm.br/orgaos-executivos/agittec/" target="_blank" rel="noopener">Agência de Inovação e Transferência de Tecnologia (AGITTEC)</a>, na seção <a href="https://www.ufsm.br/orgaos-executivos/agittec/documentos-e-processos-2/" target="_blank" rel="noopener">Documento e Processos</a>; e</li>
<li>página da <a href="https://www.ufsm.br/pro-reitorias/proplan/coproc/" target="_blank" rel="noopener">Coordenadoria de Projetos e Convênios (COPROC)</a> da  <a href="https://www.ufsm.br/pro-reitorias/proplan/" target="_blank" rel="noopener">Pró-Reitoria de Planejamento (PROPLAN)</a>.</li>
</ul>
<p>Outros documentos importantes são listados a seguir:</p>
<ul>
<li><a href="https://www.ufsm.br/unidades-universitarias/ccr/wp-content/uploads/sites/370/2019/10/Passo_a_Passo__Processos_de_Dispensa_de_Licitacao_Projeto_GLOBAL.pdf">Passo a passo de instrução de processos de contratação de Fundação de Apoio para execução de projetos</a></li>
<li><a href="https://www.ufsm.br/unidades-universitarias/ccr/wp-content/uploads/sites/370/2019/05/Plano-de-Trabalho-de-Empresa.docx" target="_blank" rel="noopener">Plano de Trabalho de Empresa</a></li>
<li><a href="https://www.ufsm.br/unidades-universitarias/ccr/wp-content/uploads/sites/370/2019/10/Plano.de_.Trabalho.TRIPARTITE.Empresa-UFSM-FATEC-1.docx">Plano de Trabalho Tripartite: Empresa-UFSM-FATEC</a></li>
<li><a href="https://www.ufsm.br/unidades-universitarias/ccr/wp-content/uploads/sites/370/2019/10/01C-Modelo_de_Memorando_solicitando_a_contratacao.doc">Modelo de Memorando motivando/solicitando a contratação e indicando o supervisor financeiro (para Projeto Global)</a></li>
<li><a href="https://www.ufsm.br/unidades-universitarias/ccr/wp-content/uploads/sites/370/2019/10/02A-Modelo_de_Memorando_solicitando_a_contratacao.doc">Modelo de Memorando motivando/solicitando a contratação e indicando o supervisor financeiro (para Projeto Tripartite)</a></li>
<li><a href="https://www.ufsm.br/unidades-universitarias/ccr/wp-content/uploads/sites/370/2019/10/R2_Arquivo_06_DECLARACAO_COORDENADOR.doc">Declaração do Coordenador do projeto (para Projeto Tripartite)</a></li>
<li><a href="https://www.ufsm.br/unidades-universitarias/ccr/wp-content/uploads/sites/370/2019/10/Arquivo_05_DECLARACAO_COORDENADOR.doc">Declaração do Coordenador do projeto (para Projeto Global)</a></li>
<li><a href="https://www.ufsm.br/unidades-universitarias/ccr/wp-content/uploads/sites/370/2019/10/Arquivo_06_DECLARAO__SUPERVISOR__FINANCEIRO-1.doc">Declaração do Supervisor Financeiro do projeto (para Projeto Global)</a></li>
<li><a href="https://www.ufsm.br/unidades-universitarias/ccr/wp-content/uploads/sites/370/2019/10/R2_Arquivo_07_DECLARAO__SUPERVISOR__FINANCEIRO.doc">Declaração do Supervisor Financeiro do projeto (para Projeto Tripartite)</a></li>
<li><a href="https://www.ufsm.br/unidades-universitarias/ccr/wp-content/uploads/sites/370/2019/05/FATEC-Modelo-TA-troca-de-fiscal-ou-coordenador.docx" target="_blank" rel="noopener">Modelo de troca de fiscal ou coordenador</a></li>
<li><a href="https://www.ufsm.br/unidades-universitarias/ccr/wp-content/uploads/sites/370/2019/05/Relat%C3%B3rio-Presta%C3%A7%C3%A3o-de-Contas-FATEC.doc" target="_blank" rel="noopener">Relatório Prestação de Contas-FATEC</a></li>
</ul>

<p>Modelos para Registro de Projetos Modelo de Projeto de Ensino ou Pesquisa ou Desenvolvimento Institucional (arquivo .doc, Tamanho 131KB) Modelo de Projeto de Extensão  (arquivo .doc, Tamanho 101KB) Modelo de Relatório de Projetos (Parcial/Final) (arquivo .doc, Tamanho 88KB) Modelos FATEC Plano de Trabalho Empresa (arquivo .doc, Tamanho 110KB) Plano de Trabalho Tripartite, Empresa-UFSM-FATEC (arquivo .doc, Tamanho [&hellip;]</p>
