{"id":880,"date":"2022-09-01T11:22:07","date_gmt":"2022-09-01T14:22:07","guid":{"rendered":"https:\/\/www.ufsm.br\/pro-reitorias\/proplan\/gap\/?page_id=880"},"modified":"2022-11-25T08:43:29","modified_gmt":"2022-11-25T11:43:29","slug":"pesquisas-via-questionarios-do-portal","status":"publish","type":"page","link":"https:\/\/www.ufsm.br\/pro-reitorias\/proplan\/gap\/pesquisas-via-questionarios-do-portal","title":{"rendered":"Pesquisas via question\u00e1rios do portal"},"content":{"rendered":"\t\t<div data-elementor-type=\"wp-page\" data-elementor-id=\"880\" class=\"elementor elementor-880\">\n\t\t\t\t\t\t<section class=\"elementor-section elementor-top-section elementor-element elementor-element-4e7bfa5 elementor-section-boxed elementor-section-height-default elementor-section-height-default\" data-id=\"4e7bfa5\" data-element_type=\"section\">\n\t\t\t\t\t\t<div class=\"elementor-container elementor-column-gap-default\">\n\t\t\t\t\t<div class=\"elementor-column elementor-col-100 elementor-top-column elementor-element elementor-element-f256c97\" data-id=\"f256c97\" data-element_type=\"column\">\n\t\t\t<div class=\"elementor-widget-wrap elementor-element-populated\">\n\t\t\t\t\t\t<div class=\"elementor-element elementor-element-434c884 elementor-widget elementor-widget-text-editor\" data-id=\"434c884\" data-element_type=\"widget\" data-widget_type=\"text-editor.default\">\n\t\t\t\t<div class=\"elementor-widget-container\">\n\t\t\t\t\t\t\t<p>Para realiza\u00e7\u00e3o de pesquisas acad\u00eamicas que envolvem o sistema de question\u00e1rios da UFSM \u00e9 necess\u00e1rio enviar o <a href=\"https:\/\/www.ufsm.br\/app\/uploads\/sites\/819\/2022\/09\/Formulario-para-envio-de-lista-de-E-mails-via-Sistema-CPD.doc\">Formul\u00e1rio-para-envio-de-lista-de-E-mails-via-Sistema-CPD<\/a> via PEN-SIE.<\/p><div>O envio deve ser feito exclusivamente via PEN para an\u00e1lise e assinatura pelo Coordenador de Pesquisa.<\/div><div>Se o parecer for\u00a0 favor\u00e1vel o PEN ser\u00e1 devolvido ao solicitante para que o mesmo abra ao Ticket junto ao CPD para a realiza\u00e7\u00e3o da pesquisa.<\/div><div>\u00a0<\/div><div>Verifique <a href=\"https:\/\/www.ufsm.br\/app\/uploads\/sites\/345\/2019\/03\/Normativa-envio-e-mails-CPD.pdf\">Normativa<\/a><\/div>\t\t\t\t\t\t<\/div>\n\t\t\t\t<\/div>\n\t\t\t\t\t<\/div>\n\t\t<\/div>\n\t\t\t\t\t<\/div>\n\t\t<\/section>\n\t\t\t\t<\/div>\n\t\t","protected":false},"excerpt":{"rendered":"<p>Para realiza\u00e7\u00e3o de pesquisas acad\u00eamicas que envolvem o sistema de question\u00e1rios da UFSM \u00e9 necess\u00e1rio enviar o Formul\u00e1rio-para-envio-de-lista-de-E-mails-via-Sistema-CPD via PEN-SIE. O envio deve ser feito exclusivamente via PEN para an\u00e1lise e assinatura pelo Coordenador de Pesquisa.Se o parecer for\u00a0 favor\u00e1vel o PEN ser\u00e1 devolvido ao solicitante para que o mesmo abra ao Ticket junto ao [&hellip;]<\/p>\n","protected":false},"author":2697,"featured_media":0,"parent":0,"menu_order":0,"comment_status":"closed","ping_status":"closed","template":"","meta":{"footnotes":""},"categories":[],"tags":[],"class_list":["post-880","page","type-page","status-publish","hentry"],"acf":[],"_links":{"self":[{"href":"https:\/\/www.ufsm.br\/pro-reitorias\/proplan\/gap\/wp-json\/wp\/v2\/pages\/880","targetHints":{"allow":["GET"]}}],"collection":[{"href":"https:\/\/www.ufsm.br\/pro-reitorias\/proplan\/gap\/wp-json\/wp\/v2\/pages"}],"about":[{"href":"https:\/\/www.ufsm.br\/pro-reitorias\/proplan\/gap\/wp-json\/wp\/v2\/types\/page"}],"author":[{"embeddable":true,"href":"https:\/\/www.ufsm.br\/pro-reitorias\/proplan\/gap\/wp-json\/wp\/v2\/users\/2697"}],"replies":[{"embeddable":true,"href":"https:\/\/www.ufsm.br\/pro-reitorias\/proplan\/gap\/wp-json\/wp\/v2\/comments?post=880"}],"version-history":[{"count":0,"href":"https:\/\/www.ufsm.br\/pro-reitorias\/proplan\/gap\/wp-json\/wp\/v2\/pages\/880\/revisions"}],"wp:attachment":[{"href":"https:\/\/www.ufsm.br\/pro-reitorias\/proplan\/gap\/wp-json\/wp\/v2\/media?parent=880"}],"wp:term":[{"taxonomy":"category","embeddable":true,"href":"https:\/\/www.ufsm.br\/pro-reitorias\/proplan\/gap\/wp-json\/wp\/v2\/categories?post=880"},{"taxonomy":"post_tag","embeddable":true,"href":"https:\/\/www.ufsm.br\/pro-reitorias\/proplan\/gap\/wp-json\/wp\/v2\/tags?post=880"}],"curies":[{"name":"wp","href":"https:\/\/api.w.org\/{rel}","templated":true}]}}