{"id":36,"date":"2018-12-18T19:23:11","date_gmt":"2018-12-18T21:23:11","guid":{"rendered":"https:\/\/www.ufsm.br\/pro-reitorias\/proplan\/pdi\/?page_id=36"},"modified":"2018-12-18T19:23:14","modified_gmt":"2018-12-18T21:23:14","slug":"modernizacao-e-desenvolvimento-organizacional","status":"publish","type":"page","link":"https:\/\/www.ufsm.br\/pro-reitorias\/proplan\/pdi\/modernizacao-e-desenvolvimento-organizacional","title":{"rendered":"Moderniza\u00e7\u00e3o e desenvolvimento organizacional"},"content":{"rendered":"\n<p>O Desafio 5 \u2013 Moderniza\u00e7\u00e3o e desenvolvimento organizacional possui\u00a0<strong>16 objetivos estrat\u00e9gicos<\/strong>, sendo um na dimens\u00e3o Alunos e sociedade, sete na dimens\u00e3o Processos, cinco na dimens\u00e3o Aprendizado e infraestrutura e tr\u00eas na dimens\u00e3o Sustentabilidade financeira.<\/p>\n<p>O\u00a0<strong>\u00fanico objetivo da dimens\u00e3o Alunos e Sociedade<\/strong>\u00a0est\u00e1 relacionado ao uso de boas pr\u00e1ticas de governan\u00e7a, voltadas para a transpar\u00eancia e profissionaliza\u00e7\u00e3o administrativa da institui\u00e7\u00e3o.<\/p>\n<p>Dentre os\u00a0<strong>7 objetivos da dimens\u00e3o Processos<\/strong>\u00a0h\u00e1 um relacionado \u00e0 estrutura administrativa e dimensionamento de pessoal. Al\u00e9m disso, h\u00e1 tamb\u00e9m objetivos no sentido de melhorar os processos institucionais, considerando de maneira especial as particularidades dos diferentes n\u00edveis de ensino e a realidade multi-campi da institui\u00e7\u00e3o. H\u00e1 ainda um objetivo relacionado \u00e0 comunica\u00e7\u00e3o institucional, que tem reflexo em diferentes aspectos da institui\u00e7\u00e3o, sejam eles internos ou externos \u00e0 Universidade. Outro objetivo \u00e9 para atuar em parceria com outras institui\u00e7\u00f5es no intuito de desenvolver e trocar informa\u00e7\u00f5es sobre pr\u00e1ticas de gest\u00e3o. H\u00e1 tamb\u00e9m um objetivo relacionado a desenvolver projetos de pesquisa aplicados \u00e0 realidade da UFSM e, por fim, um objetivo para fortalecer as rela\u00e7\u00f5es institucionais da Universidade com a sociedade.<\/p>\n<p>Dentre os\u00a0<strong>5 objetivos da dimens\u00e3o Aprendizado e infraestrutura<\/strong>\u00a0h\u00e1 tr\u00eas relacionados \u00e0 gest\u00e3o de pessoas e outros dois sobre infraestrutura. Nos objetivos de infraestrutura, h\u00e1 um sobre Tecnologia da Informa\u00e7\u00e3o e outro sobre a infraestrutura e log\u00edstica de forma geral. Na \u00e1rea de gest\u00e3o de pessoas, um objetivo \u00e9 para desenvolver compet\u00eancias gerenciais, t\u00e9cnicas e de lideran\u00e7a e outro \u00e9 no sentido de possuir um sistema de sele\u00e7\u00e3o e progress\u00e3o capaz de equilibrar ensino, pesquisa e extens\u00e3o, considerando ainda as diferentes \u00e1reas e n\u00edveis de ensino. O \u00faltimo \u00e9 para desenvolver uma cultura de comprometimento organizacional<\/p>\n<p>Os\u00a0<strong>3 objetivos da dimens\u00e3o Sustentabilidade financeira<\/strong>\u00a0s\u00e3o voltados para quest\u00f5es or\u00e7ament\u00e1rias, relacionadas a aumentar o or\u00e7amento que a Universidade recebe do governo federal, al\u00e9m de potencializar a capta\u00e7\u00e3o de recursos externos e, ao mesmo tempo, desenvolver uma gest\u00e3o or\u00e7ament\u00e1ria transparente, eficiente e capaz de servir de suporte para executar a estrat\u00e9gia institucional.<img decoding=\"async\" src=\"https:\/\/www.ufsm.br\/pro-reitorias\/proplan\/pdi\/wp-content\/uploads\/sites\/500\/2018\/12\/MapaDesafio5-1024x609.png\" \/><\/p>\n","protected":false},"excerpt":{"rendered":"<p>O Desafio 5 \u2013 Moderniza\u00e7\u00e3o e desenvolvimento organizacional possui\u00a016 objetivos estrat\u00e9gicos, sendo um na dimens\u00e3o Alunos e sociedade, sete na dimens\u00e3o Processos, cinco na dimens\u00e3o Aprendizado e infraestrutura e tr\u00eas na dimens\u00e3o Sustentabilidade financeira. O\u00a0\u00fanico objetivo da dimens\u00e3o Alunos e Sociedade\u00a0est\u00e1 relacionado ao uso de boas pr\u00e1ticas de governan\u00e7a, voltadas para a transpar\u00eancia e profissionaliza\u00e7\u00e3o [&hellip;]<\/p>\n","protected":false},"author":118,"featured_media":0,"parent":0,"menu_order":0,"comment_status":"closed","ping_status":"closed","template":"","meta":{"footnotes":""},"categories":[],"tags":[],"class_list":["post-36","page","type-page","status-publish","hentry"],"acf":[],"_links":{"self":[{"href":"https:\/\/www.ufsm.br\/pro-reitorias\/proplan\/pdi\/wp-json\/wp\/v2\/pages\/36","targetHints":{"allow":["GET"]}}],"collection":[{"href":"https:\/\/www.ufsm.br\/pro-reitorias\/proplan\/pdi\/wp-json\/wp\/v2\/pages"}],"about":[{"href":"https:\/\/www.ufsm.br\/pro-reitorias\/proplan\/pdi\/wp-json\/wp\/v2\/types\/page"}],"author":[{"embeddable":true,"href":"https:\/\/www.ufsm.br\/pro-reitorias\/proplan\/pdi\/wp-json\/wp\/v2\/users\/118"}],"replies":[{"embeddable":true,"href":"https:\/\/www.ufsm.br\/pro-reitorias\/proplan\/pdi\/wp-json\/wp\/v2\/comments?post=36"}],"version-history":[{"count":0,"href":"https:\/\/www.ufsm.br\/pro-reitorias\/proplan\/pdi\/wp-json\/wp\/v2\/pages\/36\/revisions"}],"wp:attachment":[{"href":"https:\/\/www.ufsm.br\/pro-reitorias\/proplan\/pdi\/wp-json\/wp\/v2\/media?parent=36"}],"wp:term":[{"taxonomy":"category","embeddable":true,"href":"https:\/\/www.ufsm.br\/pro-reitorias\/proplan\/pdi\/wp-json\/wp\/v2\/categories?post=36"},{"taxonomy":"post_tag","embeddable":true,"href":"https:\/\/www.ufsm.br\/pro-reitorias\/proplan\/pdi\/wp-json\/wp\/v2\/tags?post=36"}],"curies":[{"name":"wp","href":"https:\/\/api.w.org\/{rel}","templated":true}]}}