{"id":1009,"date":"2018-07-09T10:13:16","date_gmt":"2018-07-09T13:13:16","guid":{"rendered":"https:\/\/www.ufsm.br\/pro-reitorias\/proplan\/?page_id=1009"},"modified":"2024-07-30T09:39:26","modified_gmt":"2024-07-30T12:39:26","slug":"coplai","status":"publish","type":"page","link":"https:\/\/www.ufsm.br\/pro-reitorias\/proplan\/coplai","title":{"rendered":"Coordenadoria de Planejamento e Avalia\u00e7\u00e3o Institucional (COPLAI)"},"content":{"rendered":"\t\t<div data-elementor-type=\"wp-post\" data-elementor-id=\"1009\" class=\"elementor elementor-1009\">\n\t\t\t\t\t\t<section class=\"elementor-section elementor-top-section elementor-element elementor-element-619799d4 elementor-section-boxed elementor-section-height-default elementor-section-height-default\" data-id=\"619799d4\" data-element_type=\"section\">\n\t\t\t\t\t\t<div class=\"elementor-container elementor-column-gap-default\">\n\t\t\t\t\t<div class=\"elementor-column elementor-col-100 elementor-top-column elementor-element elementor-element-25da2208\" data-id=\"25da2208\" data-element_type=\"column\">\n\t\t\t<div class=\"elementor-widget-wrap elementor-element-populated\">\n\t\t\t\t\t\t<div class=\"elementor-element elementor-element-655130cd elementor-widget elementor-widget-text-editor\" data-id=\"655130cd\" data-element_type=\"widget\" data-widget_type=\"text-editor.default\">\n\t\t\t\t<div class=\"elementor-widget-container\">\n\t\t\t\t\t\t\t<p>A <strong>Coordenadoria de Planejamento e Avalia\u00e7\u00e3o Institucional (COPLAI)<\/strong> desenvolve atividades ligadas aos processos de planejamento e autoavalia\u00e7\u00e3o da UFSM, sendo parte integrante da estrutura organizacional da Pr\u00f3-Reitoria de Planejamento (PROPLAN).<\/p><p>As atividades que desenvolve encontram amparo legal na Lei N\u00ba 10.861, de 14 de abril de 2004, na Portaria N\u00ba 46, de 10 de Janeiro de 2005, no Decreto Lei N\u00ba 5773, de 09 de maio de 2006, na Portaria Normativa N\u00ba 23, de 1\u00ba de dezembro de 2010 e na Portaria Normativa N\u00ba 40, de 12 de dezembro de 2007, tendo como intuito a implementa\u00e7\u00e3o e o apoio \u00e0 din\u00e2mica de funcionamento dos processos de planejamento e autoavalia\u00e7\u00e3o da UFSM.<\/p>\t\t\t\t\t\t<\/div>\n\t\t\t\t<\/div>\n\t\t\t\t\t<\/div>\n\t\t<\/div>\n\t\t\t\t\t<\/div>\n\t\t<\/section>\n\t\t\t\t<section class=\"elementor-section elementor-top-section elementor-element elementor-element-17691b6 elementor-section-boxed elementor-section-height-default elementor-section-height-default\" data-id=\"17691b6\" data-element_type=\"section\">\n\t\t\t\t\t\t<div class=\"elementor-container elementor-column-gap-default\">\n\t\t\t\t\t<div class=\"elementor-column elementor-col-100 elementor-top-column elementor-element elementor-element-68b28ab\" data-id=\"68b28ab\" data-element_type=\"column\">\n\t\t\t<div class=\"elementor-widget-wrap elementor-element-populated\">\n\t\t\t\t\t\t<div class=\"elementor-element elementor-element-c84f3bd elementor-align-justify elementor-widget elementor-widget-button\" data-id=\"c84f3bd\" data-element_type=\"widget\" data-widget_type=\"button.default\">\n\t\t\t\t<div class=\"elementor-widget-container\">\n\t\t\t\t\t\t\t<div class=\"elementor-button-wrapper\">\n\t\t\t\t\t<a class=\"elementor-button elementor-button-link elementor-size-sm\" href=\"https:\/\/www.ufsm.br\/pro-reitorias\/proplan\/atividades-2\/\" target=\"_blank\">\n\t\t\t\t\t\t<span class=\"elementor-button-content-wrapper\">\n\t\t\t\t\t\t\t\t\t<span class=\"elementor-button-text\">Atividades<\/span>\n\t\t\t\t\t<\/span>\n\t\t\t\t\t<\/a>\n\t\t\t\t<\/div>\n\t\t\t\t\t\t<\/div>\n\t\t\t\t<\/div>\n\t\t\t\t\t<\/div>\n\t\t<\/div>\n\t\t\t\t\t<\/div>\n\t\t<\/section>\n\t\t\t\t<section class=\"elementor-section elementor-top-section elementor-element elementor-element-95f487d elementor-section-boxed elementor-section-height-default elementor-section-height-default\" data-id=\"95f487d\" data-element_type=\"section\">\n\t\t\t\t\t\t<div class=\"elementor-container elementor-column-gap-default\">\n\t\t\t\t\t<div class=\"elementor-column elementor-col-100 elementor-top-column elementor-element elementor-element-9bd17f9\" data-id=\"9bd17f9\" data-element_type=\"column\">\n\t\t\t<div class=\"elementor-widget-wrap elementor-element-populated\">\n\t\t\t\t\t\t<div class=\"elementor-element elementor-element-ffcaa38 elementor-widget elementor-widget-text-editor\" data-id=\"ffcaa38\" data-element_type=\"widget\" data-widget_type=\"text-editor.default\">\n\t\t\t\t<div class=\"elementor-widget-container\">\n\t\t\t\t\t\t\t<p>Contato:<br \/>3220-8182<br \/>coplai@ufsm.br<\/p>\t\t\t\t\t\t<\/div>\n\t\t\t\t<\/div>\n\t\t\t\t\t<\/div>\n\t\t<\/div>\n\t\t\t\t\t<\/div>\n\t\t<\/section>\n\t\t\t\t<\/div>\n\t\t","protected":false},"excerpt":{"rendered":"<p>A Coordenadoria de Planejamento e Avalia\u00e7\u00e3o Institucional (COPLAI) desenvolve atividades ligadas aos processos de planejamento e autoavalia\u00e7\u00e3o da UFSM, sendo parte integrante da estrutura organizacional da Pr\u00f3-Reitoria de Planejamento (PROPLAN). As atividades que desenvolve encontram amparo legal na Lei N\u00ba 10.861, de 14 de abril de 2004, na Portaria N\u00ba 46, de 10 de Janeiro [&hellip;]<\/p>\n","protected":false},"author":119,"featured_media":0,"parent":0,"menu_order":0,"comment_status":"closed","ping_status":"closed","template":"","meta":{"footnotes":""},"categories":[],"tags":[],"class_list":["post-1009","page","type-page","status-publish","hentry"],"acf":[],"_links":{"self":[{"href":"https:\/\/www.ufsm.br\/pro-reitorias\/proplan\/wp-json\/wp\/v2\/pages\/1009","targetHints":{"allow":["GET"]}}],"collection":[{"href":"https:\/\/www.ufsm.br\/pro-reitorias\/proplan\/wp-json\/wp\/v2\/pages"}],"about":[{"href":"https:\/\/www.ufsm.br\/pro-reitorias\/proplan\/wp-json\/wp\/v2\/types\/page"}],"author":[{"embeddable":true,"href":"https:\/\/www.ufsm.br\/pro-reitorias\/proplan\/wp-json\/wp\/v2\/users\/119"}],"replies":[{"embeddable":true,"href":"https:\/\/www.ufsm.br\/pro-reitorias\/proplan\/wp-json\/wp\/v2\/comments?post=1009"}],"version-history":[{"count":0,"href":"https:\/\/www.ufsm.br\/pro-reitorias\/proplan\/wp-json\/wp\/v2\/pages\/1009\/revisions"}],"wp:attachment":[{"href":"https:\/\/www.ufsm.br\/pro-reitorias\/proplan\/wp-json\/wp\/v2\/media?parent=1009"}],"wp:term":[{"taxonomy":"category","embeddable":true,"href":"https:\/\/www.ufsm.br\/pro-reitorias\/proplan\/wp-json\/wp\/v2\/categories?post=1009"},{"taxonomy":"post_tag","embeddable":true,"href":"https:\/\/www.ufsm.br\/pro-reitorias\/proplan\/wp-json\/wp\/v2\/tags?post=1009"}],"curies":[{"name":"wp","href":"https:\/\/api.w.org\/{rel}","templated":true}]}}

Coordenadoria de Planejamento e Avaliação Institucional (COPLAI)

<div data-elementor-type="wp-post" data-elementor-id="1009" class="elementor elementor-1009">
						<section class="elementor-section elementor-top-section elementor-element elementor-element-619799d4 elementor-section-boxed elementor-section-height-default elementor-section-height-default" data-id="619799d4" data-element_type="section">
						<div class="elementor-container elementor-column-gap-default">
					<div class="elementor-column elementor-col-100 elementor-top-column elementor-element elementor-element-25da2208" data-id="25da2208" data-element_type="column">
			<div class="elementor-widget-wrap elementor-element-populated">
						<div class="elementor-element elementor-element-655130cd elementor-widget elementor-widget-text-editor" data-id="655130cd" data-element_type="widget" data-widget_type="text-editor.default">
				<div class="elementor-widget-container">
							<p>A <strong>Coordenadoria de Planejamento e Avaliação Institucional (COPLAI)</strong> desenvolve atividades ligadas aos processos de planejamento e autoavaliação da UFSM, sendo parte integrante da estrutura organizacional da Pró-Reitoria de Planejamento (PROPLAN).</p><p>As atividades que desenvolve encontram amparo legal na Lei Nº 10.861, de 14 de abril de 2004, na Portaria Nº 46, de 10 de Janeiro de 2005, no Decreto Lei Nº 5773, de 09 de maio de 2006, na Portaria Normativa Nº 23, de 1º de dezembro de 2010 e na Portaria Normativa Nº 40, de 12 de dezembro de 2007, tendo como intuito a implementação e o apoio à dinâmica de funcionamento dos processos de planejamento e autoavaliação da UFSM.</p>						</div>
				</div>
					</div>
		</div>
					</div>
		</section>
				<section class="elementor-section elementor-top-section elementor-element elementor-element-17691b6 elementor-section-boxed elementor-section-height-default elementor-section-height-default" data-id="17691b6" data-element_type="section">
						<div class="elementor-container elementor-column-gap-default">
					<div class="elementor-column elementor-col-100 elementor-top-column elementor-element elementor-element-68b28ab" data-id="68b28ab" data-element_type="column">
			<div class="elementor-widget-wrap elementor-element-populated">
						<div class="elementor-element elementor-element-c84f3bd elementor-align-justify elementor-widget elementor-widget-button" data-id="c84f3bd" data-element_type="widget" data-widget_type="button.default">
				<div class="elementor-widget-container">
							<div class="elementor-button-wrapper">
					<a class="elementor-button elementor-button-link elementor-size-sm" href="https://www.ufsm.br/pro-reitorias/proplan/atividades-2/" target="_blank">
						<span class="elementor-button-content-wrapper">
									<span class="elementor-button-text">Atividades</span>
					</span>
					</a>
				</div>
						</div>
				</div>
					</div>
		</div>
					</div>
		</section>
				<section class="elementor-section elementor-top-section elementor-element elementor-element-95f487d elementor-section-boxed elementor-section-height-default elementor-section-height-default" data-id="95f487d" data-element_type="section">
						<div class="elementor-container elementor-column-gap-default">
					<div class="elementor-column elementor-col-100 elementor-top-column elementor-element elementor-element-9bd17f9" data-id="9bd17f9" data-element_type="column">
			<div class="elementor-widget-wrap elementor-element-populated">
						<div class="elementor-element elementor-element-ffcaa38 elementor-widget elementor-widget-text-editor" data-id="ffcaa38" data-element_type="widget" data-widget_type="text-editor.default">
				<div class="elementor-widget-container">
							<p>Contato:<br />3220-8182<br />coplai@ufsm.br</p>						</div>
				</div>
					</div>
		</div>
					</div>
		</section>
				</div>

<p>A Coordenadoria de Planejamento e Avaliação Institucional (COPLAI) desenvolve atividades ligadas aos processos de planejamento e autoavaliação da UFSM, sendo parte integrante da estrutura organizacional da Pró-Reitoria de Planejamento (PROPLAN). As atividades que desenvolve encontram amparo legal na Lei Nº 10.861, de 14 de abril de 2004, na Portaria Nº 46, de 10 de Janeiro [&hellip;]</p>
