{"id":1031,"date":"2018-07-09T13:42:24","date_gmt":"2018-07-09T16:42:24","guid":{"rendered":"https:\/\/www.ufsm.br\/pro-reitorias\/proplan\/?page_id=1031"},"modified":"2019-05-03T16:33:51","modified_gmt":"2019-05-03T19:33:51","slug":"regulacao","status":"publish","type":"page","link":"https:\/\/www.ufsm.br\/pro-reitorias\/proplan\/regulacao","title":{"rendered":"Regula\u00e7\u00e3o"},"content":{"rendered":"<p><strong>Avalia\u00e7\u00e3o dos Cursos de Gradua\u00e7\u00e3o<\/strong><\/p>\n<p>O INEP conduz todo o sistema de avalia\u00e7\u00e3o de cursos superiores no Pa\u00eds, produzindo indicadores e um sistema de informa\u00e7\u00f5es que subsidia tanto o processo de regulamenta\u00e7\u00e3o, exercido pelo MEC, como garante transpar\u00eancia dos dados sobre qualidade da educa\u00e7\u00e3o superior a toda sociedade.<\/p>\n<p>Os instrumentos que subsidiam a produ\u00e7\u00e3o de indicadores de qualidade e os processos de avalia\u00e7\u00e3o de cursos desenvolvidos pelo Inep s\u00e3o o Exame Nacional de Desempenho de Estudantes (ENADE) e as avalia\u00e7\u00f5es in loco realizadas pelas comiss\u00f5es de especialistas.<\/p>\n<p>Participam do ENADE alunos ingressantes e concluintes dos cursos avaliados, que fazem uma prova de forma\u00e7\u00e3o geral e forma\u00e7\u00e3o espec\u00edfica. As avalia\u00e7\u00f5es feitas pelas comiss\u00f5es de avaliadores designadas pelo INEP caracterizam-se pela visita <em>in loco<\/em> aos cursos e institui\u00e7\u00f5es p\u00fablicas e privadas e se destinam a verificar as condi\u00e7\u00f5es de ensino, em especial aquelas relativas ao perfil do corpo docente, as instala\u00e7\u00f5es f\u00edsicas e a organiza\u00e7\u00e3o did\u00e1tico-pedag\u00f3gica.<\/p>\n<p>No \u00e2mbito do Sinaes e da regula\u00e7\u00e3o dos cursos de gradua\u00e7\u00e3o no Pa\u00eds, prev\u00ea-se que os cursos sejam avaliados periodicamente. Assim, os cursos de educa\u00e7\u00e3o superior passam por tr\u00eas tipos de avalia\u00e7\u00e3o: para autoriza\u00e7\u00e3o, para reconhecimento e para renova\u00e7\u00e3o de reconhecimento.<\/p>\n<p><strong>Para autoriza\u00e7\u00e3o:<\/strong>\u00a0Essa avalia\u00e7\u00e3o \u00e9 feita quando uma institui\u00e7\u00e3o pede autoriza\u00e7\u00e3o ao MEC para abrir um curso. Ela \u00e9 feita por dois avaliadores, sorteados entre os cadastrados no Banco Nacional de Avaliadores (BASis). Os avaliadores seguem par\u00e2metros de um documento pr\u00f3prio que orienta as visitas, os instrumentos para avalia\u00e7\u00e3o in loco. S\u00e3o avaliadas as tr\u00eas dimens\u00f5es do curso quanto \u00e0 adequa\u00e7\u00e3o ao projeto proposto: a organiza\u00e7\u00e3o did\u00e1tico-pedag\u00f3gica; o corpo docente e t\u00e9cnico-administrativo e as instala\u00e7\u00f5es f\u00edsicas.<\/p>\n<p><strong>Para reconhecimento:<\/strong>\u00a0Quando a primeira turma do curso novo entra na segunda metade do curso, a institui\u00e7\u00e3o deve solicitar seu reconhecimento. \u00c9 feita, ent\u00e3o, uma segunda avalia\u00e7\u00e3o para verificar se foi cumprido o projeto apresentado para autoriza\u00e7\u00e3o. Essa avalia\u00e7\u00e3o tamb\u00e9m \u00e9 feita segundo instrumento pr\u00f3prio, por comiss\u00e3o de dois avaliadores do BASis, por dois dias. S\u00e3o avaliados a organiza\u00e7\u00e3o did\u00e1tico-pedag\u00f3gica, o corpo docente, discente, t\u00e9cnico-administrativo e as instala\u00e7\u00f5es f\u00edsicas.<\/p>\n<p><strong>Para renova\u00e7\u00e3o de reconhecimento:<\/strong>\u00a0Essa avalia\u00e7\u00e3o \u00e9 feita de acordo com o Ciclo do Sinaes, ou seja, a cada tr\u00eas anos. \u00c9 calculado o Conceito Preliminar do Curso (CPC) e aqueles cursos que tiverem conceito preliminar 1 ou 2 ser\u00e3o avaliados in loco por dois avaliadores ao longo de dois dias. Os cursos que n\u00e3o fazem ENADE, obrigatoriamente ter\u00e3o visita in loco para este ato autorizado.<br \/>Fonte:\u00a0<a href=\"http:\/\/portal.inep.gov.br\/\">http:\/\/portal.inep.gov.br<\/a><\/p>\n\n","protected":false},"excerpt":{"rendered":"<p>Avalia\u00e7\u00e3o dos Cursos de Gradua\u00e7\u00e3o O INEP conduz todo o sistema de avalia\u00e7\u00e3o de cursos superiores no Pa\u00eds, produzindo indicadores e um sistema de informa\u00e7\u00f5es que subsidia tanto o processo de regulamenta\u00e7\u00e3o, exercido pelo MEC, como garante transpar\u00eancia dos dados sobre qualidade da educa\u00e7\u00e3o superior a toda sociedade. Os instrumentos que subsidiam a produ\u00e7\u00e3o de [&hellip;]<\/p>\n","protected":false},"author":119,"featured_media":0,"parent":0,"menu_order":0,"comment_status":"closed","ping_status":"closed","template":"","meta":{"footnotes":""},"categories":[],"tags":[],"class_list":["post-1031","page","type-page","status-publish","hentry"],"acf":[],"_links":{"self":[{"href":"https:\/\/www.ufsm.br\/pro-reitorias\/proplan\/wp-json\/wp\/v2\/pages\/1031","targetHints":{"allow":["GET"]}}],"collection":[{"href":"https:\/\/www.ufsm.br\/pro-reitorias\/proplan\/wp-json\/wp\/v2\/pages"}],"about":[{"href":"https:\/\/www.ufsm.br\/pro-reitorias\/proplan\/wp-json\/wp\/v2\/types\/page"}],"author":[{"embeddable":true,"href":"https:\/\/www.ufsm.br\/pro-reitorias\/proplan\/wp-json\/wp\/v2\/users\/119"}],"replies":[{"embeddable":true,"href":"https:\/\/www.ufsm.br\/pro-reitorias\/proplan\/wp-json\/wp\/v2\/comments?post=1031"}],"version-history":[{"count":0,"href":"https:\/\/www.ufsm.br\/pro-reitorias\/proplan\/wp-json\/wp\/v2\/pages\/1031\/revisions"}],"wp:attachment":[{"href":"https:\/\/www.ufsm.br\/pro-reitorias\/proplan\/wp-json\/wp\/v2\/media?parent=1031"}],"wp:term":[{"taxonomy":"category","embeddable":true,"href":"https:\/\/www.ufsm.br\/pro-reitorias\/proplan\/wp-json\/wp\/v2\/categories?post=1031"},{"taxonomy":"post_tag","embeddable":true,"href":"https:\/\/www.ufsm.br\/pro-reitorias\/proplan\/wp-json\/wp\/v2\/tags?post=1031"}],"curies":[{"name":"wp","href":"https:\/\/api.w.org\/{rel}","templated":true}]}}