{"id":1176,"date":"2018-07-16T14:08:48","date_gmt":"2018-07-16T17:08:48","guid":{"rendered":"https:\/\/www.ufsm.br\/pro-reitorias\/proplan\/?page_id=1176"},"modified":"2018-10-04T17:22:54","modified_gmt":"2018-10-04T20:22:54","slug":"censo-da-educacao-superior","status":"publish","type":"page","link":"https:\/\/www.ufsm.br\/pro-reitorias\/proplan\/censo-da-educacao-superior","title":{"rendered":"Censo da Educa\u00e7\u00e3o Superior"},"content":{"rendered":"<p>O Censo da Educa\u00e7\u00e3o Superior (CENSO) ocorre anualmente, sendo realizado pelo Instituto Nacional de Estudos e Pesquisas Educacionais An\u00edsio Teixeira (INEP) e tem o objetivo de oferecer \u00e0 comunidade acad\u00eamica e \u00e0 sociedade em geral informa\u00e7\u00f5es detalhadas sobre a situa\u00e7\u00e3o e as grandes tend\u00eancias do setor educacional.<\/p>\n<p>O CENSO re\u00fane informa\u00e7\u00f5es sobre as institui\u00e7\u00f5es de ensino superior, seus cursos de gradua\u00e7\u00e3o presencial ou a dist\u00e2ncia, cursos sequenciais, vagas oferecidas, inscri\u00e7\u00f5es, matr\u00edculas, ingressantes e concluintes, al\u00e9m de informa\u00e7\u00f5es sobre docentes, nas diferentes formas de organiza\u00e7\u00e3o acad\u00eamica e categoria administrativa.<\/p>\n<p>Os dados s\u00e3o coletados a partir do preenchimento dos question\u00e1rios, por parte das Institui\u00e7\u00f5es de Ensino Superior (IES) e por importa\u00e7\u00e3o de dados do Sistema e-MEC. O CENSO referente ao ano base 2014 iniciou o per\u00edodo de preenchimento em 09 de fevereiro e encerrou em 10 de abril de 2015. O CENSO s\u00f3 \u00e9 finalizado ap\u00f3s o per\u00edodo de verifica\u00e7\u00e3o e\/ou corre\u00e7\u00e3o das informa\u00e7\u00f5es prestadas pelas IES.<\/p>\n<p style=\"padding-left: 30px\"><span style=\"color: #0000ff\"><a style=\"color: #0000ff\" href=\"http:\/\/www.youblisher.com\/p\/1214855-Relatorio-CENSO-2014-COPLAI-UFSM\/\">Relat\u00f3rio Censo da Educa\u00e7\u00e3o Superior \u2013 UFSM (2014)<\/a><\/span><\/p>\n<p>&nbsp;<\/p>\n<p><strong>Relat\u00f3rios INEP<\/strong><\/p>\n<p>Ap\u00f3s a fase de verifica\u00e7\u00e3o realizada pelos auditores nas IES e o per\u00edodo de corre\u00e7\u00f5es solicitadas \u00e0s Institui\u00e7\u00f5es, o INEP divulga o Relat\u00f3rio Consolidado da IES e a S\u00e9rie Hist\u00f3rica referente ao CENSO dos \u00faltimos tr\u00eas anos. Ressalta-se que tais relat\u00f3rios ficam dispon\u00edveis apenas no Sistema do CENSO (CENSUP). Posteriormente, o INEP divulga sinopses estat\u00edsticas contemplando todos os dados apurados pelo CENSO.<\/p>\n<p style=\"padding-left: 30px\"><a href=\"https:\/\/www.ufsm.br\/pro-reitorias\/proplan\/wp-content\/uploads\/sites\/344\/2018\/07\/ConsolidadoIES_set.pdf\"><span style=\"color: #0000ff\">Relat\u00f3rio Consolidado Censo da Educa\u00e7\u00e3o Superior UFSM<\/span><\/a><\/p>\n<p style=\"padding-left: 30px\"><span style=\"color: #0000ff\"><a style=\"color: #0000ff\" href=\"https:\/\/www.ufsm.br\/pro-reitorias\/proplan\/wp-content\/uploads\/sites\/344\/2018\/07\/serieHistorica_UFSM_set.pdf\">S\u00edntese Hist\u00f3rica Censo da Educa\u00e7\u00e3o Superior UFSM &#8211; anos 2012, 2013 e 2014<\/a><\/span><\/p>\n","protected":false},"excerpt":{"rendered":"<p>O Censo da Educa\u00e7\u00e3o Superior (CENSO) ocorre anualmente, sendo realizado pelo Instituto Nacional de Estudos e Pesquisas Educacionais An\u00edsio Teixeira (INEP) e tem o objetivo de oferecer \u00e0 comunidade acad\u00eamica e \u00e0 sociedade em geral informa\u00e7\u00f5es detalhadas sobre a situa\u00e7\u00e3o e as grandes tend\u00eancias do setor educacional. O CENSO re\u00fane informa\u00e7\u00f5es sobre as institui\u00e7\u00f5es de [&hellip;]<\/p>\n","protected":false},"author":119,"featured_media":0,"parent":0,"menu_order":0,"comment_status":"closed","ping_status":"closed","template":"","meta":{"footnotes":""},"categories":[],"tags":[],"class_list":["post-1176","page","type-page","status-publish","hentry"],"acf":[],"_links":{"self":[{"href":"https:\/\/www.ufsm.br\/pro-reitorias\/proplan\/wp-json\/wp\/v2\/pages\/1176","targetHints":{"allow":["GET"]}}],"collection":[{"href":"https:\/\/www.ufsm.br\/pro-reitorias\/proplan\/wp-json\/wp\/v2\/pages"}],"about":[{"href":"https:\/\/www.ufsm.br\/pro-reitorias\/proplan\/wp-json\/wp\/v2\/types\/page"}],"author":[{"embeddable":true,"href":"https:\/\/www.ufsm.br\/pro-reitorias\/proplan\/wp-json\/wp\/v2\/users\/119"}],"replies":[{"embeddable":true,"href":"https:\/\/www.ufsm.br\/pro-reitorias\/proplan\/wp-json\/wp\/v2\/comments?post=1176"}],"version-history":[{"count":0,"href":"https:\/\/www.ufsm.br\/pro-reitorias\/proplan\/wp-json\/wp\/v2\/pages\/1176\/revisions"}],"wp:attachment":[{"href":"https:\/\/www.ufsm.br\/pro-reitorias\/proplan\/wp-json\/wp\/v2\/media?parent=1176"}],"wp:term":[{"taxonomy":"category","embeddable":true,"href":"https:\/\/www.ufsm.br\/pro-reitorias\/proplan\/wp-json\/wp\/v2\/categories?post=1176"},{"taxonomy":"post_tag","embeddable":true,"href":"https:\/\/www.ufsm.br\/pro-reitorias\/proplan\/wp-json\/wp\/v2\/tags?post=1176"}],"curies":[{"name":"wp","href":"https:\/\/api.w.org\/{rel}","templated":true}]}}

Censo da Educação Superior

<p>O Censo da Educação Superior (CENSO) ocorre anualmente, sendo realizado pelo Instituto Nacional de Estudos e Pesquisas Educacionais Anísio Teixeira (INEP) e tem o objetivo de oferecer à comunidade acadêmica e à sociedade em geral informações detalhadas sobre a situação e as grandes tendências do setor educacional.</p>
<p>O CENSO reúne informações sobre as instituições de ensino superior, seus cursos de graduação presencial ou a distância, cursos sequenciais, vagas oferecidas, inscrições, matrículas, ingressantes e concluintes, além de informações sobre docentes, nas diferentes formas de organização acadêmica e categoria administrativa.</p>
<p>Os dados são coletados a partir do preenchimento dos questionários, por parte das Instituições de Ensino Superior (IES) e por importação de dados do Sistema e-MEC. O CENSO referente ao ano base 2014 iniciou o período de preenchimento em 09 de fevereiro e encerrou em 10 de abril de 2015. O CENSO só é finalizado após o período de verificação e/ou correção das informações prestadas pelas IES.</p>
<p style="padding-left: 30px"><span style="color: #0000ff"><a style="color: #0000ff" href="http://www.youblisher.com/p/1214855-Relatorio-CENSO-2014-COPLAI-UFSM/">Relatório Censo da Educação Superior – UFSM (2014)</a></span></p>
<p>&nbsp;</p>
<p><strong>Relatórios INEP</strong></p>
<p>Após a fase de verificação realizada pelos auditores nas IES e o período de correções solicitadas às Instituições, o INEP divulga o Relatório Consolidado da IES e a Série Histórica referente ao CENSO dos últimos três anos. Ressalta-se que tais relatórios ficam disponíveis apenas no Sistema do CENSO (CENSUP). Posteriormente, o INEP divulga sinopses estatísticas contemplando todos os dados apurados pelo CENSO.</p>
<p style="padding-left: 30px"><a href="https://www.ufsm.br/pro-reitorias/proplan/wp-content/uploads/sites/344/2018/07/ConsolidadoIES_set.pdf"><span style="color: #0000ff">Relatório Consolidado Censo da Educação Superior UFSM</span></a></p>
<p style="padding-left: 30px"><span style="color: #0000ff"><a style="color: #0000ff" href="https://www.ufsm.br/pro-reitorias/proplan/wp-content/uploads/sites/344/2018/07/serieHistorica_UFSM_set.pdf">Síntese Histórica Censo da Educação Superior UFSM &#8211; anos 2012, 2013 e 2014</a></span></p>

<p>O Censo da Educação Superior (CENSO) ocorre anualmente, sendo realizado pelo Instituto Nacional de Estudos e Pesquisas Educacionais Anísio Teixeira (INEP) e tem o objetivo de oferecer à comunidade acadêmica e à sociedade em geral informações detalhadas sobre a situação e as grandes tendências do setor educacional. O CENSO reúne informações sobre as instituições de [&hellip;]</p>
