{"id":1271,"date":"2018-08-03T13:54:14","date_gmt":"2018-08-03T16:54:14","guid":{"rendered":"https:\/\/www.ufsm.br\/pro-reitorias\/proplan\/?page_id=1271"},"modified":"2026-02-23T09:51:10","modified_gmt":"2026-02-23T12:51:10","slug":"conceitos-convenios","status":"publish","type":"page","link":"https:\/\/www.ufsm.br\/pro-reitorias\/proplan\/conceitos-convenios","title":{"rendered":"Conv\u00eanios"},"content":{"rendered":"\t\t<div data-elementor-type=\"wp-post\" data-elementor-id=\"1271\" class=\"elementor elementor-1271\">\n\t\t\t\t\t\t<section class=\"elementor-section elementor-top-section elementor-element elementor-element-483f57e5 elementor-section-boxed elementor-section-height-default elementor-section-height-default\" data-id=\"483f57e5\" data-element_type=\"section\">\n\t\t\t\t\t\t<div class=\"elementor-container elementor-column-gap-default\">\n\t\t\t\t\t<div class=\"elementor-column elementor-col-100 elementor-top-column elementor-element elementor-element-2d750a8f\" data-id=\"2d750a8f\" data-element_type=\"column\">\n\t\t\t<div class=\"elementor-widget-wrap elementor-element-populated\">\n\t\t\t\t\t\t<div class=\"elementor-element elementor-element-b42453a elementor-widget elementor-widget-text-editor\" data-id=\"b42453a\" data-element_type=\"widget\" data-widget_type=\"text-editor.default\">\n\t\t\t\t<div class=\"elementor-widget-container\">\n\t\t\t\t\t\t\t<p>Os Conv\u00eanios atuam como mecanismo de integra\u00e7\u00e3o e desenvolvimento da Universidade proporcionando o alcance de objetivos comuns \u00e0 sociedade. Conv\u00eanios e Acordos t\u00eam proporcionado \u00e0 comunidade acad\u00eamica oportunidades de interc\u00e2mbio, desenvolvimento de projetos de ensino, pesquisa, extens\u00e3o e desenvolvimento institucional em parceria com institui\u00e7\u00f5es cong\u00eaneres, organismos nacionais e internacionais.<\/p>\t\t\t\t\t\t<\/div>\n\t\t\t\t<\/div>\n\t\t\t\t\t<\/div>\n\t\t<\/div>\n\t\t\t\t\t<\/div>\n\t\t<\/section>\n\t\t\t\t<section class=\"elementor-section elementor-top-section elementor-element elementor-element-8eaa119 elementor-section-boxed elementor-section-height-default elementor-section-height-default\" data-id=\"8eaa119\" data-element_type=\"section\">\n\t\t\t\t\t\t<div class=\"elementor-container elementor-column-gap-default\">\n\t\t\t\t\t<div class=\"elementor-column elementor-col-100 elementor-top-column elementor-element elementor-element-a8c8237\" data-id=\"a8c8237\" data-element_type=\"column\">\n\t\t\t<div class=\"elementor-widget-wrap elementor-element-populated\">\n\t\t\t\t\t\t<div class=\"elementor-element elementor-element-a2f53d0 elementor-widget elementor-widget-toggle\" data-id=\"a2f53d0\" data-element_type=\"widget\" data-widget_type=\"toggle.default\">\n\t\t\t\t<div class=\"elementor-widget-container\">\n\t\t\t\t\t<div class=\"elementor-toggle\">\n\t\t\t\t\t\t\t<div class=\"elementor-toggle-item\">\n\t\t\t\t\t<div id=\"elementor-tab-title-1701\" class=\"elementor-tab-title\" data-tab=\"1\" role=\"button\" aria-controls=\"elementor-tab-content-1701\" aria-expanded=\"false\">\n\t\t\t\t\t\t\t\t\t\t\t\t<span class=\"elementor-toggle-icon elementor-toggle-icon-left\" aria-hidden=\"true\">\n\t\t\t\t\t\t\t\t\t\t\t\t\t\t\t<span class=\"elementor-toggle-icon-closed\"><i class=\"fas fa-caret-right\"><\/i><\/span>\n\t\t\t\t\t\t\t\t<span class=\"elementor-toggle-icon-opened\"><i class=\"elementor-toggle-icon-opened fas fa-caret-up\"><\/i><\/span>\n\t\t\t\t\t\t\t\t\t\t\t\t\t<\/span>\n\t\t\t\t\t\t\t\t\t\t\t\t<a class=\"elementor-toggle-title\" tabindex=\"0\">Conv\u00eanios em Vig\u00eancia<\/a>\n\t\t\t\t\t<\/div>\n\n\t\t\t\t\t<div id=\"elementor-tab-content-1701\" class=\"elementor-tab-content elementor-clearfix\" data-tab=\"1\" role=\"region\" aria-labelledby=\"elementor-tab-title-1701\"><ul><li style=\"list-style-type: none\"><ul><li><a href=\"https:\/\/www.ufsm.br\/pro-reitorias\/proplan\/acordos-e-convenios\">Conv\u00eanios em Vig\u00eancia<\/a><\/li><\/ul><\/li><\/ul><p>\u00a0<\/p><\/div>\n\t\t\t\t<\/div>\n\t\t\t\t\t\t\t<div class=\"elementor-toggle-item\">\n\t\t\t\t\t<div id=\"elementor-tab-title-1702\" class=\"elementor-tab-title\" data-tab=\"2\" role=\"button\" aria-controls=\"elementor-tab-content-1702\" aria-expanded=\"false\">\n\t\t\t\t\t\t\t\t\t\t\t\t<span class=\"elementor-toggle-icon elementor-toggle-icon-left\" aria-hidden=\"true\">\n\t\t\t\t\t\t\t\t\t\t\t\t\t\t\t<span class=\"elementor-toggle-icon-closed\"><i class=\"fas fa-caret-right\"><\/i><\/span>\n\t\t\t\t\t\t\t\t<span class=\"elementor-toggle-icon-opened\"><i class=\"elementor-toggle-icon-opened fas fa-caret-up\"><\/i><\/span>\n\t\t\t\t\t\t\t\t\t\t\t\t\t<\/span>\n\t\t\t\t\t\t\t\t\t\t\t\t<a class=\"elementor-toggle-title\" tabindex=\"0\">Boletim de Conv\u00eanios<\/a>\n\t\t\t\t\t<\/div>\n\n\t\t\t\t\t<div id=\"elementor-tab-content-1702\" class=\"elementor-tab-content elementor-clearfix\" data-tab=\"2\" role=\"region\" aria-labelledby=\"elementor-tab-title-1702\"><p><span style=\"font-size: 12pt\"><a href=\"https:\/\/www.ufsm.br\/pro-reitorias\/proplan\/boletim-de-convenios\/\" target=\"_blank\" rel=\"noopener\">Boletim de Conv\u00eanios<\/a><\/span><\/p><\/div>\n\t\t\t\t<\/div>\n\t\t\t\t\t\t\t<div class=\"elementor-toggle-item\">\n\t\t\t\t\t<div id=\"elementor-tab-title-1703\" class=\"elementor-tab-title\" data-tab=\"3\" role=\"button\" aria-controls=\"elementor-tab-content-1703\" aria-expanded=\"false\">\n\t\t\t\t\t\t\t\t\t\t\t\t<span class=\"elementor-toggle-icon elementor-toggle-icon-left\" aria-hidden=\"true\">\n\t\t\t\t\t\t\t\t\t\t\t\t\t\t\t<span class=\"elementor-toggle-icon-closed\"><i class=\"fas fa-caret-right\"><\/i><\/span>\n\t\t\t\t\t\t\t\t<span class=\"elementor-toggle-icon-opened\"><i class=\"elementor-toggle-icon-opened fas fa-caret-up\"><\/i><\/span>\n\t\t\t\t\t\t\t\t\t\t\t\t\t<\/span>\n\t\t\t\t\t\t\t\t\t\t\t\t<a class=\"elementor-toggle-title\" tabindex=\"0\">Documentos e Certid\u00f5es<\/a>\n\t\t\t\t\t<\/div>\n\n\t\t\t\t\t<div id=\"elementor-tab-content-1703\" class=\"elementor-tab-content elementor-clearfix\" data-tab=\"3\" role=\"region\" aria-labelledby=\"elementor-tab-title-1703\"><ul style=\"color: #000000\"><li><a href=\"http:\/\/www.planalto.gov.br\/ccivil_03\/leis\/1950-1969\/L3834-C.htm\" target=\"_blank\" rel=\"noopener\">Lei de Cria\u00e7\u00e3o da Universidade Federal de Santa Maria &#8211; UFSM<\/a>\u00a0&#8211; Art. 15<\/li><li><a href=\"https:\/\/www.ufsm.br\/wp-content\/uploads\/2018\/08\/Estatuto-da-UFSM.pdf\" target=\"_blank\" rel=\"noopener\">Estatuto UFSM<\/a><\/li><li><a href=\"https:\/\/www.ufsm.br\/wp-content\/uploads\/2018\/08\/Regimento-Geral-UFSM.pdf\" target=\"_blank\" rel=\"noopener\">Regimento UFSM<\/a><\/li><li>Cadastro Mobili\u00e1rio UFSM &#8211; Munic\u00edpio de Santa Maria:\u00a0<a href=\"http:\/\/www.dcf.ufsm.br\/index.php\/documentos-e-formularios\" target=\"_blank\" rel=\"noopener\">Cadastros, Certid\u00f5es e Legisla\u00e7\u00e3o &#8211;\u00a0Documentos e Formul\u00e1rios (DCF)<\/a><\/li><li>Cadastro Nacional de Pessoas Jur\u00eddicas &#8211; CNPJ:\u00a0<a style=\"background-color: #ffffff\" href=\"http:\/\/www.dcf.ufsm.br\/index.php\/documentos-e-formularios\" target=\"_blank\" rel=\"noopener\">Cadastros, Certid\u00f5es e Legisla\u00e7\u00e3o &#8211;\u00a0Documentos e Formul\u00e1rios (DCF)<\/a><\/li><li>Regularidade com a Fazenda Municipal:\u00a0<a style=\"background-color: #ffffff\" href=\"http:\/\/www.dcf.ufsm.br\/index.php\/documentos-e-formularios\" target=\"_blank\" rel=\"noopener\">Cadastros, Certid\u00f5es e Legisla\u00e7\u00e3o &#8211;\u00a0Documentos e Formul\u00e1rios (DCF)<\/a><\/li><li>Regularidade com a Fazenda Estadual:\u00a0<a style=\"background-color: #ffffff\" href=\"http:\/\/www.dcf.ufsm.br\/index.php\/documentos-e-formularios\" target=\"_blank\" rel=\"noopener\">Cadastros, Certid\u00f5es e Legisla\u00e7\u00e3o &#8211;\u00a0Documentos e Formul\u00e1rios (DCF)<\/a><\/li><li>Regularidade de Tributos Federais e D\u00edvida Ativa da Uni\u00e3o:\u00a0<a style=\"background-color: #ffffff\" href=\"http:\/\/www.dcf.ufsm.br\/index.php\/documentos-e-formularios\" target=\"_blank\" rel=\"noopener\">Cadastros, Certid\u00f5es e Legisla\u00e7\u00e3o &#8211;\u00a0Documentos e Formul\u00e1rios (DCF)<\/a><\/li><li>Certificado de Regularidade do FGTS &#8211; CRF:\u00a0<a style=\"background-color: #ffffff\" href=\"http:\/\/www.dcf.ufsm.br\/index.php\/documentos-e-formularios\" target=\"_blank\" rel=\"noopener\">Cadastros, Certid\u00f5es e Legisla\u00e7\u00e3o &#8211;\u00a0Documentos e Formul\u00e1rios (DCF)<\/a><\/li><li>Certid\u00e3o Negativa de D\u00e9bitos Trabalhistas:\u00a0<a style=\"background-color: #ffffff\" href=\"http:\/\/www.dcf.ufsm.br\/index.php\/documentos-e-formularios\" target=\"_blank\" rel=\"noopener\">Cadastros, Certid\u00f5es e Legisla\u00e7\u00e3o &#8211;\u00a0Documentos e Formul\u00e1rios (DCF)<\/a><\/li><li>Comprovante de Regularidade no CADIN:\u00a0<a style=\"background-color: #ffffff\" href=\"http:\/\/www.dcf.ufsm.br\/index.php\/documentos-e-formularios\" target=\"_blank\" rel=\"noopener\">Cadastros, Certid\u00f5es e Legisla\u00e7\u00e3o &#8211;\u00a0Documentos e Formul\u00e1rios (DCF)<\/a><\/li><li>Declara\u00e7\u00e3o de Regularidade do \u00d3rg\u00e3o (Negativa de fal\u00eancia):\u00a0<a style=\"background-color: #ffffff\" href=\"http:\/\/www.dcf.ufsm.br\/index.php\/documentos-e-formularios\" target=\"_blank\" rel=\"noopener\">Cadastros, Certid\u00f5es e Legisla\u00e7\u00e3o &#8211;\u00a0Documentos e Formul\u00e1rios (DCF)<\/a><\/li><li><a style=\"background-color: #ffffff\" href=\"https:\/\/portal.ufsm.br\/documentos\/publico\/consulta.html;jsessionid=3f9a5814a554643883b05430cf99\" target=\"_blank\" rel=\"noopener\">Portarias Internas<\/a><\/li><\/ul><\/div>\n\t\t\t\t<\/div>\n\t\t\t\t\t\t\t<div class=\"elementor-toggle-item\">\n\t\t\t\t\t<div id=\"elementor-tab-title-1704\" class=\"elementor-tab-title\" data-tab=\"4\" role=\"button\" aria-controls=\"elementor-tab-content-1704\" aria-expanded=\"false\">\n\t\t\t\t\t\t\t\t\t\t\t\t<span class=\"elementor-toggle-icon elementor-toggle-icon-left\" aria-hidden=\"true\">\n\t\t\t\t\t\t\t\t\t\t\t\t\t\t\t<span class=\"elementor-toggle-icon-closed\"><i class=\"fas fa-caret-right\"><\/i><\/span>\n\t\t\t\t\t\t\t\t<span class=\"elementor-toggle-icon-opened\"><i class=\"elementor-toggle-icon-opened fas fa-caret-up\"><\/i><\/span>\n\t\t\t\t\t\t\t\t\t\t\t\t\t<\/span>\n\t\t\t\t\t\t\t\t\t\t\t\t<a class=\"elementor-toggle-title\" tabindex=\"0\">Fluxogramas<\/a>\n\t\t\t\t\t<\/div>\n\n\t\t\t\t\t<div id=\"elementor-tab-content-1704\" class=\"elementor-tab-content elementor-clearfix\" data-tab=\"4\" role=\"region\" aria-labelledby=\"elementor-tab-title-1704\"><ul><li><a href=\"http:\/\/w3.ufsm.br\/proplan\/pp\/PROPLAN_WEB\/PROPLAN_COPROC_Formalizacao_Acompanhamento_Convenios\/#list\" target=\"_blank\" rel=\"noopener\">Fluxogramas<\/a><\/li><\/ul><\/div>\n\t\t\t\t<\/div>\n\t\t\t\t\t\t\t<div class=\"elementor-toggle-item\">\n\t\t\t\t\t<div id=\"elementor-tab-title-1705\" class=\"elementor-tab-title\" data-tab=\"5\" role=\"button\" aria-controls=\"elementor-tab-content-1705\" aria-expanded=\"false\">\n\t\t\t\t\t\t\t\t\t\t\t\t<span class=\"elementor-toggle-icon elementor-toggle-icon-left\" aria-hidden=\"true\">\n\t\t\t\t\t\t\t\t\t\t\t\t\t\t\t<span class=\"elementor-toggle-icon-closed\"><i class=\"fas fa-caret-right\"><\/i><\/span>\n\t\t\t\t\t\t\t\t<span class=\"elementor-toggle-icon-opened\"><i class=\"elementor-toggle-icon-opened fas fa-caret-up\"><\/i><\/span>\n\t\t\t\t\t\t\t\t\t\t\t\t\t<\/span>\n\t\t\t\t\t\t\t\t\t\t\t\t<a class=\"elementor-toggle-title\" tabindex=\"0\">Legisla\u00e7\u00e3o Aplicada a Conv\u00eanios<\/a>\n\t\t\t\t\t<\/div>\n\n\t\t\t\t\t<div id=\"elementor-tab-content-1705\" class=\"elementor-tab-content elementor-clearfix\" data-tab=\"5\" role=\"region\" aria-labelledby=\"elementor-tab-title-1705\"><p><a href=\"https:\/\/www.ufsm.br\/pro-reitorias\/proplan\/legislacao-aplicada-a-convenios\/\" target=\"_blank\" rel=\"noopener\">Legisla\u00e7\u00e3o Aplicada a Conv\u00eanios<\/a><\/p><\/div>\n\t\t\t\t<\/div>\n\t\t\t\t\t\t\t<div class=\"elementor-toggle-item\">\n\t\t\t\t\t<div id=\"elementor-tab-title-1706\" class=\"elementor-tab-title\" data-tab=\"6\" role=\"button\" aria-controls=\"elementor-tab-content-1706\" aria-expanded=\"false\">\n\t\t\t\t\t\t\t\t\t\t\t\t<span class=\"elementor-toggle-icon elementor-toggle-icon-left\" aria-hidden=\"true\">\n\t\t\t\t\t\t\t\t\t\t\t\t\t\t\t<span class=\"elementor-toggle-icon-closed\"><i class=\"fas fa-caret-right\"><\/i><\/span>\n\t\t\t\t\t\t\t\t<span class=\"elementor-toggle-icon-opened\"><i class=\"elementor-toggle-icon-opened fas fa-caret-up\"><\/i><\/span>\n\t\t\t\t\t\t\t\t\t\t\t\t\t<\/span>\n\t\t\t\t\t\t\t\t\t\t\t\t<a class=\"elementor-toggle-title\" tabindex=\"0\">Tipo de Conv\u00eanios<\/a>\n\t\t\t\t\t<\/div>\n\n\t\t\t\t\t<div id=\"elementor-tab-content-1706\" class=\"elementor-tab-content elementor-clearfix\" data-tab=\"6\" role=\"region\" aria-labelledby=\"elementor-tab-title-1706\"><p><a href=\"https:\/\/www.ufsm.br\/pro-reitorias\/proplan\/servicos\">Tipos de Conv\u00eanios<\/a><\/p><\/div>\n\t\t\t\t<\/div>\n\t\t\t\t\t\t\t\t<\/div>\n\t\t\t\t<\/div>\n\t\t\t\t<\/div>\n\t\t\t\t\t<\/div>\n\t\t<\/div>\n\t\t\t\t\t<\/div>\n\t\t<\/section>\n\t\t\t\t<\/div>\n\t\t","protected":false},"excerpt":{"rendered":"<p>Os Conv\u00eanios atuam como mecanismo de integra\u00e7\u00e3o e desenvolvimento da Universidade proporcionando o alcance de objetivos comuns \u00e0 sociedade. Conv\u00eanios e Acordos t\u00eam proporcionado \u00e0 comunidade acad\u00eamica oportunidades de interc\u00e2mbio, desenvolvimento de projetos de ensino, pesquisa, extens\u00e3o e desenvolvimento institucional em parceria com institui\u00e7\u00f5es cong\u00eaneres, organismos nacionais e internacionais. Conv\u00eanios em Vig\u00eancia Conv\u00eanios em Vig\u00eancia [&hellip;]<\/p>\n","protected":false},"author":119,"featured_media":0,"parent":0,"menu_order":0,"comment_status":"closed","ping_status":"closed","template":"","meta":{"footnotes":""},"categories":[],"tags":[],"class_list":["post-1271","page","type-page","status-publish","hentry"],"acf":[],"_links":{"self":[{"href":"https:\/\/www.ufsm.br\/pro-reitorias\/proplan\/wp-json\/wp\/v2\/pages\/1271","targetHints":{"allow":["GET"]}}],"collection":[{"href":"https:\/\/www.ufsm.br\/pro-reitorias\/proplan\/wp-json\/wp\/v2\/pages"}],"about":[{"href":"https:\/\/www.ufsm.br\/pro-reitorias\/proplan\/wp-json\/wp\/v2\/types\/page"}],"author":[{"embeddable":true,"href":"https:\/\/www.ufsm.br\/pro-reitorias\/proplan\/wp-json\/wp\/v2\/users\/119"}],"replies":[{"embeddable":true,"href":"https:\/\/www.ufsm.br\/pro-reitorias\/proplan\/wp-json\/wp\/v2\/comments?post=1271"}],"version-history":[{"count":0,"href":"https:\/\/www.ufsm.br\/pro-reitorias\/proplan\/wp-json\/wp\/v2\/pages\/1271\/revisions"}],"wp:attachment":[{"href":"https:\/\/www.ufsm.br\/pro-reitorias\/proplan\/wp-json\/wp\/v2\/media?parent=1271"}],"wp:term":[{"taxonomy":"category","embeddable":true,"href":"https:\/\/www.ufsm.br\/pro-reitorias\/proplan\/wp-json\/wp\/v2\/categories?post=1271"},{"taxonomy":"post_tag","embeddable":true,"href":"https:\/\/www.ufsm.br\/pro-reitorias\/proplan\/wp-json\/wp\/v2\/tags?post=1271"}],"curies":[{"name":"wp","href":"https:\/\/api.w.org\/{rel}","templated":true}]}}