{"id":1360,"date":"2018-08-13T10:24:59","date_gmt":"2018-08-13T13:24:59","guid":{"rendered":"https:\/\/www.ufsm.br\/pro-reitorias\/proplan\/?page_id=1360"},"modified":"2019-04-30T09:13:37","modified_gmt":"2019-04-30T12:13:37","slug":"historico","status":"publish","type":"page","link":"https:\/\/www.ufsm.br\/pro-reitorias\/proplan\/historico","title":{"rendered":"Hist\u00f3rico"},"content":{"rendered":"\t\t<div data-elementor-type=\"wp-post\" data-elementor-id=\"1360\" class=\"elementor elementor-1360\">\n\t\t\t\t\t\t<section class=\"elementor-section elementor-top-section elementor-element elementor-element-043bfd1 elementor-section-boxed elementor-section-height-default elementor-section-height-default\" data-id=\"043bfd1\" data-element_type=\"section\">\n\t\t\t\t\t\t<div class=\"elementor-container elementor-column-gap-default\">\n\t\t\t\t\t<div class=\"elementor-column elementor-col-100 elementor-top-column elementor-element elementor-element-288a49a\" data-id=\"288a49a\" data-element_type=\"column\">\n\t\t\t<div class=\"elementor-widget-wrap elementor-element-populated\">\n\t\t\t\t\t\t<div class=\"elementor-element elementor-element-f41a3fd elementor-widget elementor-widget-text-editor\" data-id=\"f41a3fd\" data-element_type=\"widget\" data-widget_type=\"text-editor.default\">\n\t\t\t\t<div class=\"elementor-widget-container\">\n\t\t\t\t\t\t\t<p>A Pr\u00f3-Reitoria de Planejamento (PROPLAN) teve origem da Assessoria de Planejamento \u2013 ASSEPLAN da Reitoria, diretamente vinculada ao Gabinete do Reitor, foi institu\u00edda conforme Regimento da UFSM, de 1972, aprovado pelo Parecer n. 014\/72, de 11\/01\/1972.<\/p><p>Nesta \u00e9poca, o Departamento de Assuntos Universit\u00e1rios (DAU) do Minist\u00e9rio da Educa\u00e7\u00e3o e Cultura, consciente dos problemas que afligiam o Sistema de Ensino Superior e da situa\u00e7\u00e3o em que se encontravam as suas institui\u00e7\u00f5es, procurou em outubro de 1975, construir e oferecer \u00e0s IES brasileiras um modelo conceitual de \u00f3rg\u00e3o de planejamento que integrasse operacionalmente, \u00e0 sua estrutura administrativa.<\/p><p>Por interm\u00e9dio do Programa Nacional de Planejamento Universit\u00e1rio \u2013 CODEMOR (Coordena\u00e7\u00e3o de Moderniza\u00e7\u00e3o de Reforma Administrativa)\/DAU, foi criado o Projeto n. 007\/75 \u2013 Programa Nacional de Implanta\u00e7\u00e3o de Modelos de \u00d3rg\u00e3os de Planejamento. Este projeto objetivava a estrutura\u00e7\u00e3o e implanta\u00e7\u00e3o de modelos de \u00f3rg\u00e3os de planejamento universit\u00e1rios.<\/p><p>Inicialmente implementado por quatro IES, posteriormente, o projeto foi estendido a mais outras sete IES, pela necessidade de uma composi\u00e7\u00e3o tipol\u00f3gica mais diversificada, e para aproveitamento da disposi\u00e7\u00e3o de engajamento de algumas institui\u00e7\u00f5es.<\/p><p>Na UFSM, a ASSEPLAN elaborou o Projeto n. 045\/77, propondo a transforma\u00e7\u00e3o dessa assessoria em Pr\u00f3-Reitoria de Planejamento, de acordo com a filosofia proposta pelo Programa Nacional de Planejamento Universit\u00e1rio da CODEMOR\/DAU. A proposta foi aprovada na Sess\u00e3o n. 240, do Conselho Universit\u00e1rio, de 29 de junho de 1978, e tamb\u00e9m foi analisada e recomendada pelo Diretor do DAU\/MEC. A reestrutura\u00e7\u00e3o da Assessoria de Planejamento em Pr\u00f3-Reitoria de Planejamento foi implementada por meio da Resolu\u00e7\u00e3o n. 15\/78 da UFSM, de 29 de junho de 1978.<\/p><p>Na oportunidade o Sistema de Planejamento era constitu\u00eddo dos seguintes subsistemas estruturados em Coordenadorias:<\/p><p style=\"padding-left: 60px;\"><span style=\"font-size: 10pt;\">Subsistema de Planejamento Global<\/span><br \/><span style=\"font-size: 10pt;\">Subsistema de Planejamento de Pesquisa Institucional<\/span><br \/><span style=\"font-size: 10pt;\">Subsistema de Planejamento Informacional<\/span><br \/><span style=\"font-size: 10pt;\">Subsistema de Planejamento Administrativo<\/span><br \/><span style=\"font-size: 10pt;\">Subsistema de Planejamento Econ\u00f4mico-Financeiro<\/span><br \/><span style=\"font-size: 10pt;\">Subsistema de Planejamento F\u00edsico<\/span><br \/><span style=\"font-size: 10pt;\">Subsistema de Planejamento Comunit\u00e1rio<\/span><br \/><span style=\"font-size: 10pt;\">Subsistema de Planejamento Acad\u00eamico e<\/span><br \/><span style=\"font-size: 10pt;\">Assistente.<\/span><\/p><p>Conv\u00e9m salientar que o Subsistema de Planejamento Global, n\u00e3o chegou a ser implementado, embora previsto na composi\u00e7\u00e3o inicial.<\/p><p>Nesta \u00e9poca a PROPLAN como \u00f3rg\u00e3o de assessoramento, destacou-se pela elabora\u00e7\u00e3o de projetos e presta\u00e7\u00e3o de servi\u00e7os t\u00e9cnicos para diversos \u00f3rg\u00e3os da universidade.<\/p><p>Na d\u00e9cada de 80, foram transferidas informalmente as Coordenadorias de Planejamento Comunit\u00e1rio e de Planejamento Acad\u00eamico, respectivamente, para a Pr\u00f3-Reitoria de Assuntos Estudantis e a Pr\u00f3-Reitoria de Gradua\u00e7\u00e3o, sendo que a fun\u00e7\u00e3o de Secret\u00e1rio Geral da UFSM, lotada no Gabinete do Reitor, foi disponibilizada para a PROPLAN.<\/p><p>Deste modo, a estrutura da PROPLAN ficou constitu\u00edda de:<\/p><p style=\"padding-left: 60px;\"><span style=\"font-size: 10pt;\">Pr\u00f3-Reitor<\/span><br \/><span style=\"font-size: 10pt;\">Secret\u00e1rio Geral (Pr\u00f3-Reitor Substituto)<\/span><br \/><span style=\"font-size: 10pt;\">Secret\u00e1rio Administrativo<\/span><br \/><span style=\"font-size: 10pt;\">Coordenadoria de Planejamento Administrativo<\/span><br \/><span style=\"font-size: 10pt;\">Coordenadoria de Planejamento Informacional<\/span><br \/><span style=\"font-size: 10pt;\">Coordenadoria de Planejamento Econ\u00f4mico<\/span><br \/><span style=\"font-size: 10pt;\">Coordenadoria de Planejamento da Pesquisa Institucional<\/span><br \/><span style=\"font-size: 10pt;\">Coordenadoria de Planejamento F\u00edsico<\/span><\/p><p>Atualmente sua estrutura est\u00e1 composta por:<\/p><p style=\"padding-left: 60px;\"><span style=\"font-size: 10pt;\">Pr\u00f3-Reitor<\/span><br \/><span style=\"font-size: 10pt;\">Assistente<\/span><br \/><span style=\"font-size: 10pt;\">Secretaria de Apoio Administrativo<\/span><br \/><span style=\"font-size: 10pt;\">Coordenadoria de Planejamento Administrativo<\/span><br \/><span style=\"font-size: 10pt;\">Coordenadoria de Planejamento Econ\u00f4mico<\/span><br \/><span style=\"font-size: 10pt;\">Coordenadoria de Planejamento Informacional<\/span><br \/><span style=\"font-size: 10pt;\">Coordenadoria de Projetos e Conv\u00eanios<\/span><br \/><span style=\"font-size: 10pt;\">Coordenadoria de Planejamento e Avalia\u00e7\u00e3o Institucional<\/span><\/p><p>Com esta estrutura a PROPLAN coordena as atividades de planejamento, or\u00e7amento e moderniza\u00e7\u00e3o administrativa no \u00e2mbito da Universidade. Da mesma forma, emite parecer sobre conv\u00eanios, contratos, ajustes e acordos. Analisa informa\u00e7\u00f5es internas e externas \u00e0 Universidade, necess\u00e1rias \u00e0 avalia\u00e7\u00e3o do esfor\u00e7o educacional e \u00e0 tomada de decis\u00e3o.<\/p>\t\t\t\t\t\t<\/div>\n\t\t\t\t<\/div>\n\t\t\t\t\t<\/div>\n\t\t<\/div>\n\t\t\t\t\t<\/div>\n\t\t<\/section>\n\t\t\t\t<section class=\"elementor-section elementor-top-section elementor-element elementor-element-ef87b7a elementor-section-boxed elementor-section-height-default elementor-section-height-default\" data-id=\"ef87b7a\" data-element_type=\"section\">\n\t\t\t\t\t\t<div class=\"elementor-container elementor-column-gap-default\">\n\t\t\t\t\t<div class=\"elementor-column elementor-col-100 elementor-top-column elementor-element elementor-element-2802744\" data-id=\"2802744\" data-element_type=\"column\">\n\t\t\t<div class=\"elementor-widget-wrap elementor-element-populated\">\n\t\t\t\t\t\t<div class=\"elementor-element elementor-element-d904261 elementor-align-center elementor-widget elementor-widget-button\" data-id=\"d904261\" data-element_type=\"widget\" data-widget_type=\"button.default\">\n\t\t\t\t<div class=\"elementor-widget-container\">\n\t\t\t\t\t\t\t<div class=\"elementor-button-wrapper\">\n\t\t\t\t\t<a class=\"elementor-button elementor-button-link elementor-size-sm\" href=\"https:\/\/www.ufsm.br\/pro-reitorias\/proplan\/historico\/cronologia-dos-mandatos-de-pro-reitores-de-planejamento-da-ufsm\/\">\n\t\t\t\t\t\t<span class=\"elementor-button-content-wrapper\">\n\t\t\t\t\t\t\t\t\t<span class=\"elementor-button-text\">Cronologia dos mandatos de Pr\u00f3-Reitores <\/span>\n\t\t\t\t\t<\/span>\n\t\t\t\t\t<\/a>\n\t\t\t\t<\/div>\n\t\t\t\t\t\t<\/div>\n\t\t\t\t<\/div>\n\t\t\t\t\t<\/div>\n\t\t<\/div>\n\t\t\t\t\t<\/div>\n\t\t<\/section>\n\t\t\t\t<\/div>\n\t\t","protected":false},"excerpt":{"rendered":"<p>A Pr\u00f3-Reitoria de Planejamento (PROPLAN) teve origem da Assessoria de Planejamento \u2013 ASSEPLAN da Reitoria, diretamente vinculada ao Gabinete do Reitor, foi institu\u00edda conforme Regimento da UFSM, de 1972, aprovado pelo Parecer n. 014\/72, de 11\/01\/1972. Nesta \u00e9poca, o Departamento de Assuntos Universit\u00e1rios (DAU) do Minist\u00e9rio da Educa\u00e7\u00e3o e Cultura, consciente dos problemas que afligiam [&hellip;]<\/p>\n","protected":false},"author":119,"featured_media":0,"parent":0,"menu_order":0,"comment_status":"closed","ping_status":"closed","template":"","meta":{"footnotes":""},"categories":[],"tags":[],"class_list":["post-1360","page","type-page","status-publish","hentry"],"acf":[],"_links":{"self":[{"href":"https:\/\/www.ufsm.br\/pro-reitorias\/proplan\/wp-json\/wp\/v2\/pages\/1360","targetHints":{"allow":["GET"]}}],"collection":[{"href":"https:\/\/www.ufsm.br\/pro-reitorias\/proplan\/wp-json\/wp\/v2\/pages"}],"about":[{"href":"https:\/\/www.ufsm.br\/pro-reitorias\/proplan\/wp-json\/wp\/v2\/types\/page"}],"author":[{"embeddable":true,"href":"https:\/\/www.ufsm.br\/pro-reitorias\/proplan\/wp-json\/wp\/v2\/users\/119"}],"replies":[{"embeddable":true,"href":"https:\/\/www.ufsm.br\/pro-reitorias\/proplan\/wp-json\/wp\/v2\/comments?post=1360"}],"version-history":[{"count":0,"href":"https:\/\/www.ufsm.br\/pro-reitorias\/proplan\/wp-json\/wp\/v2\/pages\/1360\/revisions"}],"wp:attachment":[{"href":"https:\/\/www.ufsm.br\/pro-reitorias\/proplan\/wp-json\/wp\/v2\/media?parent=1360"}],"wp:term":[{"taxonomy":"category","embeddable":true,"href":"https:\/\/www.ufsm.br\/pro-reitorias\/proplan\/wp-json\/wp\/v2\/categories?post=1360"},{"taxonomy":"post_tag","embeddable":true,"href":"https:\/\/www.ufsm.br\/pro-reitorias\/proplan\/wp-json\/wp\/v2\/tags?post=1360"}],"curies":[{"name":"wp","href":"https:\/\/api.w.org\/{rel}","templated":true}]}}

Histórico

<div data-elementor-type="wp-post" data-elementor-id="1360" class="elementor elementor-1360">
						<section class="elementor-section elementor-top-section elementor-element elementor-element-043bfd1 elementor-section-boxed elementor-section-height-default elementor-section-height-default" data-id="043bfd1" data-element_type="section">
						<div class="elementor-container elementor-column-gap-default">
					<div class="elementor-column elementor-col-100 elementor-top-column elementor-element elementor-element-288a49a" data-id="288a49a" data-element_type="column">
			<div class="elementor-widget-wrap elementor-element-populated">
						<div class="elementor-element elementor-element-f41a3fd elementor-widget elementor-widget-text-editor" data-id="f41a3fd" data-element_type="widget" data-widget_type="text-editor.default">
				<div class="elementor-widget-container">
							<p>A Pró-Reitoria de Planejamento (PROPLAN) teve origem da Assessoria de Planejamento – ASSEPLAN da Reitoria, diretamente vinculada ao Gabinete do Reitor, foi instituída conforme Regimento da UFSM, de 1972, aprovado pelo Parecer n. 014/72, de 11/01/1972.</p><p>Nesta época, o Departamento de Assuntos Universitários (DAU) do Ministério da Educação e Cultura, consciente dos problemas que afligiam o Sistema de Ensino Superior e da situação em que se encontravam as suas instituições, procurou em outubro de 1975, construir e oferecer às IES brasileiras um modelo conceitual de órgão de planejamento que integrasse operacionalmente, à sua estrutura administrativa.</p><p>Por intermédio do Programa Nacional de Planejamento Universitário – CODEMOR (Coordenação de Modernização de Reforma Administrativa)/DAU, foi criado o Projeto n. 007/75 – Programa Nacional de Implantação de Modelos de Órgãos de Planejamento. Este projeto objetivava a estruturação e implantação de modelos de órgãos de planejamento universitários.</p><p>Inicialmente implementado por quatro IES, posteriormente, o projeto foi estendido a mais outras sete IES, pela necessidade de uma composição tipológica mais diversificada, e para aproveitamento da disposição de engajamento de algumas instituições.</p><p>Na UFSM, a ASSEPLAN elaborou o Projeto n. 045/77, propondo a transformação dessa assessoria em Pró-Reitoria de Planejamento, de acordo com a filosofia proposta pelo Programa Nacional de Planejamento Universitário da CODEMOR/DAU. A proposta foi aprovada na Sessão n. 240, do Conselho Universitário, de 29 de junho de 1978, e também foi analisada e recomendada pelo Diretor do DAU/MEC. A reestruturação da Assessoria de Planejamento em Pró-Reitoria de Planejamento foi implementada por meio da Resolução n. 15/78 da UFSM, de 29 de junho de 1978.</p><p>Na oportunidade o Sistema de Planejamento era constituído dos seguintes subsistemas estruturados em Coordenadorias:</p><p style="padding-left: 60px;"><span style="font-size: 10pt;">Subsistema de Planejamento Global</span><br /><span style="font-size: 10pt;">Subsistema de Planejamento de Pesquisa Institucional</span><br /><span style="font-size: 10pt;">Subsistema de Planejamento Informacional</span><br /><span style="font-size: 10pt;">Subsistema de Planejamento Administrativo</span><br /><span style="font-size: 10pt;">Subsistema de Planejamento Econômico-Financeiro</span><br /><span style="font-size: 10pt;">Subsistema de Planejamento Físico</span><br /><span style="font-size: 10pt;">Subsistema de Planejamento Comunitário</span><br /><span style="font-size: 10pt;">Subsistema de Planejamento Acadêmico e</span><br /><span style="font-size: 10pt;">Assistente.</span></p><p>Convém salientar que o Subsistema de Planejamento Global, não chegou a ser implementado, embora previsto na composição inicial.</p><p>Nesta época a PROPLAN como órgão de assessoramento, destacou-se pela elaboração de projetos e prestação de serviços técnicos para diversos órgãos da universidade.</p><p>Na década de 80, foram transferidas informalmente as Coordenadorias de Planejamento Comunitário e de Planejamento Acadêmico, respectivamente, para a Pró-Reitoria de Assuntos Estudantis e a Pró-Reitoria de Graduação, sendo que a função de Secretário Geral da UFSM, lotada no Gabinete do Reitor, foi disponibilizada para a PROPLAN.</p><p>Deste modo, a estrutura da PROPLAN ficou constituída de:</p><p style="padding-left: 60px;"><span style="font-size: 10pt;">Pró-Reitor</span><br /><span style="font-size: 10pt;">Secretário Geral (Pró-Reitor Substituto)</span><br /><span style="font-size: 10pt;">Secretário Administrativo</span><br /><span style="font-size: 10pt;">Coordenadoria de Planejamento Administrativo</span><br /><span style="font-size: 10pt;">Coordenadoria de Planejamento Informacional</span><br /><span style="font-size: 10pt;">Coordenadoria de Planejamento Econômico</span><br /><span style="font-size: 10pt;">Coordenadoria de Planejamento da Pesquisa Institucional</span><br /><span style="font-size: 10pt;">Coordenadoria de Planejamento Físico</span></p><p>Atualmente sua estrutura está composta por:</p><p style="padding-left: 60px;"><span style="font-size: 10pt;">Pró-Reitor</span><br /><span style="font-size: 10pt;">Assistente</span><br /><span style="font-size: 10pt;">Secretaria de Apoio Administrativo</span><br /><span style="font-size: 10pt;">Coordenadoria de Planejamento Administrativo</span><br /><span style="font-size: 10pt;">Coordenadoria de Planejamento Econômico</span><br /><span style="font-size: 10pt;">Coordenadoria de Planejamento Informacional</span><br /><span style="font-size: 10pt;">Coordenadoria de Projetos e Convênios</span><br /><span style="font-size: 10pt;">Coordenadoria de Planejamento e Avaliação Institucional</span></p><p>Com esta estrutura a PROPLAN coordena as atividades de planejamento, orçamento e modernização administrativa no âmbito da Universidade. Da mesma forma, emite parecer sobre convênios, contratos, ajustes e acordos. Analisa informações internas e externas à Universidade, necessárias à avaliação do esforço educacional e à tomada de decisão.</p>						</div>
				</div>
					</div>
		</div>
					</div>
		</section>
				<section class="elementor-section elementor-top-section elementor-element elementor-element-ef87b7a elementor-section-boxed elementor-section-height-default elementor-section-height-default" data-id="ef87b7a" data-element_type="section">
						<div class="elementor-container elementor-column-gap-default">
					<div class="elementor-column elementor-col-100 elementor-top-column elementor-element elementor-element-2802744" data-id="2802744" data-element_type="column">
			<div class="elementor-widget-wrap elementor-element-populated">
						<div class="elementor-element elementor-element-d904261 elementor-align-center elementor-widget elementor-widget-button" data-id="d904261" data-element_type="widget" data-widget_type="button.default">
				<div class="elementor-widget-container">
							<div class="elementor-button-wrapper">
					<a class="elementor-button elementor-button-link elementor-size-sm" href="https://www.ufsm.br/pro-reitorias/proplan/historico/cronologia-dos-mandatos-de-pro-reitores-de-planejamento-da-ufsm/">
						<span class="elementor-button-content-wrapper">
									<span class="elementor-button-text">Cronologia dos mandatos de Pró-Reitores </span>
					</span>
					</a>
				</div>
						</div>
				</div>
					</div>
		</div>
					</div>
		</section>
				</div>

<p>A Pró-Reitoria de Planejamento (PROPLAN) teve origem da Assessoria de Planejamento – ASSEPLAN da Reitoria, diretamente vinculada ao Gabinete do Reitor, foi instituída conforme Regimento da UFSM, de 1972, aprovado pelo Parecer n. 014/72, de 11/01/1972. Nesta época, o Departamento de Assuntos Universitários (DAU) do Ministério da Educação e Cultura, consciente dos problemas que afligiam [&hellip;]</p>
