{"id":1941,"date":"2019-02-20T09:12:27","date_gmt":"2019-02-20T12:12:27","guid":{"rendered":"https:\/\/www.ufsm.br\/pro-reitorias\/proplan\/?page_id=1941"},"modified":"2024-09-06T11:11:02","modified_gmt":"2024-09-06T14:11:02","slug":"atos-administrativo-na-universidade-federal-de-santa-maria","status":"publish","type":"page","link":"https:\/\/www.ufsm.br\/pro-reitorias\/proplan\/atos-administrativo-na-universidade-federal-de-santa-maria","title":{"rendered":"Atos Administrativo na Universidade Federal de Santa Maria"},"content":{"rendered":"\t\t<div data-elementor-type=\"wp-post\" data-elementor-id=\"1941\" class=\"elementor elementor-1941\">\n\t\t\t\t\t\t<section class=\"elementor-section elementor-top-section elementor-element elementor-element-20a7f6ef elementor-section-boxed elementor-section-height-default elementor-section-height-default\" data-id=\"20a7f6ef\" data-element_type=\"section\">\n\t\t\t\t\t\t<div class=\"elementor-container elementor-column-gap-default\">\n\t\t\t\t\t<div class=\"elementor-column elementor-col-100 elementor-top-column elementor-element elementor-element-68eb7dbb\" data-id=\"68eb7dbb\" data-element_type=\"column\">\n\t\t\t<div class=\"elementor-widget-wrap elementor-element-populated\">\n\t\t\t\t\t\t<div class=\"elementor-element elementor-element-3c84a176 elementor-widget elementor-widget-text-editor\" data-id=\"3c84a176\" data-element_type=\"widget\" data-widget_type=\"text-editor.default\">\n\t\t\t\t<div class=\"elementor-widget-container\">\n\t\t\t\t\t\t\t<p><!-- wp:tadv\/classic-paragraph --><\/p>\n<p>Os documentos apresentados nesta p\u00e1gina foram desenvolvidos pela Coordenadoria de Planejamento Administrativo como um instrumento de gest\u00e3o administrativa com o intuito de oportunizar a divulga\u00e7\u00e3o e a padroniza\u00e7\u00e3o dos Atos Administrativos na Universidade Federal de Santa Maria (UFSM).<\/p>\n<p>Para tanto, este documento aborda as informa\u00e7\u00f5es consideradas mais relevantes sobre a Administra\u00e7\u00e3o P\u00fablica, expondo conceitos sobre gestor p\u00fablico, princ\u00edpios e poderes administrativos, servi\u00e7os p\u00fablicos, atos administrativos, bem como, no\u00e7\u00f5es a respeito de processo administrativo.<\/p>\n<p>&nbsp;<\/p>\n<p><!-- \/wp:tadv\/classic-paragraph --><\/p>\t\t\t\t\t\t<\/div>\n\t\t\t\t<\/div>\n\t\t\t\t\t<\/div>\n\t\t<\/div>\n\t\t\t\t\t<\/div>\n\t\t<\/section>\n\t\t\t\t<section class=\"elementor-section elementor-top-section elementor-element elementor-element-fbfb162 elementor-section-boxed elementor-section-height-default elementor-section-height-default\" data-id=\"fbfb162\" data-element_type=\"section\">\n\t\t\t\t\t\t<div class=\"elementor-container elementor-column-gap-default\">\n\t\t\t\t\t<div class=\"elementor-column elementor-col-33 elementor-top-column elementor-element elementor-element-4d3b5ed\" data-id=\"4d3b5ed\" data-element_type=\"column\">\n\t\t\t<div class=\"elementor-widget-wrap elementor-element-populated\">\n\t\t\t\t\t\t<div class=\"elementor-element elementor-element-9bd5d9b elementor-widget elementor-widget-image\" data-id=\"9bd5d9b\" data-element_type=\"widget\" data-widget_type=\"image.default\">\n\t\t\t\t<div class=\"elementor-widget-container\">\n\t\t\t\t\t\t\t\t\t\t\t\t\t\t<a href=\"https:\/\/www.ufsm.br\/app\/uploads\/sites\/344\/2024\/09\/Guia-para-elaboracao-de-Atos-Normativos.-v1-4.pdf\" target=\"_blank\">\n\t\t\t\t\t\t\t<img fetchpriority=\"high\" decoding=\"async\" width=\"212\" height=\"300\" src=\"https:\/\/www.ufsm.br\/app\/uploads\/sites\/344\/2024\/09\/banner_guia_site-2-212x300.jpg\" class=\"elementor-animation-grow attachment-medium size-medium wp-image-6070\" alt=\"\" srcset=\"https:\/\/www.ufsm.br\/app\/uploads\/sites\/344\/2024\/09\/banner_guia_site-2-212x300.jpg 212w, https:\/\/www.ufsm.br\/app\/uploads\/sites\/344\/2024\/09\/banner_guia_site-2-724x1024.jpg 724w, https:\/\/www.ufsm.br\/app\/uploads\/sites\/344\/2024\/09\/banner_guia_site-2-768x1086.jpg 768w, https:\/\/www.ufsm.br\/app\/uploads\/sites\/344\/2024\/09\/banner_guia_site-2.jpg 794w\" sizes=\"(max-width: 212px) 100vw, 212px\" \/>\t\t\t\t\t\t\t\t<\/a>\n\t\t\t\t\t\t\t\t\t\t\t\t\t<\/div>\n\t\t\t\t<\/div>\n\t\t\t\t<div class=\"elementor-element elementor-element-d5307f0 elementor-widget elementor-widget-heading\" data-id=\"d5307f0\" data-element_type=\"widget\" data-widget_type=\"heading.default\">\n\t\t\t\t<div class=\"elementor-widget-container\">\n\t\t\t<div class=\"elementor-heading-title elementor-size-default\">GUIA PARA ELABORA\u00c7\u00c3O DE ATOS NORMATIVOS (2024)<\/div>\t\t<\/div>\n\t\t\t\t<\/div>\n\t\t\t\t\t<\/div>\n\t\t<\/div>\n\t\t\t\t<div class=\"elementor-column elementor-col-33 elementor-top-column elementor-element elementor-element-3834859\" data-id=\"3834859\" data-element_type=\"column\">\n\t\t\t<div class=\"elementor-widget-wrap elementor-element-populated\">\n\t\t\t\t\t\t<div class=\"elementor-element elementor-element-4949d8f elementor-widget elementor-widget-image\" data-id=\"4949d8f\" data-element_type=\"widget\" data-widget_type=\"image.default\">\n\t\t\t\t<div class=\"elementor-widget-container\">\n\t\t\t\t\t\t\t\t\t\t\t\t\t\t<a href=\"https:\/\/www.ufsm.br\/app\/uploads\/sites\/344\/2019\/05\/Atos-Administrativos-na-UFSM-Vers\u00e3o-Final-1.pdf\" target=\"_blank\">\n\t\t\t\t\t\t\t<img decoding=\"async\" width=\"211\" height=\"300\" src=\"https:\/\/www.ufsm.br\/app\/uploads\/sites\/344\/2024\/08\/Manual-de-Atos-Administrativos-211x300.jpg\" class=\"elementor-animation-grow attachment-medium size-medium wp-image-6021\" alt=\"\" srcset=\"https:\/\/www.ufsm.br\/app\/uploads\/sites\/344\/2024\/08\/Manual-de-Atos-Administrativos-211x300.jpg 211w, https:\/\/www.ufsm.br\/app\/uploads\/sites\/344\/2024\/08\/Manual-de-Atos-Administrativos.jpg 444w\" sizes=\"(max-width: 211px) 100vw, 211px\" \/>\t\t\t\t\t\t\t\t<\/a>\n\t\t\t\t\t\t\t\t\t\t\t\t\t<\/div>\n\t\t\t\t<\/div>\n\t\t\t\t<div class=\"elementor-element elementor-element-ac699a0 elementor-widget elementor-widget-heading\" data-id=\"ac699a0\" data-element_type=\"widget\" data-widget_type=\"heading.default\">\n\t\t\t\t<div class=\"elementor-widget-container\">\n\t\t\t<div class=\"elementor-heading-title elementor-size-default\">MANUAL DE ATOS ADMINISTRATIVOS (2019)<\/div>\t\t<\/div>\n\t\t\t\t<\/div>\n\t\t\t\t\t<\/div>\n\t\t<\/div>\n\t\t\t\t<div class=\"elementor-column elementor-col-33 elementor-top-column elementor-element elementor-element-1ae5090\" data-id=\"1ae5090\" data-element_type=\"column\">\n\t\t\t<div class=\"elementor-widget-wrap elementor-element-populated\">\n\t\t\t\t\t\t<div class=\"elementor-element elementor-element-aa3f65b elementor-widget elementor-widget-image\" data-id=\"aa3f65b\" data-element_type=\"widget\" data-widget_type=\"image.default\">\n\t\t\t\t<div class=\"elementor-widget-container\">\n\t\t\t\t\t\t\t\t\t\t\t\t\t\t<a href=\"https:\/\/www.ufsm.br\/app\/uploads\/sites\/344\/2018\/11\/Normas-Tecnicas_atualizado.pdf\" target=\"_blank\">\n\t\t\t\t\t\t\t<img decoding=\"async\" width=\"211\" height=\"300\" src=\"https:\/\/www.ufsm.br\/app\/uploads\/sites\/344\/2024\/08\/Normas-Tecnicas-de-Redacao-Oficial-211x300.jpg\" class=\"elementor-animation-grow attachment-medium size-medium wp-image-6022\" alt=\"\" srcset=\"https:\/\/www.ufsm.br\/app\/uploads\/sites\/344\/2024\/08\/Normas-Tecnicas-de-Redacao-Oficial-211x300.jpg 211w, https:\/\/www.ufsm.br\/app\/uploads\/sites\/344\/2024\/08\/Normas-Tecnicas-de-Redacao-Oficial.jpg 559w\" sizes=\"(max-width: 211px) 100vw, 211px\" \/>\t\t\t\t\t\t\t\t<\/a>\n\t\t\t\t\t\t\t\t\t\t\t\t\t<\/div>\n\t\t\t\t<\/div>\n\t\t\t\t<div class=\"elementor-element elementor-element-6f2d382 elementor-widget elementor-widget-heading\" data-id=\"6f2d382\" data-element_type=\"widget\" data-widget_type=\"heading.default\">\n\t\t\t\t<div class=\"elementor-widget-container\">\n\t\t\t<span class=\"elementor-heading-title elementor-size-default\">NORMAS T\u00c9CNICAS (2018)<\/span>\t\t<\/div>\n\t\t\t\t<\/div>\n\t\t\t\t\t<\/div>\n\t\t<\/div>\n\t\t\t\t\t<\/div>\n\t\t<\/section>\n\t\t\t\t<\/div>\n\t\t","protected":false},"excerpt":{"rendered":"<p>Os documentos apresentados nesta p\u00e1gina foram desenvolvidos pela Coordenadoria de Planejamento Administrativo como um instrumento de gest\u00e3o administrativa com o intuito de oportunizar a divulga\u00e7\u00e3o e a padroniza\u00e7\u00e3o dos Atos Administrativos na Universidade Federal de Santa Maria (UFSM). Para tanto, este documento aborda as informa\u00e7\u00f5es consideradas mais relevantes sobre a Administra\u00e7\u00e3o P\u00fablica, expondo conceitos sobre [&hellip;]<\/p>\n","protected":false},"author":206,"featured_media":0,"parent":0,"menu_order":0,"comment_status":"closed","ping_status":"closed","template":"","meta":{"footnotes":""},"categories":[],"tags":[],"class_list":["post-1941","page","type-page","status-publish","hentry"],"acf":[],"_links":{"self":[{"href":"https:\/\/www.ufsm.br\/pro-reitorias\/proplan\/wp-json\/wp\/v2\/pages\/1941","targetHints":{"allow":["GET"]}}],"collection":[{"href":"https:\/\/www.ufsm.br\/pro-reitorias\/proplan\/wp-json\/wp\/v2\/pages"}],"about":[{"href":"https:\/\/www.ufsm.br\/pro-reitorias\/proplan\/wp-json\/wp\/v2\/types\/page"}],"author":[{"embeddable":true,"href":"https:\/\/www.ufsm.br\/pro-reitorias\/proplan\/wp-json\/wp\/v2\/users\/206"}],"replies":[{"embeddable":true,"href":"https:\/\/www.ufsm.br\/pro-reitorias\/proplan\/wp-json\/wp\/v2\/comments?post=1941"}],"version-history":[{"count":0,"href":"https:\/\/www.ufsm.br\/pro-reitorias\/proplan\/wp-json\/wp\/v2\/pages\/1941\/revisions"}],"wp:attachment":[{"href":"https:\/\/www.ufsm.br\/pro-reitorias\/proplan\/wp-json\/wp\/v2\/media?parent=1941"}],"wp:term":[{"taxonomy":"category","embeddable":true,"href":"https:\/\/www.ufsm.br\/pro-reitorias\/proplan\/wp-json\/wp\/v2\/categories?post=1941"},{"taxonomy":"post_tag","embeddable":true,"href":"https:\/\/www.ufsm.br\/pro-reitorias\/proplan\/wp-json\/wp\/v2\/tags?post=1941"}],"curies":[{"name":"wp","href":"https:\/\/api.w.org\/{rel}","templated":true}]}}