{"id":2357,"date":"2019-08-13T16:23:01","date_gmt":"2019-08-13T19:23:01","guid":{"rendered":"https:\/\/www.ufsm.br\/pro-reitorias\/proplan\/?page_id=2357"},"modified":"2025-06-06T08:21:09","modified_gmt":"2025-06-06T11:21:09","slug":"orcamento-ufsm","status":"publish","type":"page","link":"https:\/\/www.ufsm.br\/pro-reitorias\/proplan\/orcamento-ufsm","title":{"rendered":"Or\u00e7amento UFSM"},"content":{"rendered":"\t\t<div data-elementor-type=\"wp-post\" data-elementor-id=\"2357\" class=\"elementor elementor-2357\">\n\t\t\t\t\t\t<section class=\"elementor-section elementor-top-section elementor-element elementor-element-8a6a3ca elementor-section-boxed elementor-section-height-default elementor-section-height-default\" data-id=\"8a6a3ca\" data-element_type=\"section\">\n\t\t\t\t\t\t<div class=\"elementor-container elementor-column-gap-default\">\n\t\t\t\t\t<div class=\"elementor-column elementor-col-100 elementor-top-column elementor-element elementor-element-90da57c\" data-id=\"90da57c\" data-element_type=\"column\">\n\t\t\t<div class=\"elementor-widget-wrap elementor-element-populated\">\n\t\t\t\t\t\t<div class=\"elementor-element elementor-element-89eb605 elementor-widget elementor-widget-toggle\" data-id=\"89eb605\" data-element_type=\"widget\" data-widget_type=\"toggle.default\">\n\t\t\t\t<div class=\"elementor-widget-container\">\n\t\t\t\t\t<div class=\"elementor-toggle\">\n\t\t\t\t\t\t\t<div class=\"elementor-toggle-item\">\n\t\t\t\t\t<div id=\"elementor-tab-title-1441\" class=\"elementor-tab-title\" data-tab=\"1\" role=\"button\" aria-controls=\"elementor-tab-content-1441\" aria-expanded=\"false\">\n\t\t\t\t\t\t\t\t\t\t\t\t<span class=\"elementor-toggle-icon elementor-toggle-icon-left\" aria-hidden=\"true\">\n\t\t\t\t\t\t\t\t\t\t\t\t\t\t\t<span class=\"elementor-toggle-icon-closed\"><i class=\"fas fa-caret-right\"><\/i><\/span>\n\t\t\t\t\t\t\t\t<span class=\"elementor-toggle-icon-opened\"><i class=\"elementor-toggle-icon-opened fas fa-caret-up\"><\/i><\/span>\n\t\t\t\t\t\t\t\t\t\t\t\t\t<\/span>\n\t\t\t\t\t\t\t\t\t\t\t\t<a class=\"elementor-toggle-title\" tabindex=\"0\">Evolu\u00e7\u00e3o dos Recursos<\/a>\n\t\t\t\t\t<\/div>\n\n\t\t\t\t\t<div id=\"elementor-tab-content-1441\" class=\"elementor-tab-content elementor-clearfix\" data-tab=\"1\" role=\"region\" aria-labelledby=\"elementor-tab-title-1441\"><\/div>\n\t\t\t\t<\/div>\n\t\t\t\t\t\t\t<div class=\"elementor-toggle-item\">\n\t\t\t\t\t<div id=\"elementor-tab-title-1442\" class=\"elementor-tab-title\" data-tab=\"2\" role=\"button\" aria-controls=\"elementor-tab-content-1442\" aria-expanded=\"false\">\n\t\t\t\t\t\t\t\t\t\t\t\t<span class=\"elementor-toggle-icon elementor-toggle-icon-left\" aria-hidden=\"true\">\n\t\t\t\t\t\t\t\t\t\t\t\t\t\t\t<span class=\"elementor-toggle-icon-closed\"><i class=\"fas fa-caret-right\"><\/i><\/span>\n\t\t\t\t\t\t\t\t<span class=\"elementor-toggle-icon-opened\"><i class=\"elementor-toggle-icon-opened fas fa-caret-up\"><\/i><\/span>\n\t\t\t\t\t\t\t\t\t\t\t\t\t<\/span>\n\t\t\t\t\t\t\t\t\t\t\t\t<a class=\"elementor-toggle-title\" tabindex=\"0\">An\u00e1lise dos Encargos<\/a>\n\t\t\t\t\t<\/div>\n\n\t\t\t\t\t<div id=\"elementor-tab-content-1442\" class=\"elementor-tab-content elementor-clearfix\" data-tab=\"2\" role=\"region\" aria-labelledby=\"elementor-tab-title-1442\"><\/div>\n\t\t\t\t<\/div>\n\t\t\t\t\t\t\t<div class=\"elementor-toggle-item\">\n\t\t\t\t\t<div id=\"elementor-tab-title-1443\" class=\"elementor-tab-title\" data-tab=\"3\" role=\"button\" aria-controls=\"elementor-tab-content-1443\" aria-expanded=\"false\">\n\t\t\t\t\t\t\t\t\t\t\t\t<span class=\"elementor-toggle-icon elementor-toggle-icon-left\" aria-hidden=\"true\">\n\t\t\t\t\t\t\t\t\t\t\t\t\t\t\t<span class=\"elementor-toggle-icon-closed\"><i class=\"fas fa-caret-right\"><\/i><\/span>\n\t\t\t\t\t\t\t\t<span class=\"elementor-toggle-icon-opened\"><i class=\"elementor-toggle-icon-opened fas fa-caret-up\"><\/i><\/span>\n\t\t\t\t\t\t\t\t\t\t\t\t\t<\/span>\n\t\t\t\t\t\t\t\t\t\t\t\t<a class=\"elementor-toggle-title\" tabindex=\"0\">Moderniza\u00e7\u00e3o Administrativa<\/a>\n\t\t\t\t\t<\/div>\n\n\t\t\t\t\t<div id=\"elementor-tab-content-1443\" class=\"elementor-tab-content elementor-clearfix\" data-tab=\"3\" role=\"region\" aria-labelledby=\"elementor-tab-title-1443\"><p>Planejamento, Processos, Projetos, <em>Business Intelligence &amp; Analytics<\/em>, Comunica\u00e7\u00e3o Integrada, Transforma\u00e7\u00e3o Digital.<\/p><table style=\"height: 276px;width: 100%;border-collapse: collapse;border-style: none\"><tbody><tr style=\"height: 137px\"><td style=\"width: 50%;height: 137px;border-style: none\"><img decoding=\"async\" class=\"alignnone wp-image-2365 aligncenter\" src=\"https:\/\/www.ufsm.br\/pro-reitorias\/proplan\/wp-content\/uploads\/sites\/344\/2019\/08\/UFSM-digital.jpg\" alt=\"\" width=\"130\" height=\"131\" srcset=\"https:\/\/www.ufsm.br\/app\/uploads\/sites\/344\/2019\/08\/UFSM-digital.jpg 252w, https:\/\/www.ufsm.br\/app\/uploads\/sites\/344\/2019\/08\/UFSM-digital-150x150.jpg 150w\" sizes=\"(max-width: 130px) 100vw, 130px\" \/><\/td><td style=\"width: 50%;height: 137px;border-style: none\"><img fetchpriority=\"high\" decoding=\"async\" class=\"wp-image-1707 aligncenter\" src=\"https:\/\/www.ufsm.br\/pro-reitorias\/proplan\/wp-content\/uploads\/sites\/344\/2018\/10\/G-RISCOS.png\" alt=\"\" width=\"465\" height=\"128\" srcset=\"https:\/\/www.ufsm.br\/app\/uploads\/sites\/344\/2018\/10\/G-RISCOS.png 633w, https:\/\/www.ufsm.br\/app\/uploads\/sites\/344\/2018\/10\/G-RISCOS-300x82.png 300w\" sizes=\"(max-width: 465px) 100vw, 465px\" \/><\/td><\/tr><tr style=\"height: 115px\"><td style=\"width: 50%;height: 115px;border-style: none\"><a href=\"https:\/\/www.ufsm.br\/pro-reitorias\/proplan\/projeto-de-modernizacao-administrativa-da-reitoria-da-ufsm\/\"><img decoding=\"async\" class=\"wp-image-1700 aligncenter\" src=\"https:\/\/www.ufsm.br\/pro-reitorias\/proplan\/wp-content\/uploads\/sites\/344\/2018\/10\/gprocessos.jpg\" alt=\"\" width=\"349\" height=\"127\" srcset=\"https:\/\/www.ufsm.br\/app\/uploads\/sites\/344\/2018\/10\/gprocessos.jpg 520w, https:\/\/www.ufsm.br\/app\/uploads\/sites\/344\/2018\/10\/gprocessos-300x109.jpg 300w\" sizes=\"(max-width: 349px) 100vw, 349px\" \/><\/a><\/td><td style=\"width: 50%;height: 115px;border-style: none\"><img loading=\"lazy\" decoding=\"async\" class=\"wp-image-1699 aligncenter\" src=\"https:\/\/www.ufsm.br\/pro-reitorias\/proplan\/wp-content\/uploads\/sites\/344\/2018\/10\/gcompetencias.jpg\" alt=\"\" width=\"315\" height=\"107\" srcset=\"https:\/\/www.ufsm.br\/app\/uploads\/sites\/344\/2018\/10\/gcompetencias.jpg 521w, https:\/\/www.ufsm.br\/app\/uploads\/sites\/344\/2018\/10\/gcompetencias-300x102.jpg 300w\" sizes=\"(max-width: 315px) 100vw, 315px\" \/><\/td><\/tr><tr style=\"height: 24px\"><td style=\"width: 50%;height: 24px;border-style: none\"><p><img loading=\"lazy\" decoding=\"async\" class=\"wp-image-2364 aligncenter\" src=\"https:\/\/www.ufsm.br\/pro-reitorias\/proplan\/wp-content\/uploads\/sites\/344\/2019\/08\/WhatsApp-Image-2019-08-14-at-10.43.25.jpeg\" alt=\"\" width=\"260\" height=\"120\" srcset=\"https:\/\/www.ufsm.br\/app\/uploads\/sites\/344\/2019\/08\/WhatsApp-Image-2019-08-14-at-10.43.25.jpeg 629w, https:\/\/www.ufsm.br\/app\/uploads\/sites\/344\/2019\/08\/WhatsApp-Image-2019-08-14-at-10.43.25-300x138.jpeg 300w\" sizes=\"(max-width: 260px) 100vw, 260px\" \/><\/p><\/td><td style=\"width: 50%;height: 24px;border-style: none\"><img loading=\"lazy\" decoding=\"async\" class=\"wp-image-1698 aligncenter\" src=\"https:\/\/www.ufsm.br\/pro-reitorias\/proplan\/wp-content\/uploads\/sites\/344\/2018\/10\/garquivistica.png\" alt=\"\" width=\"257\" height=\"97\" srcset=\"https:\/\/www.ufsm.br\/app\/uploads\/sites\/344\/2018\/10\/garquivistica.png 572w, https:\/\/www.ufsm.br\/app\/uploads\/sites\/344\/2018\/10\/garquivistica-300x113.png 300w\" sizes=\"(max-width: 257px) 100vw, 257px\" \/><\/td><\/tr><\/tbody><\/table><\/div>\n\t\t\t\t<\/div>\n\t\t\t\t\t\t\t<div class=\"elementor-toggle-item\">\n\t\t\t\t\t<div id=\"elementor-tab-title-1444\" class=\"elementor-tab-title\" data-tab=\"4\" role=\"button\" aria-controls=\"elementor-tab-content-1444\" aria-expanded=\"false\">\n\t\t\t\t\t\t\t\t\t\t\t\t<span class=\"elementor-toggle-icon elementor-toggle-icon-left\" aria-hidden=\"true\">\n\t\t\t\t\t\t\t\t\t\t\t\t\t\t\t<span class=\"elementor-toggle-icon-closed\"><i class=\"fas fa-caret-right\"><\/i><\/span>\n\t\t\t\t\t\t\t\t<span class=\"elementor-toggle-icon-opened\"><i class=\"elementor-toggle-icon-opened fas fa-caret-up\"><\/i><\/span>\n\t\t\t\t\t\t\t\t\t\t\t\t\t<\/span>\n\t\t\t\t\t\t\t\t\t\t\t\t<a class=\"elementor-toggle-title\" tabindex=\"0\">Empreendedorismo, Inova\u00e7\u00e3o, Transfer\u00eancia de Tecnologia e Capta\u00e7\u00e3o de Recursos<\/a>\n\t\t\t\t\t<\/div>\n\n\t\t\t\t\t<div id=\"elementor-tab-content-1444\" class=\"elementor-tab-content elementor-clearfix\" data-tab=\"4\" role=\"region\" aria-labelledby=\"elementor-tab-title-1444\"><p><img loading=\"lazy\" decoding=\"async\" class=\"alignnone size-full wp-image-2361\" src=\"https:\/\/www.ufsm.br\/pro-reitorias\/proplan\/wp-content\/uploads\/sites\/344\/2019\/08\/agittec-1.jpg\" alt=\"\" width=\"1280\" height=\"83\" srcset=\"https:\/\/www.ufsm.br\/app\/uploads\/sites\/344\/2019\/08\/agittec-1.jpg 1280w, https:\/\/www.ufsm.br\/app\/uploads\/sites\/344\/2019\/08\/agittec-300x19.jpg 300w, https:\/\/www.ufsm.br\/app\/uploads\/sites\/344\/2019\/08\/agittec-768x50.jpg 768w, https:\/\/www.ufsm.br\/app\/uploads\/sites\/344\/2019\/08\/agittec-1024x66.jpg 1024w\" sizes=\"(max-width: 1280px) 100vw, 1280px\" \/><\/p><p><strong>Empresas Parceiras<\/strong><\/p><p><img loading=\"lazy\" decoding=\"async\" class=\"wp-image-2359 aligncenter\" src=\"https:\/\/www.ufsm.br\/pro-reitorias\/proplan\/wp-content\/uploads\/sites\/344\/2019\/08\/Empresas-Parceiras.jpg\" alt=\"\" width=\"793\" height=\"387\" srcset=\"https:\/\/www.ufsm.br\/app\/uploads\/sites\/344\/2019\/08\/Empresas-Parceiras.jpg 793w, https:\/\/www.ufsm.br\/app\/uploads\/sites\/344\/2019\/08\/Empresas-Parceiras-300x146.jpg 300w, https:\/\/www.ufsm.br\/app\/uploads\/sites\/344\/2019\/08\/Empresas-Parceiras-768x375.jpg 768w\" sizes=\"(max-width: 793px) 100vw, 793px\" \/><\/p><p><strong>Transfer\u00eancia de Tecnologia<\/strong><\/p><p><img loading=\"lazy\" decoding=\"async\" class=\"wp-image-2363 aligncenter\" src=\"https:\/\/www.ufsm.br\/pro-reitorias\/proplan\/wp-content\/uploads\/sites\/344\/2019\/08\/Transfer\u00eancia-de-Tecnologia-1.jpg\" alt=\"\" width=\"1037\" height=\"298\" srcset=\"https:\/\/www.ufsm.br\/app\/uploads\/sites\/344\/2019\/08\/Transfer\u00eancia-de-Tecnologia-1.jpg 1037w, https:\/\/www.ufsm.br\/app\/uploads\/sites\/344\/2019\/08\/Transfer\u00eancia-de-Tecnologia-300x86.jpg 300w, https:\/\/www.ufsm.br\/app\/uploads\/sites\/344\/2019\/08\/Transfer\u00eancia-de-Tecnologia-768x221.jpg 768w, https:\/\/www.ufsm.br\/app\/uploads\/sites\/344\/2019\/08\/Transfer\u00eancia-de-Tecnologia-1024x294.jpg 1024w\" sizes=\"(max-width: 1037px) 100vw, 1037px\" \/><\/p><p><strong>Empresas Incubadas<\/strong><\/p><p><img loading=\"lazy\" decoding=\"async\" class=\"wp-image-2362 aligncenter\" src=\"https:\/\/www.ufsm.br\/pro-reitorias\/proplan\/wp-content\/uploads\/sites\/344\/2019\/08\/incubadas.jpg\" alt=\"\" width=\"730\" height=\"584\" srcset=\"https:\/\/www.ufsm.br\/app\/uploads\/sites\/344\/2019\/08\/incubadas.jpg 730w, https:\/\/www.ufsm.br\/app\/uploads\/sites\/344\/2019\/08\/incubadas-300x240.jpg 300w\" sizes=\"(max-width: 730px) 100vw, 730px\" \/><\/p><\/div>\n\t\t\t\t<\/div>\n\t\t\t\t\t\t\t<div class=\"elementor-toggle-item\">\n\t\t\t\t\t<div id=\"elementor-tab-title-1445\" class=\"elementor-tab-title\" data-tab=\"5\" role=\"button\" aria-controls=\"elementor-tab-content-1445\" aria-expanded=\"false\">\n\t\t\t\t\t\t\t\t\t\t\t\t<span class=\"elementor-toggle-icon elementor-toggle-icon-left\" aria-hidden=\"true\">\n\t\t\t\t\t\t\t\t\t\t\t\t\t\t\t<span class=\"elementor-toggle-icon-closed\"><i class=\"fas fa-caret-right\"><\/i><\/span>\n\t\t\t\t\t\t\t\t<span class=\"elementor-toggle-icon-opened\"><i class=\"elementor-toggle-icon-opened fas fa-caret-up\"><\/i><\/span>\n\t\t\t\t\t\t\t\t\t\t\t\t\t<\/span>\n\t\t\t\t\t\t\t\t\t\t\t\t<a class=\"elementor-toggle-title\" tabindex=\"0\">Receita em Projetos<\/a>\n\t\t\t\t\t<\/div>\n\n\t\t\t\t\t<div id=\"elementor-tab-content-1445\" class=\"elementor-tab-content elementor-clearfix\" data-tab=\"5\" role=\"region\" aria-labelledby=\"elementor-tab-title-1445\"><\/div>\n\t\t\t\t<\/div>\n\t\t\t\t\t\t\t\t<\/div>\n\t\t\t\t<\/div>\n\t\t\t\t<\/div>\n\t\t\t\t\t<\/div>\n\t\t<\/div>\n\t\t\t\t\t<\/div>\n\t\t<\/section>\n\t\t\t\t<section class=\"elementor-section elementor-top-section elementor-element elementor-element-2db107d elementor-section-boxed elementor-section-height-default elementor-section-height-default\" data-id=\"2db107d\" data-element_type=\"section\">\n\t\t\t\t\t\t<div class=\"elementor-container elementor-column-gap-default\">\n\t\t\t\t\t<div class=\"elementor-column elementor-col-100 elementor-top-column elementor-element elementor-element-30f7013\" data-id=\"30f7013\" data-element_type=\"column\">\n\t\t\t<div class=\"elementor-widget-wrap\">\n\t\t\t\t\t\t\t<\/div>\n\t\t<\/div>\n\t\t\t\t\t<\/div>\n\t\t<\/section>\n\t\t\t\t<\/div>\n\t\t","protected":false},"excerpt":{"rendered":"<p>Evolu\u00e7\u00e3o dos Recursos An\u00e1lise dos Encargos Moderniza\u00e7\u00e3o Administrativa Planejamento, Processos, Projetos, Business Intelligence &amp; Analytics, Comunica\u00e7\u00e3o Integrada, Transforma\u00e7\u00e3o Digital. Empreendedorismo, Inova\u00e7\u00e3o, Transfer\u00eancia de Tecnologia e Capta\u00e7\u00e3o de Recursos Empresas Parceiras Transfer\u00eancia de Tecnologia Empresas Incubadas Receita em Projetos<\/p>\n","protected":false},"author":497,"featured_media":0,"parent":0,"menu_order":0,"comment_status":"closed","ping_status":"closed","template":"","meta":{"footnotes":""},"categories":[],"tags":[],"class_list":["post-2357","page","type-page","status-publish","hentry"],"acf":[],"_links":{"self":[{"href":"https:\/\/www.ufsm.br\/pro-reitorias\/proplan\/wp-json\/wp\/v2\/pages\/2357","targetHints":{"allow":["GET"]}}],"collection":[{"href":"https:\/\/www.ufsm.br\/pro-reitorias\/proplan\/wp-json\/wp\/v2\/pages"}],"about":[{"href":"https:\/\/www.ufsm.br\/pro-reitorias\/proplan\/wp-json\/wp\/v2\/types\/page"}],"author":[{"embeddable":true,"href":"https:\/\/www.ufsm.br\/pro-reitorias\/proplan\/wp-json\/wp\/v2\/users\/497"}],"replies":[{"embeddable":true,"href":"https:\/\/www.ufsm.br\/pro-reitorias\/proplan\/wp-json\/wp\/v2\/comments?post=2357"}],"version-history":[{"count":0,"href":"https:\/\/www.ufsm.br\/pro-reitorias\/proplan\/wp-json\/wp\/v2\/pages\/2357\/revisions"}],"wp:attachment":[{"href":"https:\/\/www.ufsm.br\/pro-reitorias\/proplan\/wp-json\/wp\/v2\/media?parent=2357"}],"wp:term":[{"taxonomy":"category","embeddable":true,"href":"https:\/\/www.ufsm.br\/pro-reitorias\/proplan\/wp-json\/wp\/v2\/categories?post=2357"},{"taxonomy":"post_tag","embeddable":true,"href":"https:\/\/www.ufsm.br\/pro-reitorias\/proplan\/wp-json\/wp\/v2\/tags?post=2357"}],"curies":[{"name":"wp","href":"https:\/\/api.w.org\/{rel}","templated":true}]}}